{"id":21269,"date":"2025-07-22T19:19:00","date_gmt":"2025-07-22T17:19:00","guid":{"rendered":"https:\/\/uj.adatbank.ro\/lexikon\/termek\/szabo-mihaly-6\/"},"modified":"2025-07-22T19:19:00","modified_gmt":"2025-07-22T17:19:00","slug":"szabo-mihaly-6","status":"publish","type":"product","link":"https:\/\/uj.adatbank.ro\/lexikon\/termek\/szabo-mihaly-6\/","title":{"rendered":"SZAB\u00d3 Mih\u00e1ly"},"content":{"rendered":"<p>1924. szept. 24., \u2020\u00a0Szov\u00e1ta, 1999. szept. 22.: tan\u00edt\u00f3-tan\u00e1r. \u2013 Szov\u00e1t\u00e1n m. nyelv \u00e9s irodalmat tan\u00edtott. Szavalt, irodalmi esteket szervezett \u00e9s sz\u00edndarabokat rendezett \u00e9s j\u00e1tszott a darabokban. Szov\u00e1t\u00e1n, a S\u00f3vid\u00e9ken, Fels\u0151 Ny\u00e1r\u00e1dment\u00e9n \u00e9s a K\u00fck\u00fcll\u0151ment\u00e9n szerepeltek. \u2013 <strong>F. r.:<\/strong> A botcsin\u00e1lta doktor, Pillang\u00f3, Ludas Matyi, Feh\u00e9r Anna, \u00dari muri, Bubor\u00e9kok, Ingyen\u00e9l\u0151k, Az elveszett lev\u00e9l, Z\u0171rzavaros \u00e9jszaka, Fecskesz\u00e1rny\u00fa szem\u00f6ld\u00f6k, A revizor, b\u0171v\u00f6s sz\u00e9k, Svejk. <br \/><strong>Irod.:<\/strong> Szab\u00f3 Mih\u00e1ly: Az utols\u00f3 Svejk&#8230; (N\u00fa., 1999. szept. 23.).<\/br><\/p>\n","protected":false},"excerpt":{"rendered":"<p>1924. szept. 24., \u2020\u00a0Szov\u00e1ta, 1999. szept. 22.: tan\u00edt\u00f3-tan\u00e1r. \u2013 Szov\u00e1t\u00e1n m. nyelv \u00e9s irodalmat tan\u00edtott. Szavalt, irodalmi esteket szervezett \u00e9s sz\u00edndarabokat rendezett \u00e9s j\u00e1tszott a darabokban. Szov\u00e1t\u00e1n, a S\u00f3vid\u00e9ken, Fels\u0151 Ny\u00e1r\u00e1dment\u00e9n \u00e9s a K\u00fck\u00fcll\u0151ment\u00e9n szerepeltek. \u2013 F. r.: A botcsin\u00e1lta doktor, Pillang\u00f3, Ludas Matyi, Feh\u00e9r Anna, \u00dari muri, Bubor\u00e9kok, Ingyen\u00e9l\u0151k, Az elveszett lev\u00e9l, Z\u0171rzavaros \u00e9jszaka, [&hellip;]<\/p>\n","protected":false},"featured_media":0,"comment_status":"open","ping_status":"closed","template":"","meta":[],"product_brand":[],"product_cat":[137],"product_tag":[],"class_list":{"0":"post-21269","1":"product","2":"type-product","3":"status-publish","5":"product_cat-maros-megyei-eletrajzi-lexikon","7":"first","8":"instock","9":"shipping-taxable","10":"product-type-simple"},"_links":{"self":[{"href":"https:\/\/uj.adatbank.ro\/lexikon\/wp-json\/wp\/v2\/product\/21269","targetHints":{"allow":["GET"]}}],"collection":[{"href":"https:\/\/uj.adatbank.ro\/lexikon\/wp-json\/wp\/v2\/product"}],"about":[{"href":"https:\/\/uj.adatbank.ro\/lexikon\/wp-json\/wp\/v2\/types\/product"}],"replies":[{"embeddable":true,"href":"https:\/\/uj.adatbank.ro\/lexikon\/wp-json\/wp\/v2\/comments?post=21269"}],"wp:attachment":[{"href":"https:\/\/uj.adatbank.ro\/lexikon\/wp-json\/wp\/v2\/media?parent=21269"}],"wp:term":[{"taxonomy":"product_brand","embeddable":true,"href":"https:\/\/uj.adatbank.ro\/lexikon\/wp-json\/wp\/v2\/product_brand?post=21269"},{"taxonomy":"product_cat","embeddable":true,"href":"https:\/\/uj.adatbank.ro\/lexikon\/wp-json\/wp\/v2\/product_cat?post=21269"},{"taxonomy":"product_tag","embeddable":true,"href":"https:\/\/uj.adatbank.ro\/lexikon\/wp-json\/wp\/v2\/product_tag?post=21269"}],"curies":[{"name":"wp","href":"https:\/\/api.w.org\/{rel}","templated":true}]}}

SZABÓ Mihály

<p>1924. szept. 24., † Szováta, 1999. szept. 22.: tanító-tanár. – Szovátán m. nyelv és irodalmat tanított. Szavalt, irodalmi esteket szervezett és színdarabokat rendezett és játszott a darabokban. Szovátán, a Sóvidéken, Felső Nyárádmentén és a Küküllőmentén szerepeltek. – <strong>F. r.:</strong> A botcsinálta doktor, Pillangó, Ludas Matyi, Fehér Anna, Úri muri, Buborékok, Ingyenélők, Az elveszett levél, Zűrzavaros éjszaka, Fecskeszárnyú szemöldök, A revizor, bűvös szék, Svejk. <br /><strong>Irod.:</strong> Szabó Mihály: Az utolsó Svejk&#8230; (Nú., 1999. szept. 23.).</br></p>

<p>1924. szept. 24., † Szováta, 1999. szept. 22.: tanító-tanár. – Szovátán m. nyelv és irodalmat tanított. Szavalt, irodalmi esteket szervezett és színdarabokat rendezett és játszott a darabokban. Szovátán, a Sóvidéken, Felső Nyárádmentén és a Küküllőmentén szerepeltek. – F. r.: A botcsinálta doktor, Pillangó, Ludas Matyi, Fehér Anna, Úri muri, Buborékok, Ingyenélők, Az elveszett levél, Zűrzavaros éjszaka, [&hellip;]</p>
