{"id":2127,"date":"2025-06-28T12:04:37","date_gmt":"2025-06-28T10:04:37","guid":{"rendered":"https:\/\/uj.adatbank.ro\/lexikon\/termek\/banc-iosif-bank-jozsef\/"},"modified":"2025-06-28T12:04:37","modified_gmt":"2025-06-28T10:04:37","slug":"banc-iosif-bank-jozsef","status":"publish","type":"product","link":"https:\/\/uj.adatbank.ro\/lexikon\/termek\/banc-iosif-bank-jozsef\/","title":{"rendered":"BANC Iosif, B\u00e1nk J\u00f3zsef"},"content":{"rendered":"<p>Magyar\u00f3, 1921. m\u00e1rc. 3., \u2020 Magyar\u00f3, 2007. jan. 26.: politikus. \u2013 M. csal\u00e1dban n\u0151tt fel, egy Sz\u00e1szr\u00e9gen melletti faluban. Erd\u0151munk\u00e1s volt, bel\u00e9pett az RKP (1947\u2013). \u00d6szt\u00f6nd\u00edjas a Szovjet\u00fani\u00f3ban (1949). A KB instruktora (1950\u201353). A p\u00e1rtk\u00f6zpontban a RKP KB p\u00f3ttagja (1955. dec. 28. \u201360), tagja (1960. j\u00fan. 25. \u2013 1989. nov. 24.), p\u00f3ttagja (1965. j\u00fal. 24. \u2013 1979. nov. 23.) \u00e9s tagja a RKP KB VB-nak (1979. nov. 23. \u2013 1989. nov. 24.), valamint a RKP KB-nak titk\u00e1ra (1972\u201373, 1979. nov. 23. \u2013 1987. m\u00e1rc. 26.). Hossz\u00fa miniszteri p\u00e1ly\u00e1t futott be (1989-ig). Vezet\u0151i tiszts\u00e9get t\u00f6lt\u00f6tt be a RKP Megyei Bizotts\u00e1g\u00e1nak els\u0151titk\u00e1ra Nagyv\u00e1radon (1956\u201358), a MAT, Szatm\u00e1r, Cri\u015fana \u00e9s Buz\u0103u k\u00e9pvisel\u0151je (1957. febr. 3. \u2013 1989. dec. 22.), majd a MAT p\u00e1rtbizotts\u00e1g\u00e1ban, felv\u00e1ltotta Csupor Lajost az MAT ill. a MMAT RMP els\u0151 titk\u00e1ri sz\u00e9k\u00e9ben (1961. aug. 28. \u2013 1965. aug.), az els\u0151 rom\u00e1n politikus volt itt, aki a k\u00e9tnyelv\u0171 appar\u00e1tus \u00e9l\u00e9n \u00e1llt, de merev egynyelv\u0171s\u00e9get vezetett be. A korm\u00e1ny, teh\u00e1t a minisztertan\u00e1cs els\u0151 helyettes minisztereln\u00f6ke (1965. aug. 21. \u2013 1972. \u00e1pr. 20.). F\u00f6ldm\u0171vel\u00e9s\u00fcgyi, \u00e9lelmez\u00e9si, erd\u00e9szeti \u00e9s v\u00edz\u00fcgyi miniszter (1971. jan. 25. \u2013 1972. jan. 24.). Maros megye RKP els\u0151 titk\u00e1ra, a Maros megyei N\u00e9ptan\u00e1cs VB-nak eln\u00f6ke (1972. \u00e1pr. 21. \u2013 1975. m\u00e1rc. 21.). A Gazdas\u00e1gi \u00e9s Szoci\u00e1lis Tev\u00e9kenys\u00e9get Ellen\u0151rz\u0151 K\u00f6zponti Tan\u00e1cs eln\u00f6ke (1975. m\u00e1rc. 21. \u2013 1981. szept. 18.). \u2013 <strong>F. m.:<\/strong> Organizarea \u015fi controlul indeplinirii hot\u0103r\u00eerilor \u2013 atribut principal al muncii de conducere. Preocuparea organelor de partid pentru cre\u015fterea eficien\u0163ei controlului \u015fi aplicarea neab\u0103tut\u0103 a hot\u0103r\u00eerilor de partid \u015fi de stat (Buc., 1981). <br \/><strong>Irod.:<\/strong> Aranykorszak; Auton\u00f3m magyarok; Bartos 2012; Bottoni 2008; Cri\u015fan; Gagyi J\u00f3zsef. \u201eP\u00e1rtos\u00edtott\u201d \u00e9rtelmis\u00e9g (L\u00e1t\u00f3, 1. sz. 2006); Gagyi J\u00f3zsef: Sz\u00e9kely prolet\u00e1rok \u00e9s burzso\u00e1 terminol\u00f3gia: \u201eSz\u00e9kely\u201d p\u00e1rtelit az \u00f6tvenes \u00e9vekben (Sz\u00e9kelyf\u00f6ld, 8. sz., 2005. aug.); Hencz Hilda: Magyar Buk. a kommunizmus alatt (Sz\u00e9kelyf\u00f6ld, 7. sz., 2015. j\u00fal.); Id\u0151t\u00e1r 4.; Ki kicsoda ? (Bp., 1975); Mv. T\u00f6rt. 2; [Necrolog] (C. L., 30. ian. 2007); Radiografia puterii: Elite politice din Rom\u00e2nia \u00een anii 1945\u20131989 \/ Simion Silviu \u015eomicu (Craiova, 2003)<\/br><\/p>\n","protected":false},"excerpt":{"rendered":"<p>Magyar\u00f3, 1921. m\u00e1rc. 3., \u2020 Magyar\u00f3, 2007. jan. 26.: politikus. \u2013 M. csal\u00e1dban n\u0151tt fel, egy Sz\u00e1szr\u00e9gen melletti faluban. Erd\u0151munk\u00e1s volt, bel\u00e9pett az RKP (1947\u2013). \u00d6szt\u00f6nd\u00edjas a Szovjet\u00fani\u00f3ban (1949). A KB instruktora (1950\u201353). A p\u00e1rtk\u00f6zpontban a RKP KB p\u00f3ttagja (1955. dec. 28. \u201360), tagja (1960. j\u00fan. 25. \u2013 1989. nov. 24.), p\u00f3ttagja (1965. j\u00fal. 24. [&hellip;]<\/p>\n","protected":false},"featured_media":0,"comment_status":"open","ping_status":"closed","template":"","meta":[],"product_brand":[],"product_cat":[137],"product_tag":[],"class_list":{"0":"post-2127","1":"product","2":"type-product","3":"status-publish","5":"product_cat-maros-megyei-eletrajzi-lexikon","7":"first","8":"instock","9":"shipping-taxable","10":"product-type-simple"},"_links":{"self":[{"href":"https:\/\/uj.adatbank.ro\/lexikon\/wp-json\/wp\/v2\/product\/2127","targetHints":{"allow":["GET"]}}],"collection":[{"href":"https:\/\/uj.adatbank.ro\/lexikon\/wp-json\/wp\/v2\/product"}],"about":[{"href":"https:\/\/uj.adatbank.ro\/lexikon\/wp-json\/wp\/v2\/types\/product"}],"replies":[{"embeddable":true,"href":"https:\/\/uj.adatbank.ro\/lexikon\/wp-json\/wp\/v2\/comments?post=2127"}],"wp:attachment":[{"href":"https:\/\/uj.adatbank.ro\/lexikon\/wp-json\/wp\/v2\/media?parent=2127"}],"wp:term":[{"taxonomy":"product_brand","embeddable":true,"href":"https:\/\/uj.adatbank.ro\/lexikon\/wp-json\/wp\/v2\/product_brand?post=2127"},{"taxonomy":"product_cat","embeddable":true,"href":"https:\/\/uj.adatbank.ro\/lexikon\/wp-json\/wp\/v2\/product_cat?post=2127"},{"taxonomy":"product_tag","embeddable":true,"href":"https:\/\/uj.adatbank.ro\/lexikon\/wp-json\/wp\/v2\/product_tag?post=2127"}],"curies":[{"name":"wp","href":"https:\/\/api.w.org\/{rel}","templated":true}]}}

BANC Iosif, Bánk József

<p>Magyaró, 1921. márc. 3., † Magyaró, 2007. jan. 26.: politikus. – M. családban nőtt fel, egy Szászrégen melletti faluban. Erdőmunkás volt, belépett az RKP (1947–). Ösztöndíjas a Szovjetúnióban (1949). A KB instruktora (1950–53). A pártközpontban a RKP KB póttagja (1955. dec. 28. –60), tagja (1960. jún. 25. – 1989. nov. 24.), póttagja (1965. júl. 24. – 1979. nov. 23.) és tagja a RKP KB VB-nak (1979. nov. 23. – 1989. nov. 24.), valamint a RKP KB-nak titkára (1972–73, 1979. nov. 23. – 1987. márc. 26.). Hosszú miniszteri pályát futott be (1989-ig). Vezetői tisztséget töltött be a RKP Megyei Bizottságának elsőtitkára Nagyváradon (1956–58), a MAT, Szatmár, Crişana és Buzău képviselője (1957. febr. 3. – 1989. dec. 22.), majd a MAT pártbizottságában, felváltotta Csupor Lajost az MAT ill. a MMAT RMP első titkári székében (1961. aug. 28. – 1965. aug.), az első román politikus volt itt, aki a kétnyelvű apparátus élén állt, de merev egynyelvűséget vezetett be. A kormány, tehát a minisztertanács első helyettes miniszterelnöke (1965. aug. 21. – 1972. ápr. 20.). Földművelésügyi, élelmezési, erdészeti és vízügyi miniszter (1971. jan. 25. – 1972. jan. 24.). Maros megye RKP első titkára, a Maros megyei Néptanács VB-nak elnöke (1972. ápr. 21. – 1975. márc. 21.). A Gazdasági és Szociális Tevékenységet Ellenőrző Központi Tanács elnöke (1975. márc. 21. – 1981. szept. 18.). – <strong>F. m.:</strong> Organizarea şi controlul indeplinirii hotărîrilor – atribut principal al muncii de conducere. Preocuparea organelor de partid pentru creşterea eficienţei controlului şi aplicarea neabătută a hotărîrilor de partid şi de stat (Buc., 1981). <br /><strong>Irod.:</strong> Aranykorszak; Autonóm magyarok; Bartos 2012; Bottoni 2008; Crişan; Gagyi József. „Pártosított” értelmiség (Látó, 1. sz. 2006); Gagyi József: Székely proletárok és burzsoá terminológia: „Székely” pártelit az ötvenes években (Székelyföld, 8. sz., 2005. aug.); Hencz Hilda: Magyar Buk. a kommunizmus alatt (Székelyföld, 7. sz., 2015. júl.); Időtár 4.; Ki kicsoda ? (Bp., 1975); Mv. Tört. 2; [Necrolog] (C. L., 30. ian. 2007); Radiografia puterii: Elite politice din România în anii 1945–1989 / Simion Silviu Şomicu (Craiova, 2003)</br></p>

<p>Magyaró, 1921. márc. 3., † Magyaró, 2007. jan. 26.: politikus. – M. családban nőtt fel, egy Szászrégen melletti faluban. Erdőmunkás volt, belépett az RKP (1947–). Ösztöndíjas a Szovjetúnióban (1949). A KB instruktora (1950–53). A pártközpontban a RKP KB póttagja (1955. dec. 28. –60), tagja (1960. jún. 25. – 1989. nov. 24.), póttagja (1965. júl. 24. [&hellip;]</p>
