{"id":21272,"date":"2025-07-22T19:19:06","date_gmt":"2025-07-22T17:19:06","guid":{"rendered":"https:\/\/uj.adatbank.ro\/lexikon\/termek\/szabo-mihaly-akosfalvi\/"},"modified":"2025-07-22T19:19:06","modified_gmt":"2025-07-22T17:19:06","slug":"szabo-mihaly-akosfalvi","status":"publish","type":"product","link":"https:\/\/uj.adatbank.ro\/lexikon\/termek\/szabo-mihaly-akosfalvi\/","title":{"rendered":"SZAB\u00d3 Mih\u00e1ly, \u00e1kosfalvi"},"content":{"rendered":"<p>? \u2020?: nemes. \u2013 Testv\u00e9rei: \u00e1kosfalvi Fe\u00f6ldesi Gy\u00f6rgy \u00e9s Istv\u00e1n. \u2013 I. R\u00e1k\u00f3czi Gy\u00f6rgy adom\u00e1nyozott nekik c\u00edmeres nemess\u00e9get \u00e9s h\u00e1zukra ad\u00f3mentess\u00e9get (1632. okt. 17.). <br \/><strong>Irod.:<\/strong> S\u00e1ndor Imre.<\/br><\/p>\n","protected":false},"excerpt":{"rendered":"<p>? \u2020?: nemes. \u2013 Testv\u00e9rei: \u00e1kosfalvi Fe\u00f6ldesi Gy\u00f6rgy \u00e9s Istv\u00e1n. \u2013 I. R\u00e1k\u00f3czi Gy\u00f6rgy adom\u00e1nyozott nekik c\u00edmeres nemess\u00e9get \u00e9s h\u00e1zukra ad\u00f3mentess\u00e9get (1632. okt. 17.). Irod.: S\u00e1ndor Imre.<\/p>\n","protected":false},"featured_media":0,"comment_status":"open","ping_status":"closed","template":"","meta":[],"product_brand":[],"product_cat":[137],"product_tag":[],"class_list":{"0":"post-21272","1":"product","2":"type-product","3":"status-publish","5":"product_cat-maros-megyei-eletrajzi-lexikon","7":"first","8":"instock","9":"shipping-taxable","10":"product-type-simple"},"_links":{"self":[{"href":"https:\/\/uj.adatbank.ro\/lexikon\/wp-json\/wp\/v2\/product\/21272","targetHints":{"allow":["GET"]}}],"collection":[{"href":"https:\/\/uj.adatbank.ro\/lexikon\/wp-json\/wp\/v2\/product"}],"about":[{"href":"https:\/\/uj.adatbank.ro\/lexikon\/wp-json\/wp\/v2\/types\/product"}],"replies":[{"embeddable":true,"href":"https:\/\/uj.adatbank.ro\/lexikon\/wp-json\/wp\/v2\/comments?post=21272"}],"wp:attachment":[{"href":"https:\/\/uj.adatbank.ro\/lexikon\/wp-json\/wp\/v2\/media?parent=21272"}],"wp:term":[{"taxonomy":"product_brand","embeddable":true,"href":"https:\/\/uj.adatbank.ro\/lexikon\/wp-json\/wp\/v2\/product_brand?post=21272"},{"taxonomy":"product_cat","embeddable":true,"href":"https:\/\/uj.adatbank.ro\/lexikon\/wp-json\/wp\/v2\/product_cat?post=21272"},{"taxonomy":"product_tag","embeddable":true,"href":"https:\/\/uj.adatbank.ro\/lexikon\/wp-json\/wp\/v2\/product_tag?post=21272"}],"curies":[{"name":"wp","href":"https:\/\/api.w.org\/{rel}","templated":true}]}}