{"id":21274,"date":"2025-07-22T19:19:09","date_gmt":"2025-07-22T17:19:09","guid":{"rendered":"https:\/\/uj.adatbank.ro\/lexikon\/termek\/szabo-mihaly-csikszentmartoni-2\/"},"modified":"2025-07-22T19:19:09","modified_gmt":"2025-07-22T17:19:09","slug":"szabo-mihaly-csikszentmartoni-2","status":"publish","type":"product","link":"https:\/\/uj.adatbank.ro\/lexikon\/termek\/szabo-mihaly-csikszentmartoni-2\/","title":{"rendered":"SZAB\u00d3 Mih\u00e1ly, cs\u00edkszentm\u00e1rtoni"},"content":{"rendered":"<p>1860.? \u2020\u00a0Mv., 1928. aug. 25.: kir. tan\u00e1csos, tanfel\u00fcgyel\u0151, \u00e1rvasz\u00e9ki jegyz\u0151. \u2013 Testv\u00e9rei: Sz. Gizella nyoszolyi Kozma J\u00e1nosn\u00e9; dr. Sz. Alajos, feles\u00e9ge Jakabfy Vilma. Feles\u00e9ge: sz\u0151kefalvi Szab\u00f3 Ottilia (1878? \u2013 Mv., 1935. \u00e1pr. 26.). \u2013 Kisk\u00fck\u00fcll\u0151 v\u00e1rmegye kir. tanfel\u00fcgyel\u0151je, kir. tan\u00e1csos. Az EMKE alap\u00edt\u00f3tagja, r\u00e9szt vett a kv.-i alap\u00edt\u00f3\u00fcl\u00e9sen (1885. \u00e1pr. 12), a dics\u0151szentm\u00e1rtoni megyei v\u00e1lasztm\u00e1ny els\u0151 jegyz\u0151je volt. \u2013 <strong>F. m.<\/strong>: Tan\u00edt\u00f3k, (tan\u00edt\u00f3n\u0151k, \u00f3v\u00f3n\u0151k) jogai \u00e9s k\u00f6teless\u00e9gei. 4. b\u0151v\u00edtett \u00e9s teljesen \u00e1tdolgozott kiad\u00e1s (Dics\u0151szentm\u00e1rtom, 1904). <br \/><strong>Irod.:<\/strong> F\u00fcl\u00f6p\u2013Ferencz; Gy\u00e1szjelent\u0151; S\u00e1ndor.<\/br><\/p>\n","protected":false},"excerpt":{"rendered":"<p>1860.? \u2020\u00a0Mv., 1928. aug. 25.: kir. tan\u00e1csos, tanfel\u00fcgyel\u0151, \u00e1rvasz\u00e9ki jegyz\u0151. \u2013 Testv\u00e9rei: Sz. Gizella nyoszolyi Kozma J\u00e1nosn\u00e9; dr. Sz. Alajos, feles\u00e9ge Jakabfy Vilma. Feles\u00e9ge: sz\u0151kefalvi Szab\u00f3 Ottilia (1878? \u2013 Mv., 1935. \u00e1pr. 26.). \u2013 Kisk\u00fck\u00fcll\u0151 v\u00e1rmegye kir. tanfel\u00fcgyel\u0151je, kir. tan\u00e1csos. Az EMKE alap\u00edt\u00f3tagja, r\u00e9szt vett a kv.-i alap\u00edt\u00f3\u00fcl\u00e9sen (1885. \u00e1pr. 12), a dics\u0151szentm\u00e1rtoni megyei v\u00e1lasztm\u00e1ny [&hellip;]<\/p>\n","protected":false},"featured_media":0,"comment_status":"open","ping_status":"closed","template":"","meta":[],"product_brand":[],"product_cat":[137],"product_tag":[],"class_list":{"0":"post-21274","1":"product","2":"type-product","3":"status-publish","5":"product_cat-maros-megyei-eletrajzi-lexikon","7":"first","8":"instock","9":"shipping-taxable","10":"product-type-simple"},"_links":{"self":[{"href":"https:\/\/uj.adatbank.ro\/lexikon\/wp-json\/wp\/v2\/product\/21274","targetHints":{"allow":["GET"]}}],"collection":[{"href":"https:\/\/uj.adatbank.ro\/lexikon\/wp-json\/wp\/v2\/product"}],"about":[{"href":"https:\/\/uj.adatbank.ro\/lexikon\/wp-json\/wp\/v2\/types\/product"}],"replies":[{"embeddable":true,"href":"https:\/\/uj.adatbank.ro\/lexikon\/wp-json\/wp\/v2\/comments?post=21274"}],"wp:attachment":[{"href":"https:\/\/uj.adatbank.ro\/lexikon\/wp-json\/wp\/v2\/media?parent=21274"}],"wp:term":[{"taxonomy":"product_brand","embeddable":true,"href":"https:\/\/uj.adatbank.ro\/lexikon\/wp-json\/wp\/v2\/product_brand?post=21274"},{"taxonomy":"product_cat","embeddable":true,"href":"https:\/\/uj.adatbank.ro\/lexikon\/wp-json\/wp\/v2\/product_cat?post=21274"},{"taxonomy":"product_tag","embeddable":true,"href":"https:\/\/uj.adatbank.ro\/lexikon\/wp-json\/wp\/v2\/product_tag?post=21274"}],"curies":[{"name":"wp","href":"https:\/\/api.w.org\/{rel}","templated":true}]}}

SZABÓ Mihály, csíkszentmártoni

<p>1860.? † Mv., 1928. aug. 25.: kir. tanácsos, tanfelügyelő, árvaszéki jegyző. – Testvérei: Sz. Gizella nyoszolyi Kozma Jánosné; dr. Sz. Alajos, felesége Jakabfy Vilma. Felesége: szőkefalvi Szabó Ottilia (1878? – Mv., 1935. ápr. 26.). – Kisküküllő vármegye kir. tanfelügyelője, kir. tanácsos. Az EMKE alapítótagja, részt vett a kv.-i alapítóülésen (1885. ápr. 12), a dicsőszentmártoni megyei választmány első jegyzője volt. – <strong>F. m.</strong>: Tanítók, (tanítónők, óvónők) jogai és kötelességei. 4. bővített és teljesen átdolgozott kiadás (Dicsőszentmártom, 1904). <br /><strong>Irod.:</strong> Fülöp–Ferencz; Gyászjelentő; Sándor.</br></p>

<p>1860.? † Mv., 1928. aug. 25.: kir. tanácsos, tanfelügyelő, árvaszéki jegyző. – Testvérei: Sz. Gizella nyoszolyi Kozma Jánosné; dr. Sz. Alajos, felesége Jakabfy Vilma. Felesége: szőkefalvi Szabó Ottilia (1878? – Mv., 1935. ápr. 26.). – Kisküküllő vármegye kir. tanfelügyelője, kir. tanácsos. Az EMKE alapítótagja, részt vett a kv.-i alapítóülésen (1885. ápr. 12), a dicsőszentmártoni megyei választmány [&hellip;]</p>
