{"id":21278,"date":"2025-07-22T19:19:17","date_gmt":"2025-07-22T17:19:17","guid":{"rendered":"https:\/\/uj.adatbank.ro\/lexikon\/termek\/szabo-miklos-4\/"},"modified":"2025-07-22T19:19:17","modified_gmt":"2025-07-22T17:19:17","slug":"szabo-miklos-4","status":"publish","type":"product","link":"https:\/\/uj.adatbank.ro\/lexikon\/termek\/szabo-miklos-4\/","title":{"rendered":"SZAB\u00d3 Mikl\u00f3s"},"content":{"rendered":"<p>S\u00e1romberke, 1853. dec. 12. \u2020?: tan\u00edt\u00f3. \u2013 Tanulm\u00e1nyait sz\u00fcl\u0151faluj\u00e1ban kezdte, majd Mv.-en folytatta, ezut\u00e1n a nagyenyedi tan\u00edt\u00f3k\u00e9pz\u0151be iratkozott, de \u00e9desapja hal\u00e1la miatt csak k\u00e9t oszt\u00e1lyt tudott ott elv\u00e9gezni. Radn\u00f3tf\u00e1j\u00e1n ref. tan\u00edt\u00f3 (1874\u2013), h\u00e1rom \u00e9v m\u00falva megszerezte a tan\u00edt\u00f3i k\u00e9pes\u00edt\u00e9st. Feles\u00e9ge So\u00f3s Lilla (1875\u2013) A r\u00e9geni tan\u00edt\u00f3k\u00f6r jegyz\u0151je (\u20131882), majd az \u00fajonnan alakult g\u00f6rg\u00e9nyi tan\u00edt\u00f3i k\u00f6r eln\u00f6ke lett. Ebben a min\u0151s\u00e9g\u00e9ben temetkez\u00e9si egyes\u00fcletet szervezett, \u00e9s p\u00e9nzt\u00e1rosa is a k\u00f6rnek, a g\u00f6rg\u00e9nyi ref. egyh\u00e1zmegy\u00e9n tan\u00edt\u00f3 k\u00e9pvisel\u0151je a ref. tan\u00edt\u00f3knak. Radn\u00f3tf\u00e1ja k\u00f6zs\u00e9g v\u00e1lasztott bizotts\u00e1gi tagja, hitelsz\u00f6vetkezeti k\u00f6nyvel\u0151. Szorgalm\u00e1\u00e9rt h\u00e1romszor kapott jutalmat a B\u00e1nffy alapb\u00f3l. Tank\u00f6nyvalapot szervezett szeg\u00e9ny n\u00f6vend\u00e9kek tank\u00f6nyveinek fedez\u00e9s\u00e9re, adom\u00e1nyokkal p\u00e1rtolta az \u00faj templom \u00e9s orgona \u00e9p\u00edt\u00e9s\u00e9t. <br \/><strong>Irod.:<\/strong> Eml\u00e9kk\u00f6nyv.<\/br><\/p>\n","protected":false},"excerpt":{"rendered":"<p>S\u00e1romberke, 1853. dec. 12. \u2020?: tan\u00edt\u00f3. \u2013 Tanulm\u00e1nyait sz\u00fcl\u0151faluj\u00e1ban kezdte, majd Mv.-en folytatta, ezut\u00e1n a nagyenyedi tan\u00edt\u00f3k\u00e9pz\u0151be iratkozott, de \u00e9desapja hal\u00e1la miatt csak k\u00e9t oszt\u00e1lyt tudott ott elv\u00e9gezni. Radn\u00f3tf\u00e1j\u00e1n ref. tan\u00edt\u00f3 (1874\u2013), h\u00e1rom \u00e9v m\u00falva megszerezte a tan\u00edt\u00f3i k\u00e9pes\u00edt\u00e9st. Feles\u00e9ge So\u00f3s Lilla (1875\u2013) A r\u00e9geni tan\u00edt\u00f3k\u00f6r jegyz\u0151je (\u20131882), majd az \u00fajonnan alakult g\u00f6rg\u00e9nyi tan\u00edt\u00f3i k\u00f6r [&hellip;]<\/p>\n","protected":false},"featured_media":0,"comment_status":"open","ping_status":"closed","template":"","meta":[],"product_brand":[],"product_cat":[137],"product_tag":[],"class_list":{"0":"post-21278","1":"product","2":"type-product","3":"status-publish","5":"product_cat-maros-megyei-eletrajzi-lexikon","7":"first","8":"instock","9":"shipping-taxable","10":"product-type-simple"},"_links":{"self":[{"href":"https:\/\/uj.adatbank.ro\/lexikon\/wp-json\/wp\/v2\/product\/21278","targetHints":{"allow":["GET"]}}],"collection":[{"href":"https:\/\/uj.adatbank.ro\/lexikon\/wp-json\/wp\/v2\/product"}],"about":[{"href":"https:\/\/uj.adatbank.ro\/lexikon\/wp-json\/wp\/v2\/types\/product"}],"replies":[{"embeddable":true,"href":"https:\/\/uj.adatbank.ro\/lexikon\/wp-json\/wp\/v2\/comments?post=21278"}],"wp:attachment":[{"href":"https:\/\/uj.adatbank.ro\/lexikon\/wp-json\/wp\/v2\/media?parent=21278"}],"wp:term":[{"taxonomy":"product_brand","embeddable":true,"href":"https:\/\/uj.adatbank.ro\/lexikon\/wp-json\/wp\/v2\/product_brand?post=21278"},{"taxonomy":"product_cat","embeddable":true,"href":"https:\/\/uj.adatbank.ro\/lexikon\/wp-json\/wp\/v2\/product_cat?post=21278"},{"taxonomy":"product_tag","embeddable":true,"href":"https:\/\/uj.adatbank.ro\/lexikon\/wp-json\/wp\/v2\/product_tag?post=21278"}],"curies":[{"name":"wp","href":"https:\/\/api.w.org\/{rel}","templated":true}]}}

SZABÓ Miklós

<p>Sáromberke, 1853. dec. 12. †?: tanító. – Tanulmányait szülőfalujában kezdte, majd Mv.-en folytatta, ezután a nagyenyedi tanítóképzőbe iratkozott, de édesapja halála miatt csak két osztályt tudott ott elvégezni. Radnótfáján ref. tanító (1874–), három év múlva megszerezte a tanítói képesítést. Felesége Soós Lilla (1875–) A régeni tanítókör jegyzője (–1882), majd az újonnan alakult görgényi tanítói kör elnöke lett. Ebben a minőségében temetkezési egyesületet szervezett, és pénztárosa is a körnek, a görgényi ref. egyházmegyén tanító képviselője a ref. tanítóknak. Radnótfája község választott bizottsági tagja, hitelszövetkezeti könyvelő. Szorgalmáért háromszor kapott jutalmat a Bánffy alapból. Tankönyvalapot szervezett szegény növendékek tankönyveinek fedezésére, adományokkal pártolta az új templom és orgona építését. <br /><strong>Irod.:</strong> Emlékkönyv.</br></p>

<p>Sáromberke, 1853. dec. 12. †?: tanító. – Tanulmányait szülőfalujában kezdte, majd Mv.-en folytatta, ezután a nagyenyedi tanítóképzőbe iratkozott, de édesapja halála miatt csak két osztályt tudott ott elvégezni. Radnótfáján ref. tanító (1874–), három év múlva megszerezte a tanítói képesítést. Felesége Soós Lilla (1875–) A régeni tanítókör jegyzője (–1882), majd az újonnan alakult görgényi tanítói kör [&hellip;]</p>
