{"id":21280,"date":"2025-07-22T19:19:21","date_gmt":"2025-07-22T17:19:21","guid":{"rendered":"https:\/\/uj.adatbank.ro\/lexikon\/termek\/szabo-miklos-6\/"},"modified":"2025-07-22T19:19:21","modified_gmt":"2025-07-22T17:19:21","slug":"szabo-miklos-6","status":"publish","type":"product","link":"https:\/\/uj.adatbank.ro\/lexikon\/termek\/szabo-miklos-6\/","title":{"rendered":"SZAB\u00d3 Mikl\u00f3s"},"content":{"rendered":"<p>S\u00e1romberke, 1932. nov. 13. \u2020?: t\u00f6rt\u00e9n\u00e9sz. \u2013 Akad\u00e9miai tudom\u00e1nyos kutat\u00f3 Mv.-en. A kv.-i Bolyai TE t\u00f6rt\u00e9nelem szak\u00e1n szerzett tan\u00e1ri oklevelet (1957). Kinevezt\u00e9k a Mv.-i \u00c1llami Lev\u00e9lt\u00e1rba. Mv.-en f\u0151iskolai el\u0151ad\u00f3 (1962\u201375).A Rom\u00e1n Tud. Akad. Mv.-i T\u00e1rsadalomtudom\u00e1nyi Kutat\u00f3int\u00e9zet\u00e9nek f\u0151kutat\u00f3ja (1975\u2013). Kutat\u00e1si t\u00e9m\u00e1i. Munk\u00e1smozgalom, helyt\u00f6rt\u00e9net, m\u0171vel\u0151d\u00e9st\u00f6rt\u00e9net. A t\u00f6rt\u00e9nelemtudom\u00e1nyok doktora (Kv., 1994). \u2013 <strong>F. m.<\/strong>: Arhiva sfatului popular al ora\u0219ului Tg.Mure\u0219 (sec. XV.-XIX) (Revista Arhivelor \/1960), Greva muncitorilor constructori din Tg.Mure\u0219 din aprilie \/ mai 1906 Erd\u00e9lyiek egyetemj\u00e1r\u00e1sa a korai \u00fajkorban, 1521\u20131700. (t\u00e1rssz. Tonk S\u00e1ndor; Szeged, 1992); R\u00e9gi \u00e9s \u00faj peregrin\u00e1ci\u00f3: Magyarok k\u00fclf\u00f6ld\u00f6n \u00e9s k\u00fclf\u00f6ldiek Magyarorsz\u00e1gon a III. nemzetk\u00f6zi Hungarol\u00f3giai Kongressuson, Szeged, 1991. aug. 12\u201316. elhangzott el\u0151ad\u00e1sok. (Szeged, 1993); S\u00e1romberke, 1319\u20131994 (t\u00e1rssz., Kv., 1994); B\u00faz\u00e1sbeseny\u0151 (t\u00e1rssz. P\u00e1l-Antal S\u00e1ndor, Mv., 1995); Egy forr\u00f3 ny\u00e1r Udvarhelysz\u00e9ken. (t\u00e1rssz.,Sz\u00e9kelyudvarhely, 1995); Eml\u00e9kk\u00f6nyv Jak\u00f3 Zsigmond sz\u00fclet\u00e9s\u00e9nek nyolcvanadik \u00e9vfordul\u00f3j\u00e1ra (Kv., 1996); Zeyk Domokos \u2013 a segesv\u00e1ri csata h\u0151si halottja (1816\u20131849); A Maros megyei magyars\u00e1g t\u00f6rt\u00e9net\u00e9b\u0151l: Tanulm\u00e1nyok\/ szerk.P\u00e1l-Antal S\u00e1ndor, Szab\u00f3 Mil\u00f3s (Mv., 1997); Erd\u00e9lyi peregrinusok: Erd\u00e9lyi di\u00e1kok eur\u00f3pai egyetemeken, 1701\u20131849 (t\u00e1rssz. Sz\u00f6gi L\u00e1szl\u00f3, Mv., 1998); Az Erd\u00e9lyi M\u00fazeum-Egyes\u00fclet B\u00f6lcselet-, Nyelv- \u00e9s T\u00f6rt\u00e9nettudom\u00e1nyi Szakoszt\u00e1lya \u00e9s a Cs\u00edki Sz\u00e9kely M\u00fazeum k\u00f6z\u00f6s rendez\u00e9s\u00e9ben tartott v\u00e1ndorgy\u0171l\u00e9s el\u0151ad\u00e1sgy\u0171jtem\u00e9nye, 1997. szept. 12 (Cs\u00edkszereda, 1999); Eml\u00e9kk\u00f6nyv Imreh Istv\u00e1n sz\u00fclet\u00e9s\u00e9nek nyolcvanadik \u00e9vfordul\u00f3j\u00e1ra (Kv., 1999); Magy. kutat\u00f3k; Mv. t\u00f6rt\u00e9net\u00e9b\u0151l (szerk. P\u00e1l-Antal S. \u00e9s Sz. M.; Mv., 1999); Mes\u00e9l a m\u00falt. Cs\u00edkjen\u0151falva 800 \u00e9ves t\u00f6rt\u00e9nete (Jakab S\u00e1muel, Sz.M.; Mv., 2001); A t\u00e9r \u00fatt\u00f6r\u0151je: Bolyai J\u00e1nos eml\u00e9k\u00e9v: Mv., 2002 (szerz\u0151k\u2026, Mv., 2003); M\u0171vel\u0151d\u00e9s \u00e9s gazd\u00e1lkod\u00e1s az \u00fajkori Erd\u00e9lyben: erd\u00e9lyi \u00e9rtelmis\u00e9g, v\u00e1rosfejl\u0151d\u00e9s \u00e9s paraszti gazd\u00e1lkod\u00e1s a XVI-XIX. sz\u00e1zadban (Mv., 2003); Erd\u00e9lyiek magyarorsz\u00e1gi egyetemeken 1848 el\u0151tt (Mv., 2005).<\/br><\/p>\n","protected":false},"excerpt":{"rendered":"<p>S\u00e1romberke, 1932. nov. 13. \u2020?: t\u00f6rt\u00e9n\u00e9sz. \u2013 Akad\u00e9miai tudom\u00e1nyos kutat\u00f3 Mv.-en. A kv.-i Bolyai TE t\u00f6rt\u00e9nelem szak\u00e1n szerzett tan\u00e1ri oklevelet (1957). Kinevezt\u00e9k a Mv.-i \u00c1llami Lev\u00e9lt\u00e1rba. Mv.-en f\u0151iskolai el\u0151ad\u00f3 (1962\u201375).A Rom\u00e1n Tud. Akad. Mv.-i T\u00e1rsadalomtudom\u00e1nyi Kutat\u00f3int\u00e9zet\u00e9nek f\u0151kutat\u00f3ja (1975\u2013). Kutat\u00e1si t\u00e9m\u00e1i. Munk\u00e1smozgalom, helyt\u00f6rt\u00e9net, m\u0171vel\u0151d\u00e9st\u00f6rt\u00e9net. A t\u00f6rt\u00e9nelemtudom\u00e1nyok doktora (Kv., 1994). \u2013 F. m.: Arhiva sfatului popular al [&hellip;]<\/p>\n","protected":false},"featured_media":0,"comment_status":"open","ping_status":"closed","template":"","meta":[],"product_brand":[],"product_cat":[137],"product_tag":[],"class_list":{"0":"post-21280","1":"product","2":"type-product","3":"status-publish","5":"product_cat-maros-megyei-eletrajzi-lexikon","7":"first","8":"instock","9":"shipping-taxable","10":"product-type-simple"},"_links":{"self":[{"href":"https:\/\/uj.adatbank.ro\/lexikon\/wp-json\/wp\/v2\/product\/21280","targetHints":{"allow":["GET"]}}],"collection":[{"href":"https:\/\/uj.adatbank.ro\/lexikon\/wp-json\/wp\/v2\/product"}],"about":[{"href":"https:\/\/uj.adatbank.ro\/lexikon\/wp-json\/wp\/v2\/types\/product"}],"replies":[{"embeddable":true,"href":"https:\/\/uj.adatbank.ro\/lexikon\/wp-json\/wp\/v2\/comments?post=21280"}],"wp:attachment":[{"href":"https:\/\/uj.adatbank.ro\/lexikon\/wp-json\/wp\/v2\/media?parent=21280"}],"wp:term":[{"taxonomy":"product_brand","embeddable":true,"href":"https:\/\/uj.adatbank.ro\/lexikon\/wp-json\/wp\/v2\/product_brand?post=21280"},{"taxonomy":"product_cat","embeddable":true,"href":"https:\/\/uj.adatbank.ro\/lexikon\/wp-json\/wp\/v2\/product_cat?post=21280"},{"taxonomy":"product_tag","embeddable":true,"href":"https:\/\/uj.adatbank.ro\/lexikon\/wp-json\/wp\/v2\/product_tag?post=21280"}],"curies":[{"name":"wp","href":"https:\/\/api.w.org\/{rel}","templated":true}]}}

SZABÓ Miklós

<p>Sáromberke, 1932. nov. 13. †?: történész. – Akadémiai tudományos kutató Mv.-en. A kv.-i Bolyai TE történelem szakán szerzett tanári oklevelet (1957). Kinevezték a Mv.-i Állami Levéltárba. Mv.-en főiskolai előadó (1962–75).A Román Tud. Akad. Mv.-i Társadalomtudományi Kutatóintézetének főkutatója (1975–). Kutatási témái. Munkásmozgalom, helytörténet, művelődéstörténet. A történelemtudományok doktora (Kv., 1994). – <strong>F. m.</strong>: Arhiva sfatului popular al orașului Tg.Mureș (sec. XV.-XIX) (Revista Arhivelor /1960), Greva muncitorilor constructori din Tg.Mureș din aprilie / mai 1906 Erdélyiek egyetemjárása a korai újkorban, 1521–1700. (társsz. Tonk Sándor; Szeged, 1992); Régi és új peregrináció: Magyarok külföldön és külföldiek Magyarországon a III. nemzetközi Hungarológiai Kongressuson, Szeged, 1991. aug. 12–16. elhangzott előadások. (Szeged, 1993); Sáromberke, 1319–1994 (társsz., Kv., 1994); Búzásbesenyő (társsz. Pál-Antal Sándor, Mv., 1995); Egy forró nyár Udvarhelyszéken. (társsz.,Székelyudvarhely, 1995); Emlékkönyv Jakó Zsigmond születésének nyolcvanadik évfordulójára (Kv., 1996); Zeyk Domokos – a segesvári csata hősi halottja (1816–1849); A Maros megyei magyarság történetéből: Tanulmányok/ szerk.Pál-Antal Sándor, Szabó Milós (Mv., 1997); Erdélyi peregrinusok: Erdélyi diákok európai egyetemeken, 1701–1849 (társsz. Szögi László, Mv., 1998); Az Erdélyi Múzeum-Egyesület Bölcselet-, Nyelv- és Történettudományi Szakosztálya és a Csíki Székely Múzeum közös rendezésében tartott vándorgyűlés előadásgyűjteménye, 1997. szept. 12 (Csíkszereda, 1999); Emlékkönyv Imreh István születésének nyolcvanadik évfordulójára (Kv., 1999); Magy. kutatók; Mv. történetéből (szerk. Pál-Antal S. és Sz. M.; Mv., 1999); Mesél a múlt. Csíkjenőfalva 800 éves története (Jakab Sámuel, Sz.M.; Mv., 2001); A tér úttörője: Bolyai János emlékév: Mv., 2002 (szerzők…, Mv., 2003); Művelődés és gazdálkodás az újkori Erdélyben: erdélyi értelmiség, városfejlődés és paraszti gazdálkodás a XVI-XIX. században (Mv., 2003); Erdélyiek magyarországi egyetemeken 1848 előtt (Mv., 2005).</br></p>

<p>Sáromberke, 1932. nov. 13. †?: történész. – Akadémiai tudományos kutató Mv.-en. A kv.-i Bolyai TE történelem szakán szerzett tanári oklevelet (1957). Kinevezték a Mv.-i Állami Levéltárba. Mv.-en főiskolai előadó (1962–75).A Román Tud. Akad. Mv.-i Társadalomtudományi Kutatóintézetének főkutatója (1975–). Kutatási témái. Munkásmozgalom, helytörténet, művelődéstörténet. A történelemtudományok doktora (Kv., 1994). – F. m.: Arhiva sfatului popular al [&hellip;]</p>
