{"id":21282,"date":"2025-07-22T19:19:26","date_gmt":"2025-07-22T17:19:26","guid":{"rendered":"https:\/\/uj.adatbank.ro\/lexikon\/termek\/szabo-miklos-kisgeszecsi\/"},"modified":"2025-07-22T19:19:26","modified_gmt":"2025-07-22T17:19:26","slug":"szabo-miklos-kisgeszecsi","status":"publish","type":"product","link":"https:\/\/uj.adatbank.ro\/lexikon\/termek\/szabo-miklos-kisgeszecsi\/","title":{"rendered":"SZAB\u00d3 Mikl\u00f3s, kisgesz\u00e9csi"},"content":{"rendered":"<p>Bp., 1884. nov. 21., \u2020 Mv.?: f\u00e9nyk\u00e9p\u00e9sz. \u2013 F\u00e9nyk\u00e9p\u00e9szetet Bp.-en \u00e9s Beszterceb\u00e1ny\u00e1n tanult, majd uo. praxist folytatott. Mv.-en f\u00e9nyk\u00e9p\u00e9sz m\u0171helyt nyitott (1918). Az Orsz\u00e1gos F\u00e9nyk\u00e9p\u00e9szeti Egyes\u00fclet aleln\u00f6ke \u00e9s tagja a Missi\u00f3 Egyes\u00fcletnek. \u00c9rt\u00e9kes felv\u00e9teleket k\u00e9sz\u00edtett az I. vh. harcair\u00f3l. Orosz fogs\u00e1gba esett (39 h\u00f3napig volt fogoly). R\u00e9szt vett K\u00e1roly rom\u00e1n kir\u00e1ly f\u00e9nyk\u00e9pp\u00e1ly\u00e1zat\u00e1n, ahol d\u00edjat nyert. F\u00e9nyk\u00e9pei k\u00e9peslapokon is megjelentek (1918\u201348 k.). <br \/><strong>Irod.:<\/strong> Csepreghy; Csepreghy 2010; Lexiconul vie\u0163ii publice.<\/br><\/p>\n","protected":false},"excerpt":{"rendered":"<p>Bp., 1884. nov. 21., \u2020 Mv.?: f\u00e9nyk\u00e9p\u00e9sz. \u2013 F\u00e9nyk\u00e9p\u00e9szetet Bp.-en \u00e9s Beszterceb\u00e1ny\u00e1n tanult, majd uo. praxist folytatott. Mv.-en f\u00e9nyk\u00e9p\u00e9sz m\u0171helyt nyitott (1918). Az Orsz\u00e1gos F\u00e9nyk\u00e9p\u00e9szeti Egyes\u00fclet aleln\u00f6ke \u00e9s tagja a Missi\u00f3 Egyes\u00fcletnek. \u00c9rt\u00e9kes felv\u00e9teleket k\u00e9sz\u00edtett az I. vh. harcair\u00f3l. Orosz fogs\u00e1gba esett (39 h\u00f3napig volt fogoly). R\u00e9szt vett K\u00e1roly rom\u00e1n kir\u00e1ly f\u00e9nyk\u00e9pp\u00e1ly\u00e1zat\u00e1n, ahol d\u00edjat nyert. [&hellip;]<\/p>\n","protected":false},"featured_media":0,"comment_status":"open","ping_status":"closed","template":"","meta":[],"product_brand":[],"product_cat":[137],"product_tag":[],"class_list":{"0":"post-21282","1":"product","2":"type-product","3":"status-publish","5":"product_cat-maros-megyei-eletrajzi-lexikon","7":"first","8":"instock","9":"shipping-taxable","10":"product-type-simple"},"_links":{"self":[{"href":"https:\/\/uj.adatbank.ro\/lexikon\/wp-json\/wp\/v2\/product\/21282","targetHints":{"allow":["GET"]}}],"collection":[{"href":"https:\/\/uj.adatbank.ro\/lexikon\/wp-json\/wp\/v2\/product"}],"about":[{"href":"https:\/\/uj.adatbank.ro\/lexikon\/wp-json\/wp\/v2\/types\/product"}],"replies":[{"embeddable":true,"href":"https:\/\/uj.adatbank.ro\/lexikon\/wp-json\/wp\/v2\/comments?post=21282"}],"wp:attachment":[{"href":"https:\/\/uj.adatbank.ro\/lexikon\/wp-json\/wp\/v2\/media?parent=21282"}],"wp:term":[{"taxonomy":"product_brand","embeddable":true,"href":"https:\/\/uj.adatbank.ro\/lexikon\/wp-json\/wp\/v2\/product_brand?post=21282"},{"taxonomy":"product_cat","embeddable":true,"href":"https:\/\/uj.adatbank.ro\/lexikon\/wp-json\/wp\/v2\/product_cat?post=21282"},{"taxonomy":"product_tag","embeddable":true,"href":"https:\/\/uj.adatbank.ro\/lexikon\/wp-json\/wp\/v2\/product_tag?post=21282"}],"curies":[{"name":"wp","href":"https:\/\/api.w.org\/{rel}","templated":true}]}}

SZABÓ Miklós, kisgeszécsi

<p>Bp., 1884. nov. 21., † Mv.?: fényképész. – Fényképészetet Bp.-en és Besztercebányán tanult, majd uo. praxist folytatott. Mv.-en fényképész műhelyt nyitott (1918). Az Országos Fényképészeti Egyesület alelnöke és tagja a Missió Egyesületnek. Értékes felvételeket készített az I. vh. harcairól. Orosz fogságba esett (39 hónapig volt fogoly). Részt vett Károly román király fényképpályázatán, ahol díjat nyert. Fényképei képeslapokon is megjelentek (1918–48 k.). <br /><strong>Irod.:</strong> Csepreghy; Csepreghy 2010; Lexiconul vieţii publice.</br></p>

<p>Bp., 1884. nov. 21., † Mv.?: fényképész. – Fényképészetet Bp.-en és Besztercebányán tanult, majd uo. praxist folytatott. Mv.-en fényképész műhelyt nyitott (1918). Az Országos Fényképészeti Egyesület alelnöke és tagja a Missió Egyesületnek. Értékes felvételeket készített az I. vh. harcairól. Orosz fogságba esett (39 hónapig volt fogoly). Részt vett Károly román király fényképpályázatán, ahol díjat nyert. [&hellip;]</p>
