{"id":21288,"date":"2025-07-22T19:19:38","date_gmt":"2025-07-22T17:19:38","guid":{"rendered":"https:\/\/uj.adatbank.ro\/lexikon\/termek\/szabo-pal\/"},"modified":"2025-07-22T19:19:38","modified_gmt":"2025-07-22T17:19:38","slug":"szabo-pal","status":"publish","type":"product","link":"https:\/\/uj.adatbank.ro\/lexikon\/termek\/szabo-pal\/","title":{"rendered":"SZAB\u00d3 P\u00e1l"},"content":{"rendered":"<p>? \u2020?: \u00fajs\u00e1g\u00edr\u00f3, sz\u00ednigazgat\u00f3. \u2013 Szab\u00f3 Ern\u0151 apja. \u2013 A Gyakorl\u00f3 Sz\u00edniiskol\u00e1t v\u00e9gezte (1894\u201395). P\u00e1ly\u00e1j\u00e1t Erd\u00e9lyben kezdte. Szerkesztette a Sz\u00e9kely Napl\u00f3t. Br\u00f3dy S\u00e1ndor keresztelte el a nap lovagj\u00e1nak, sz\u00edn\u00e9szkedett is Nagy szerepe volt a hatalomv\u00e1lt\u00e1s ut\u00e1n a rom\u00e1niai magyar sz\u00ednh\u00e1z \u00fajj\u00e1szervez\u00e9s\u00e9ben. A Magyar Nemzeti sz\u00ednh\u00e1z \u00e9s azt ut\u00e1np\u00f3tl\u00e1ssal ell\u00e1tni hivatott Sz\u00ednif\u0151iskola terv\u00e9vel foglalkozott, valamint a m\u00e1sodik erd\u00e9lyi filmgy\u00e1r megalap\u00edt\u00e1s\u00e1t tervezte rt. alapon (1919). Igazgat\u00e1sa alatt ny\u00edlt meg Mv.-en az els\u0151 \u00e1lland\u00f3 magyar sz\u00ednh\u00e1z (1918. dec. 7) Bisson A: A meztelen asszony c. darabj\u00e1val. Megvette el\u0151dj\u00e9t\u0151l Szil\u00e1gyi Dezs\u0151t\u0151l annak minden felszerel\u00e9s\u00e9t, k\u00f6nyvt\u00e1r\u00e1t, d\u00edszleteit, kell\u00e9k- \u00e9s ruhat\u00e1r\u00e1t. Kocsis Tivadar \u00e9s Kaesz Gyula m\u0171\u00e9p\u00edt\u00e9szek tervei szerint teljesen \u00e1talak\u00edtotta, kib\u0151v\u00edtette, j\u00f3form\u00e1n teljesen \u00fajj\u00e1\u00e9p\u00edtette a Transilvania sz\u00e1ll\u00f3 term\u00e9t, p\u00e1holyos, zsin\u00f3rpadl\u00e1sos, 800 f\u00e9r\u0151helyes sz\u00ednh\u00e1zteremm\u00e9 alak\u00edtotta \u00e1t. Sz\u00ednh\u00e1zt\u00e1rsulatot szervezett, opera, operett \u00e9s dr\u00e1mai sz\u00edn\u00e9szekkel, 26 tag\u00fa k\u00f3rust, nagy zenekart 3 karmesterrel foglalkoztatott. 10 h\u00f3napig siker\u00fclt m\u0171k\u00f6dnie a v\u00e1ros seg\u00edts\u00e9g\u00e9vel. V\u00e1llalta az \u00e9p\u00edt\u00e9s \u00e9s a szervez\u00e9s hatalmas anyagi terheit. Nagy bankk\u00f6lcs\u00f6nt vett fel, a forradalom alatt kirabolt\u00e1k a ruhat\u00e1rt, a rom\u00e1nok bevonul\u00e1sa miatt k\u00e9sett a megnyit\u00e1s, mik\u00f6zben fizette a szerz\u0151dtetett tagokat, \u00edgy hatalmas tartoz\u00e1st halmozott fel, ez\u00e9rt a t\u00e1rsulat 10 h\u00f3nap ut\u00e1n felbomlott (1920) Minden m\u0171faj\u00fa darabot adtak. A Mv.-Brass\u00f3 k\u00f6rzet t\u00e1rsulatvezet\u0151je volt (1919\u201321), bev\u00e9teleib\u0151l igyekezett t\u00f6rleszteni ad\u00f3s\u00e1g\u00e1t, m\u00e9g a magyar \u00e1llamt\u00f3l is k\u00e9rt seg\u00e9lyt. Mv.-en \u00fcnnepelte p\u00e1lyafut\u00e1s\u00e1nak 25. \u00e9vfordul\u00f3j\u00e1t (1920. dec. 23); Temesv\u00e1ron volt igazgat\u00f3 (1922\u201323), ugyanakkor Buk.-ben pr\u00f3b\u00e1lt sz\u00edniszezont szervezni. Visszat\u00e9rt Mv.-re (1923\u201324), majd Magyaro.-ra t\u00e1vozott, de id\u0151nk\u00e9nt ism\u00e9t t\u00e1rsulatalap\u00edt\u00e1ssal k\u00eds\u00e9rletezett Nagyv\u00e1radon (1926\u201331). Tudatosan t\u00f6rekedett az \u00f6nell\u00e1t\u00e1sra, mert vil\u00e1gosan l\u00e1tta hogy a kisebbs\u00e9gi sz\u00ednh\u00e1z csak akkor nem sz\u00fcntethet\u0151 meg, ha nem f\u00fcgg az \u00e1llamt\u00f3l, sem a v\u00e1rosi hat\u00f3s\u00e1gokt\u00f3l. \u2013 <strong>F. sz.:<\/strong> Alfr\u00e9d (J. Strauss: Denev\u00e9r); Gligor (Moldov\u00e1n Gergely: Fl\u00f3rika szerelmei); Myska b\u00e1n (Erkel Ferenc: B\u00e1nk b\u00e1n); Barinkay S\u00e1ndor (J. Strauss: Cig\u00e1nyb\u00e1r\u00f3); A test\u0151rhadnagy (Huszka Jen\u0151: Bob herceg); Szaplonczay (Zerkovotz B\u00e9la: A legkisebb Horv\u00e1th l\u00e1ny); Bog\u00e1r Imre (Csepreghy Ferenc: S\u00e1rga csik\u00f3. <br \/><strong>Irod.:<\/strong> Chereji Peris T.: A mv.-i sz\u00ednh\u00e1z \u00e9s sz\u00ednj\u00e1tsz\u00e1s megteremt\u00e9s\u00e9r\u0151l = Mv. t\u00f6rt\u00e9net\u00e9b\u0151l; Metamorphosis Trans\u00edlvaniae 1918\u201336 (Kv., 1937); Id\u0151t\u00e1r 2; Id\u0151t\u00e1r 3, K\u00f6t\u0151; Szab\u00f3 Lajos: Szab\u00f3 Ern\u0151 (1900\u20131966) (Utunk 8. sz., 1966. febr. 25).<\/br><\/p>\n","protected":false},"excerpt":{"rendered":"<p>? \u2020?: \u00fajs\u00e1g\u00edr\u00f3, sz\u00ednigazgat\u00f3. \u2013 Szab\u00f3 Ern\u0151 apja. \u2013 A Gyakorl\u00f3 Sz\u00edniiskol\u00e1t v\u00e9gezte (1894\u201395). P\u00e1ly\u00e1j\u00e1t Erd\u00e9lyben kezdte. Szerkesztette a Sz\u00e9kely Napl\u00f3t. Br\u00f3dy S\u00e1ndor keresztelte el a nap lovagj\u00e1nak, sz\u00edn\u00e9szkedett is Nagy szerepe volt a hatalomv\u00e1lt\u00e1s ut\u00e1n a rom\u00e1niai magyar sz\u00ednh\u00e1z \u00fajj\u00e1szervez\u00e9s\u00e9ben. A Magyar Nemzeti sz\u00ednh\u00e1z \u00e9s azt ut\u00e1np\u00f3tl\u00e1ssal ell\u00e1tni hivatott Sz\u00ednif\u0151iskola terv\u00e9vel foglalkozott, valamint a [&hellip;]<\/p>\n","protected":false},"featured_media":0,"comment_status":"open","ping_status":"closed","template":"","meta":[],"product_brand":[],"product_cat":[137],"product_tag":[],"class_list":{"0":"post-21288","1":"product","2":"type-product","3":"status-publish","5":"product_cat-maros-megyei-eletrajzi-lexikon","7":"first","8":"instock","9":"shipping-taxable","10":"product-type-simple"},"_links":{"self":[{"href":"https:\/\/uj.adatbank.ro\/lexikon\/wp-json\/wp\/v2\/product\/21288","targetHints":{"allow":["GET"]}}],"collection":[{"href":"https:\/\/uj.adatbank.ro\/lexikon\/wp-json\/wp\/v2\/product"}],"about":[{"href":"https:\/\/uj.adatbank.ro\/lexikon\/wp-json\/wp\/v2\/types\/product"}],"replies":[{"embeddable":true,"href":"https:\/\/uj.adatbank.ro\/lexikon\/wp-json\/wp\/v2\/comments?post=21288"}],"wp:attachment":[{"href":"https:\/\/uj.adatbank.ro\/lexikon\/wp-json\/wp\/v2\/media?parent=21288"}],"wp:term":[{"taxonomy":"product_brand","embeddable":true,"href":"https:\/\/uj.adatbank.ro\/lexikon\/wp-json\/wp\/v2\/product_brand?post=21288"},{"taxonomy":"product_cat","embeddable":true,"href":"https:\/\/uj.adatbank.ro\/lexikon\/wp-json\/wp\/v2\/product_cat?post=21288"},{"taxonomy":"product_tag","embeddable":true,"href":"https:\/\/uj.adatbank.ro\/lexikon\/wp-json\/wp\/v2\/product_tag?post=21288"}],"curies":[{"name":"wp","href":"https:\/\/api.w.org\/{rel}","templated":true}]}}

SZABÓ Pál

<p>? †?: újságíró, színigazgató. – Szabó Ernő apja. – A Gyakorló Színiiskolát végezte (1894–95). Pályáját Erdélyben kezdte. Szerkesztette a Székely Naplót. Bródy Sándor keresztelte el a nap lovagjának, színészkedett is Nagy szerepe volt a hatalomváltás után a romániai magyar színház újjászervezésében. A Magyar Nemzeti színház és azt utánpótlással ellátni hivatott Színifőiskola tervével foglalkozott, valamint a második erdélyi filmgyár megalapítását tervezte rt. alapon (1919). Igazgatása alatt nyílt meg Mv.-en az első állandó magyar színház (1918. dec. 7) Bisson A: A meztelen asszony c. darabjával. Megvette elődjétől Szilágyi Dezsőtől annak minden felszerelését, könyvtárát, díszleteit, kellék- és ruhatárát. Kocsis Tivadar és Kaesz Gyula műépítészek tervei szerint teljesen átalakította, kibővítette, jóformán teljesen újjáépítette a Transilvania szálló termét, páholyos, zsinórpadlásos, 800 férőhelyes színházteremmé alakította át. Színháztársulatot szervezett, opera, operett és drámai színészekkel, 26 tagú kórust, nagy zenekart 3 karmesterrel foglalkoztatott. 10 hónapig sikerült működnie a város segítségével. Vállalta az építés és a szervezés hatalmas anyagi terheit. Nagy bankkölcsönt vett fel, a forradalom alatt kirabolták a ruhatárt, a románok bevonulása miatt késett a megnyitás, miközben fizette a szerződtetett tagokat, így hatalmas tartozást halmozott fel, ezért a társulat 10 hónap után felbomlott (1920) Minden műfajú darabot adtak. A Mv.-Brassó körzet társulatvezetője volt (1919–21), bevételeiből igyekezett törleszteni adóságát, még a magyar államtól is kért segélyt. Mv.-en ünnepelte pályafutásának 25. évfordulóját (1920. dec. 23); Temesváron volt igazgató (1922–23), ugyanakkor Buk.-ben próbált színiszezont szervezni. Visszatért Mv.-re (1923–24), majd Magyaro.-ra távozott, de időnként ismét társulatalapítással kísérletezett Nagyváradon (1926–31). Tudatosan törekedett az önellátásra, mert világosan látta hogy a kisebbségi színház csak akkor nem szüntethető meg, ha nem függ az államtól, sem a városi hatóságoktól. – <strong>F. sz.:</strong> Alfréd (J. Strauss: Denevér); Gligor (Moldován Gergely: Flórika szerelmei); Myska bán (Erkel Ferenc: Bánk bán); Barinkay Sándor (J. Strauss: Cigánybáró); A testőrhadnagy (Huszka Jenő: Bob herceg); Szaplonczay (Zerkovotz Béla: A legkisebb Horváth lány); Bogár Imre (Csepreghy Ferenc: Sárga csikó. <br /><strong>Irod.:</strong> Chereji Peris T.: A mv.-i színház és színjátszás megteremtéséről = Mv. történetéből; Metamorphosis Transílvaniae 1918–36 (Kv., 1937); Időtár 2; Időtár 3, Kötő; Szabó Lajos: Szabó Ernő (1900–1966) (Utunk 8. sz., 1966. febr. 25).</br></p>

<p>? †?: újságíró, színigazgató. – Szabó Ernő apja. – A Gyakorló Színiiskolát végezte (1894–95). Pályáját Erdélyben kezdte. Szerkesztette a Székely Naplót. Bródy Sándor keresztelte el a nap lovagjának, színészkedett is Nagy szerepe volt a hatalomváltás után a romániai magyar színház újjászervezésében. A Magyar Nemzeti színház és azt utánpótlással ellátni hivatott Színifőiskola tervével foglalkozott, valamint a [&hellip;]</p>
