{"id":21299,"date":"2025-07-22T19:20:02","date_gmt":"2025-07-22T17:20:02","guid":{"rendered":"https:\/\/uj.adatbank.ro\/lexikon\/termek\/szabo-samuel\/"},"modified":"2025-07-22T19:20:02","modified_gmt":"2025-07-22T17:20:02","slug":"szabo-samuel","status":"publish","type":"product","link":"https:\/\/uj.adatbank.ro\/lexikon\/termek\/szabo-samuel\/","title":{"rendered":"SZAB\u00d3 S\u00e1muel"},"content":{"rendered":"<p>? \u2020 Nagyenyed, 1789.: tan\u00e1r. \u2013 Sz\u00e9kely sz\u00e1rmaz\u00e1s\u00fa, a nagyenyedi Bethlen Koll.-ban tanult, ahol di\u00e1k lett (1762), majd a leideni egyetemre ment (1772\u2013). Gr Teleki J\u00f3zsef f\u0151gondnok iktatta be a mv.-i Koll. tan\u00e1ri sz\u00e9k\u00e9be (1776). Itt h\u00e1rom \u00e9vig m\u0171k\u00f6d\u00f6tt, majd a nagyenyedi koll. teol\u00f3gia tansz\u00e9k\u00e9re helyezt\u00e9k \u00e1t (1779). T\u00e1voz\u00e1sakor alap\u00edtv\u00e1nyt tett a mv.-i Koll. c\u00e9ljaira. T\u00f6bb egyh\u00e1zi besz\u00e9de jelent meg. \u2013 <strong>F. m.<\/strong>: Nuptiae Caroli Nal\u00e1czi cum Catharina Teleki (Nagyenyed, 1771); Pospester Anna felett or\u00e1czi\u00f3 (1789). <br \/><strong>Irod.:<\/strong> Fogarasi; Id\u0151t\u00e1r 1; Kr\u00f3n F\u00fcz. (1939. 4\/8), Kiss\u2013K\u00e1lm\u00e1n\u2013Bierbrunner.<\/br><\/p>\n","protected":false},"excerpt":{"rendered":"<p>? \u2020 Nagyenyed, 1789.: tan\u00e1r. \u2013 Sz\u00e9kely sz\u00e1rmaz\u00e1s\u00fa, a nagyenyedi Bethlen Koll.-ban tanult, ahol di\u00e1k lett (1762), majd a leideni egyetemre ment (1772\u2013). Gr Teleki J\u00f3zsef f\u0151gondnok iktatta be a mv.-i Koll. tan\u00e1ri sz\u00e9k\u00e9be (1776). Itt h\u00e1rom \u00e9vig m\u0171k\u00f6d\u00f6tt, majd a nagyenyedi koll. teol\u00f3gia tansz\u00e9k\u00e9re helyezt\u00e9k \u00e1t (1779). T\u00e1voz\u00e1sakor alap\u00edtv\u00e1nyt tett a mv.-i Koll. c\u00e9ljaira. [&hellip;]<\/p>\n","protected":false},"featured_media":0,"comment_status":"open","ping_status":"closed","template":"","meta":[],"product_brand":[],"product_cat":[137],"product_tag":[],"class_list":{"0":"post-21299","1":"product","2":"type-product","3":"status-publish","5":"product_cat-maros-megyei-eletrajzi-lexikon","7":"first","8":"instock","9":"shipping-taxable","10":"product-type-simple"},"_links":{"self":[{"href":"https:\/\/uj.adatbank.ro\/lexikon\/wp-json\/wp\/v2\/product\/21299","targetHints":{"allow":["GET"]}}],"collection":[{"href":"https:\/\/uj.adatbank.ro\/lexikon\/wp-json\/wp\/v2\/product"}],"about":[{"href":"https:\/\/uj.adatbank.ro\/lexikon\/wp-json\/wp\/v2\/types\/product"}],"replies":[{"embeddable":true,"href":"https:\/\/uj.adatbank.ro\/lexikon\/wp-json\/wp\/v2\/comments?post=21299"}],"wp:attachment":[{"href":"https:\/\/uj.adatbank.ro\/lexikon\/wp-json\/wp\/v2\/media?parent=21299"}],"wp:term":[{"taxonomy":"product_brand","embeddable":true,"href":"https:\/\/uj.adatbank.ro\/lexikon\/wp-json\/wp\/v2\/product_brand?post=21299"},{"taxonomy":"product_cat","embeddable":true,"href":"https:\/\/uj.adatbank.ro\/lexikon\/wp-json\/wp\/v2\/product_cat?post=21299"},{"taxonomy":"product_tag","embeddable":true,"href":"https:\/\/uj.adatbank.ro\/lexikon\/wp-json\/wp\/v2\/product_tag?post=21299"}],"curies":[{"name":"wp","href":"https:\/\/api.w.org\/{rel}","templated":true}]}}

SZABÓ Sámuel

<p>? † Nagyenyed, 1789.: tanár. – Székely származású, a nagyenyedi Bethlen Koll.-ban tanult, ahol diák lett (1762), majd a leideni egyetemre ment (1772–). Gr Teleki József főgondnok iktatta be a mv.-i Koll. tanári székébe (1776). Itt három évig működött, majd a nagyenyedi koll. teológia tanszékére helyezték át (1779). Távozásakor alapítványt tett a mv.-i Koll. céljaira. Több egyházi beszéde jelent meg. – <strong>F. m.</strong>: Nuptiae Caroli Naláczi cum Catharina Teleki (Nagyenyed, 1771); Pospester Anna felett oráczió (1789). <br /><strong>Irod.:</strong> Fogarasi; Időtár 1; Krón Füz. (1939. 4/8), Kiss–Kálmán–Bierbrunner.</br></p>

<p>? † Nagyenyed, 1789.: tanár. – Székely származású, a nagyenyedi Bethlen Koll.-ban tanult, ahol diák lett (1762), majd a leideni egyetemre ment (1772–). Gr Teleki József főgondnok iktatta be a mv.-i Koll. tanári székébe (1776). Itt három évig működött, majd a nagyenyedi koll. teológia tanszékére helyezték át (1779). Távozásakor alapítványt tett a mv.-i Koll. céljaira. [&hellip;]</p>
