{"id":2130,"date":"2025-06-28T12:04:43","date_gmt":"2025-06-28T10:04:43","guid":{"rendered":"https:\/\/uj.adatbank.ro\/lexikon\/termek\/bancu-doina-%c2%a7-nicolescu-doina\/"},"modified":"2025-06-28T12:04:43","modified_gmt":"2025-06-28T10:04:43","slug":"bancu-doina-%c2%a7-nicolescu-doina","status":"publish","type":"product","link":"https:\/\/uj.adatbank.ro\/lexikon\/termek\/bancu-doina-%c2%a7-nicolescu-doina\/","title":{"rendered":"BANCU Doina, \u00a7 Nicolescu Doina"},"content":{"rendered":"<p>Sz\u00e1szr\u00e9gen, 1928. aug. 18., \u2020 Mv., 2008.: tan\u00e1r. \u2013 Apja dr. Nicolescu Vasile, belgy\u00f3gy\u00e1sz, radiol\u00f3gus. Anyja dr. Nicoar\u0103 Eugen testv\u00e9re volt. F\u00e9rje: V. Emilian Bancu. \u2013 Elemi iskol\u00e1ban \u00e9s gimn.-ban Sz\u00e1szr\u00e9genben rom\u00e1n, n\u00e9met \u00e9s m. nyelven tanult. Tov\u00e1bb tanult Kv.-on a l\u00edc.-ban \u00e9s a V. Babe\u015f Egyetemen, a rom\u00e1n nyelv \u00e9s irod. szakon v\u00e9gzett (1952). Rom\u00e1n nyelvet \u00e9s irod.-mat tan\u00edtott a mv.-i Papiu Ilarian L\u00edc.-ban. I. fokozati vizsg\u00e1t tett az Efectuarea analizei literare la clasele de liceu prin aplicarea problematiz\u0103rii c. dolgozattal (1976). A Megyei Tanfel\u00fcgyel\u0151s\u00e9g \u00f6nk\u00e9ntes fel\u00fcgyel\u0151je. Vezette a rom\u00e1n tan\u00e1rok megyei pedag\u00f3giai k\u00f6r\u00e9t. Ir\u00e1ny\u00edtotta az egyetemist\u00e1k ped.-i gyakorlat\u00e1t a Ped.-i F\u0151isk.-\u00e1n. Szakmai cikkei jelentek meg a Revista de pedagogie c. foly\u00f3iratban. F\u0151szerkeszt\u0151je volt a Papiu L\u00edc. Genera\u0163ii c. foly\u00f3irat\u00e1nak. Kit\u00fcntett\u00e9k a Medalia a 30-a aniversare a eliber\u0103rii patriei de sub jugul fascist (1960). Nyugd\u00edjba vonul\u00e1sa ut\u00e1n a Polg\u00e1rmesteri Hivatal \u00e9s a helyi r\u00e1di\u00f3st\u00fadi\u00f3 a Senior al ora\u015fului T\u00e2rgu Mure\u015f c.-et adom\u00e1nyozta neki. Meg\u00edrta f\u00e9rj\u00e9nek, a h\u00edres seb\u00e9szprof.-nak az \u00e9letrajz\u00e1t. \u2013 <strong>F. m.:<\/strong> Magia chirugiei: Memorii: Al\u0103turi de so\u0163ul meu, prof. V. Emilian Bancu (Tg. M., 2004). <br \/><strong>Irod.:<\/strong> Bartos 2012; Libraria (8., 2009); Profiluri reghinene<\/br><\/p>\n","protected":false},"excerpt":{"rendered":"<p>Sz\u00e1szr\u00e9gen, 1928. aug. 18., \u2020 Mv., 2008.: tan\u00e1r. \u2013 Apja dr. Nicolescu Vasile, belgy\u00f3gy\u00e1sz, radiol\u00f3gus. Anyja dr. Nicoar\u0103 Eugen testv\u00e9re volt. F\u00e9rje: V. Emilian Bancu. \u2013 Elemi iskol\u00e1ban \u00e9s gimn.-ban Sz\u00e1szr\u00e9genben rom\u00e1n, n\u00e9met \u00e9s m. nyelven tanult. Tov\u00e1bb tanult Kv.-on a l\u00edc.-ban \u00e9s a V. Babe\u015f Egyetemen, a rom\u00e1n nyelv \u00e9s irod. szakon v\u00e9gzett (1952). [&hellip;]<\/p>\n","protected":false},"featured_media":0,"comment_status":"open","ping_status":"closed","template":"","meta":[],"product_brand":[],"product_cat":[137],"product_tag":[],"class_list":{"0":"post-2130","1":"product","2":"type-product","3":"status-publish","5":"product_cat-maros-megyei-eletrajzi-lexikon","7":"first","8":"instock","9":"shipping-taxable","10":"product-type-simple"},"_links":{"self":[{"href":"https:\/\/uj.adatbank.ro\/lexikon\/wp-json\/wp\/v2\/product\/2130","targetHints":{"allow":["GET"]}}],"collection":[{"href":"https:\/\/uj.adatbank.ro\/lexikon\/wp-json\/wp\/v2\/product"}],"about":[{"href":"https:\/\/uj.adatbank.ro\/lexikon\/wp-json\/wp\/v2\/types\/product"}],"replies":[{"embeddable":true,"href":"https:\/\/uj.adatbank.ro\/lexikon\/wp-json\/wp\/v2\/comments?post=2130"}],"wp:attachment":[{"href":"https:\/\/uj.adatbank.ro\/lexikon\/wp-json\/wp\/v2\/media?parent=2130"}],"wp:term":[{"taxonomy":"product_brand","embeddable":true,"href":"https:\/\/uj.adatbank.ro\/lexikon\/wp-json\/wp\/v2\/product_brand?post=2130"},{"taxonomy":"product_cat","embeddable":true,"href":"https:\/\/uj.adatbank.ro\/lexikon\/wp-json\/wp\/v2\/product_cat?post=2130"},{"taxonomy":"product_tag","embeddable":true,"href":"https:\/\/uj.adatbank.ro\/lexikon\/wp-json\/wp\/v2\/product_tag?post=2130"}],"curies":[{"name":"wp","href":"https:\/\/api.w.org\/{rel}","templated":true}]}}

<p>Szászrégen, 1928. aug. 18., † Mv., 2008.: tanár. – Apja dr. Nicolescu Vasile, belgyógyász, radiológus. Anyja dr. Nicoară Eugen testvére volt. Férje: V. Emilian Bancu. – Elemi iskolában és gimn.-ban Szászrégenben román, német és m. nyelven tanult. Tovább tanult Kv.-on a líc.-ban és a V. Babeş Egyetemen, a román nyelv és irod. szakon végzett (1952). Román nyelvet és irod.-mat tanított a mv.-i Papiu Ilarian Líc.-ban. I. fokozati vizsgát tett az Efectuarea analizei literare la clasele de liceu prin aplicarea problematizării c. dolgozattal (1976). A Megyei Tanfelügyelőség önkéntes felügyelője. Vezette a román tanárok megyei pedagógiai körét. Irányította az egyetemisták ped.-i gyakorlatát a Ped.-i Főisk.-án. Szakmai cikkei jelentek meg a Revista de pedagogie c. folyóiratban. Főszerkesztője volt a Papiu Líc. Generaţii c. folyóiratának. Kitüntették a Medalia a 30-a aniversare a eliberării patriei de sub jugul fascist (1960). Nyugdíjba vonulása után a Polgármesteri Hivatal és a helyi rádióstúdió a Senior al oraşului Târgu Mureş c.-et adományozta neki. Megírta férjének, a híres sebészprof.-nak az életrajzát. – <strong>F. m.:</strong> Magia chirugiei: Memorii: Alături de soţul meu, prof. V. Emilian Bancu (Tg. M., 2004). <br /><strong>Irod.:</strong> Bartos 2012; Libraria (8., 2009); Profiluri reghinene</br></p>

<p>Szászrégen, 1928. aug. 18., † Mv., 2008.: tanár. – Apja dr. Nicolescu Vasile, belgyógyász, radiológus. Anyja dr. Nicoară Eugen testvére volt. Férje: V. Emilian Bancu. – Elemi iskolában és gimn.-ban Szászrégenben román, német és m. nyelven tanult. Tovább tanult Kv.-on a líc.-ban és a V. Babeş Egyetemen, a román nyelv és irod. szakon végzett (1952). [&hellip;]</p>
