{"id":21300,"date":"2025-07-22T19:20:04","date_gmt":"2025-07-22T17:20:04","guid":{"rendered":"https:\/\/uj.adatbank.ro\/lexikon\/termek\/szabo-samuel-2\/"},"modified":"2025-07-22T19:20:04","modified_gmt":"2025-07-22T17:20:04","slug":"szabo-samuel-2","status":"publish","type":"product","link":"https:\/\/uj.adatbank.ro\/lexikon\/termek\/szabo-samuel-2\/","title":{"rendered":"SZAB\u00d3 S\u00e1muel"},"content":{"rendered":"<p>? \u2020?: \u00fcgyv\u00e9d. \u2013 Sz\u00e1szr\u00e9genben \u00fcgyv\u00e9d. Az 1848-as esem\u00e9nyek akt\u00edv r\u00e9sztvev\u0151je. Urb\u00e1n ezredes vesz\u00e9lyes elemk\u00e9nt letart\u00f3ztatta, mert a sz\u00e9kely hadoszt.-lyal tartott fenn kapcsolatot. K\u00e9s\u0151bb a vajdaszentiv\u00e1nyi r\u00f6gt\u00f6n\u00edt\u00e9l\u0151 b\u00edr\u00f3s\u00e1g vezet\u0151jek\u00e9nt sok forradalm\u00e1rnak mentette meg az \u00e9let\u00e9t. Schuller D\u00e1niel Josephfel \u00e9s Johann Regiusszal R\u00e9gen v\u00e1ros k\u00fcld\u00f6ttek\u00e9nt t\u00e1rgyalt a sz\u00e9kely t\u00fcz\u00e9r hat\u00e1r\u0151r\u00f6k ezredes\u00e9vel, Dorschnerrel, kegyelmet k\u00e9rt a v\u00e1rosnak. A m\u00e1sodik, \u00f6t szem\u00e9lyb\u0151l \u00e1ll\u00f3 k\u00fcld\u00f6tts\u00e9get is \u0151 vezette (1848. okt v\u00e9g\u00e9n). Ekkor Berzenczei L\u00e1szl\u00f3 parancsnokkal t\u00e1rgyaltak, de az is teljes\u00edthetetlen k\u00f6vetel\u00e9sekkel \u00e1llt el\u0151 (Nemsok\u00e1ra r\u00e1 kifosztott\u00e1k \u00e9s fel\u00e9gett\u00e9k a v\u00e1rost). <br \/><strong>Irod.:<\/strong> Reghin, destin i istorie.<\/br><\/p>\n","protected":false},"excerpt":{"rendered":"<p>? \u2020?: \u00fcgyv\u00e9d. \u2013 Sz\u00e1szr\u00e9genben \u00fcgyv\u00e9d. Az 1848-as esem\u00e9nyek akt\u00edv r\u00e9sztvev\u0151je. Urb\u00e1n ezredes vesz\u00e9lyes elemk\u00e9nt letart\u00f3ztatta, mert a sz\u00e9kely hadoszt.-lyal tartott fenn kapcsolatot. K\u00e9s\u0151bb a vajdaszentiv\u00e1nyi r\u00f6gt\u00f6n\u00edt\u00e9l\u0151 b\u00edr\u00f3s\u00e1g vezet\u0151jek\u00e9nt sok forradalm\u00e1rnak mentette meg az \u00e9let\u00e9t. Schuller D\u00e1niel Josephfel \u00e9s Johann Regiusszal R\u00e9gen v\u00e1ros k\u00fcld\u00f6ttek\u00e9nt t\u00e1rgyalt a sz\u00e9kely t\u00fcz\u00e9r hat\u00e1r\u0151r\u00f6k ezredes\u00e9vel, Dorschnerrel, kegyelmet k\u00e9rt a v\u00e1rosnak. [&hellip;]<\/p>\n","protected":false},"featured_media":0,"comment_status":"open","ping_status":"closed","template":"","meta":[],"product_brand":[],"product_cat":[137],"product_tag":[],"class_list":{"0":"post-21300","1":"product","2":"type-product","3":"status-publish","5":"product_cat-maros-megyei-eletrajzi-lexikon","7":"first","8":"instock","9":"shipping-taxable","10":"product-type-simple"},"_links":{"self":[{"href":"https:\/\/uj.adatbank.ro\/lexikon\/wp-json\/wp\/v2\/product\/21300","targetHints":{"allow":["GET"]}}],"collection":[{"href":"https:\/\/uj.adatbank.ro\/lexikon\/wp-json\/wp\/v2\/product"}],"about":[{"href":"https:\/\/uj.adatbank.ro\/lexikon\/wp-json\/wp\/v2\/types\/product"}],"replies":[{"embeddable":true,"href":"https:\/\/uj.adatbank.ro\/lexikon\/wp-json\/wp\/v2\/comments?post=21300"}],"wp:attachment":[{"href":"https:\/\/uj.adatbank.ro\/lexikon\/wp-json\/wp\/v2\/media?parent=21300"}],"wp:term":[{"taxonomy":"product_brand","embeddable":true,"href":"https:\/\/uj.adatbank.ro\/lexikon\/wp-json\/wp\/v2\/product_brand?post=21300"},{"taxonomy":"product_cat","embeddable":true,"href":"https:\/\/uj.adatbank.ro\/lexikon\/wp-json\/wp\/v2\/product_cat?post=21300"},{"taxonomy":"product_tag","embeddable":true,"href":"https:\/\/uj.adatbank.ro\/lexikon\/wp-json\/wp\/v2\/product_tag?post=21300"}],"curies":[{"name":"wp","href":"https:\/\/api.w.org\/{rel}","templated":true}]}}

SZABÓ Sámuel

<p>? †?: ügyvéd. – Szászrégenben ügyvéd. Az 1848-as események aktív résztvevője. Urbán ezredes veszélyes elemként letartóztatta, mert a székely hadoszt.-lyal tartott fenn kapcsolatot. Később a vajdaszentiványi rögtönítélő bíróság vezetőjeként sok forradalmárnak mentette meg az életét. Schuller Dániel Josephfel és Johann Regiusszal Régen város küldötteként tárgyalt a székely tüzér határőrök ezredesével, Dorschnerrel, kegyelmet kért a városnak. A második, öt személyből álló küldöttséget is ő vezette (1848. okt végén). Ekkor Berzenczei László parancsnokkal tárgyaltak, de az is teljesíthetetlen követelésekkel állt elő (Nemsokára rá kifosztották és felégették a várost). <br /><strong>Irod.:</strong> Reghin, destin i istorie.</br></p>

<p>? †?: ügyvéd. – Szászrégenben ügyvéd. Az 1848-as események aktív résztvevője. Urbán ezredes veszélyes elemként letartóztatta, mert a székely hadoszt.-lyal tartott fenn kapcsolatot. Később a vajdaszentiványi rögtönítélő bíróság vezetőjeként sok forradalmárnak mentette meg az életét. Schuller Dániel Josephfel és Johann Regiusszal Régen város küldötteként tárgyalt a székely tüzér határőrök ezredesével, Dorschnerrel, kegyelmet kért a városnak. [&hellip;]</p>
