{"id":2131,"date":"2025-06-28T12:04:44","date_gmt":"2025-06-28T10:04:44","guid":{"rendered":"https:\/\/uj.adatbank.ro\/lexikon\/termek\/bancu-victor-emilian-%c2%a7-bancu-emilian\/"},"modified":"2025-06-28T12:04:44","modified_gmt":"2025-06-28T10:04:44","slug":"bancu-victor-emilian-%c2%a7-bancu-emilian","status":"publish","type":"product","link":"https:\/\/uj.adatbank.ro\/lexikon\/termek\/bancu-victor-emilian-%c2%a7-bancu-emilian\/","title":{"rendered":"BANCU, Victor Emilian, \u00a7 Bancu Emilian"},"content":{"rendered":"<p>S\u00e1rm\u00e1s, 1925. nov. 19., \u2020 Mv., 1994. \u00e1pr. 14.: orvos, egyetemi tan\u00e1r, rektor. \u2013 A mv.-i Mihai Viteazul Katonai L\u00edc.-ban, majd Temesv\u00e1ron tanult (1937\u201345), az orvosi egyetemet Kv.-on v\u00e9gezte (1945\u201351). Orvos a sz\u00e1szr\u00e9geni k\u00f3rh\u00e1zban (1951\u201354), a mv.-i seb\u00e9szeten alorvos (1954\u201357), szakorvos (1957\u2013), f\u0151orvos (1963\u2013), a seb\u00e9szeti klinika vezet\u0151je (1973), egyetemi tan\u00e1r, prorektor (1974\u201384), a MOGYI rektora (1984\u201389). Az orvostudom\u00e1nyok doktora, dolgozat\u00e1nak c\u00edme: Deriva\u0163iile porto-cave \u00een tratamentul chirurgial al hipertensiunii portale (1969). A Rom\u00e1n Tudom\u00e1nyos Akad\u00e9mia rendes (1993\u2013), a br\u00fcsszeli nemzetk\u00f6zi seb\u00e9szeti t\u00e1rsas\u00e1g, a rom\u00e1n gasztroentelol\u00f3gia t\u00e1rsas\u00e1g eln\u00f6ks\u00e9g\u00e9nek tagja, a rom\u00e1n seb\u00e9szeti t\u00e1rsas\u00e1g aleln\u00f6ki tiszts\u00e9g\u00e9be v\u00e1lasztott\u00e1k (1991). 250 tudom\u00e1nyos munk\u00e1val jelentkezett k\u00fcl\u00f6nb\u00f6z\u0151 hazai \u00e9s nemzetk\u00f6zi szakszimpoziumon (N\u00e9meto., Mo., Oroszo., Franciao.), 150 szakcikket publik\u00e1lt hazai \u00e9s k\u00fclf\u00f6ldi foly\u00f3iratokban (Chirurgia Rom., Lyon Chirurghicale, Magyar Seb\u00e9szet, Rev. Med), 7 seb\u00e9szeti tank\u00f6nyvet adott ki. T\u00f6bb hazai \u00e9s k\u00fclf\u00f6ldi egyetem kit\u0171ntetettje. Mv. d\u00edszpolg\u00e1ra c.-mel t\u00fcntett\u00e9k ki post mortem (2003). \u2013 <strong>F. m.:<\/strong> t\u00e1ssz.: Curs de semiologie chirurgical\u0103 (Tg. M., 1972.); Patologia sistemului cav inferior (Buc., 1973; Tg. M., 1973); Chirurgia c\u0103ilor biliare principale (Tg. M., 1976); Curs de probleme chirurgicale. Vol. 1\u20132. (Tg. M., 1977); Patologie chirurgical\u0103 (Buc., 1979; 1983); Actualit\u0103\u0163i chirurgicale (Buc., 1983); Tratat de patologie chirurgical\u0103. Vol. 1. (Buc., 1989\u2013). <br \/><strong>Irod.:<\/strong> Bancu, Doina: Magia chirugiei: Memorii: Al\u0103turi de so\u0163ul meu, prof. V. Emilian Bancu (Tg. M., 2004); C. L. (1994. apr. 16.); Dezs\u0151 Istv\u00e1n; Genersich; Id\u0151t\u00e1r 4.; Mv. t\u00f6rt. 2.; Nagy Mikl\u00f3s Kund: A t\u00e1voz\u00e1sra felsz\u00f3l\u00edtottak n\u00e9vsora (N\u00fa., 1991. j\u00fan. 18.); P\u00e9terffy \u00c1.- P. P.; Tizenk\u00e9t \u00e9v; Todea\u2013F\u00fcl\u00f6p\u2013Avram<\/br><\/p>\n","protected":false},"excerpt":{"rendered":"<p>S\u00e1rm\u00e1s, 1925. nov. 19., \u2020 Mv., 1994. \u00e1pr. 14.: orvos, egyetemi tan\u00e1r, rektor. \u2013 A mv.-i Mihai Viteazul Katonai L\u00edc.-ban, majd Temesv\u00e1ron tanult (1937\u201345), az orvosi egyetemet Kv.-on v\u00e9gezte (1945\u201351). Orvos a sz\u00e1szr\u00e9geni k\u00f3rh\u00e1zban (1951\u201354), a mv.-i seb\u00e9szeten alorvos (1954\u201357), szakorvos (1957\u2013), f\u0151orvos (1963\u2013), a seb\u00e9szeti klinika vezet\u0151je (1973), egyetemi tan\u00e1r, prorektor (1974\u201384), a MOGYI [&hellip;]<\/p>\n","protected":false},"featured_media":0,"comment_status":"open","ping_status":"closed","template":"","meta":[],"product_brand":[],"product_cat":[137],"product_tag":[],"class_list":{"0":"post-2131","1":"product","2":"type-product","3":"status-publish","5":"product_cat-maros-megyei-eletrajzi-lexikon","7":"first","8":"instock","9":"shipping-taxable","10":"product-type-simple"},"_links":{"self":[{"href":"https:\/\/uj.adatbank.ro\/lexikon\/wp-json\/wp\/v2\/product\/2131","targetHints":{"allow":["GET"]}}],"collection":[{"href":"https:\/\/uj.adatbank.ro\/lexikon\/wp-json\/wp\/v2\/product"}],"about":[{"href":"https:\/\/uj.adatbank.ro\/lexikon\/wp-json\/wp\/v2\/types\/product"}],"replies":[{"embeddable":true,"href":"https:\/\/uj.adatbank.ro\/lexikon\/wp-json\/wp\/v2\/comments?post=2131"}],"wp:attachment":[{"href":"https:\/\/uj.adatbank.ro\/lexikon\/wp-json\/wp\/v2\/media?parent=2131"}],"wp:term":[{"taxonomy":"product_brand","embeddable":true,"href":"https:\/\/uj.adatbank.ro\/lexikon\/wp-json\/wp\/v2\/product_brand?post=2131"},{"taxonomy":"product_cat","embeddable":true,"href":"https:\/\/uj.adatbank.ro\/lexikon\/wp-json\/wp\/v2\/product_cat?post=2131"},{"taxonomy":"product_tag","embeddable":true,"href":"https:\/\/uj.adatbank.ro\/lexikon\/wp-json\/wp\/v2\/product_tag?post=2131"}],"curies":[{"name":"wp","href":"https:\/\/api.w.org\/{rel}","templated":true}]}}