{"id":21312,"date":"2025-07-22T19:20:29","date_gmt":"2025-07-22T17:20:29","guid":{"rendered":"https:\/\/uj.adatbank.ro\/lexikon\/termek\/szabo-tamas-jakab-p\/"},"modified":"2025-07-22T19:20:29","modified_gmt":"2025-07-22T17:20:29","slug":"szabo-tamas-jakab-p","status":"publish","type":"product","link":"https:\/\/uj.adatbank.ro\/lexikon\/termek\/szabo-tamas-jakab-p\/","title":{"rendered":"SZAB\u00d3 Tam\u00e1s Jakab, P."},"content":{"rendered":"<p>Cs\u00edkmad\u00e9falva, 1720., \u2020 Mikh\u00e1za, 1785. jan. 25.: ferences szerzetes. \u2013 Be\u00f6lt\u00f6z\u00f6tt (1735. m\u00e1rc. 12.), felszentelt\u00e9k (1744. m\u00e1rc. 8..). <br \/><strong>Irod.:<\/strong> Gy\u00f6rgy: A ferencrendiek.<\/br><\/p>\n","protected":false},"excerpt":{"rendered":"<p>Cs\u00edkmad\u00e9falva, 1720., \u2020 Mikh\u00e1za, 1785. jan. 25.: ferences szerzetes. \u2013 Be\u00f6lt\u00f6z\u00f6tt (1735. m\u00e1rc. 12.), felszentelt\u00e9k (1744. m\u00e1rc. 8..). Irod.: Gy\u00f6rgy: A ferencrendiek.<\/p>\n","protected":false},"featured_media":0,"comment_status":"open","ping_status":"closed","template":"","meta":[],"product_brand":[],"product_cat":[137],"product_tag":[],"class_list":{"0":"post-21312","1":"product","2":"type-product","3":"status-publish","5":"product_cat-maros-megyei-eletrajzi-lexikon","7":"first","8":"instock","9":"shipping-taxable","10":"product-type-simple"},"_links":{"self":[{"href":"https:\/\/uj.adatbank.ro\/lexikon\/wp-json\/wp\/v2\/product\/21312","targetHints":{"allow":["GET"]}}],"collection":[{"href":"https:\/\/uj.adatbank.ro\/lexikon\/wp-json\/wp\/v2\/product"}],"about":[{"href":"https:\/\/uj.adatbank.ro\/lexikon\/wp-json\/wp\/v2\/types\/product"}],"replies":[{"embeddable":true,"href":"https:\/\/uj.adatbank.ro\/lexikon\/wp-json\/wp\/v2\/comments?post=21312"}],"wp:attachment":[{"href":"https:\/\/uj.adatbank.ro\/lexikon\/wp-json\/wp\/v2\/media?parent=21312"}],"wp:term":[{"taxonomy":"product_brand","embeddable":true,"href":"https:\/\/uj.adatbank.ro\/lexikon\/wp-json\/wp\/v2\/product_brand?post=21312"},{"taxonomy":"product_cat","embeddable":true,"href":"https:\/\/uj.adatbank.ro\/lexikon\/wp-json\/wp\/v2\/product_cat?post=21312"},{"taxonomy":"product_tag","embeddable":true,"href":"https:\/\/uj.adatbank.ro\/lexikon\/wp-json\/wp\/v2\/product_tag?post=21312"}],"curies":[{"name":"wp","href":"https:\/\/api.w.org\/{rel}","templated":true}]}}