{"id":21315,"date":"2025-07-22T19:20:34","date_gmt":"2025-07-22T17:20:34","guid":{"rendered":"https:\/\/uj.adatbank.ro\/lexikon\/termek\/szabo-vilmos-2\/"},"modified":"2025-07-22T19:20:34","modified_gmt":"2025-07-22T17:20:34","slug":"szabo-vilmos-2","status":"publish","type":"product","link":"https:\/\/uj.adatbank.ro\/lexikon\/termek\/szabo-vilmos-2\/","title":{"rendered":"SZAB\u00d3 Vilmos"},"content":{"rendered":"<p>S\u00e1romberke, 1942. szept. 15. \u2020\u00a0Zilah, 2009. \u00e1pr. 6.: fest\u0151m\u0171v\u00e9sz. \u2013 A mv.-i K\u00e9pz\u0151m\u0171v\u00e9szeti L\u00edceumban v\u00e9gzett (1964), majd Kv.-on szerzett diplom\u00e1t a Ion Andreescu K\u00e9pz\u0151m\u0171v\u00e9szeti F\u0151iskol\u00e1n (1975). Zilahon tan\u00edtott. Cikkei a Korunk, M\u0171vel\u0151d\u00e9s, Szil\u00e1gys\u00e1g, Rom\u00e1niai Magyar Sz\u00f3-ban jelentek meg. <strong>Fest\u00e9szeti egy\u00e9ni ki\u00e1ll\u00edt\u00e1sai:<\/strong> Mv (1968, 1978, 1996), Kv. (1975, 1995, 1997, 1998); Zilah (1976 \u2013 t\u00f6bb alkalommal); Bp. (1991); Kazincbarcika (1998). Csoportos ki\u00e1ll\u00edt\u00e1sait: Keszthely (1990), Debrecen (1992, 1995, 1996), Szentendre (1992), Hatvan (1999), francio.-i Saint Michel (1998); kisgrafikai ki\u00e1ll\u00edt\u00e1son Tokioban (1998) szerepelt. A Szil\u00e1gys\u00e1gi magyarok c k\u00f6tetben (Buk\u2013Kv., 2002) \u00f6sszefoglal\u00f3 tanulm\u00e1nya jelent meg. <br \/><strong>Irod.:<\/strong> Gal\u00e9ria a Bern\u00e1dy H\u00e1zban, RMIL; Szab\u00f3-K\u00e1llai.<\/br><\/p>\n","protected":false},"excerpt":{"rendered":"<p>S\u00e1romberke, 1942. szept. 15. \u2020\u00a0Zilah, 2009. \u00e1pr. 6.: fest\u0151m\u0171v\u00e9sz. \u2013 A mv.-i K\u00e9pz\u0151m\u0171v\u00e9szeti L\u00edceumban v\u00e9gzett (1964), majd Kv.-on szerzett diplom\u00e1t a Ion Andreescu K\u00e9pz\u0151m\u0171v\u00e9szeti F\u0151iskol\u00e1n (1975). Zilahon tan\u00edtott. Cikkei a Korunk, M\u0171vel\u0151d\u00e9s, Szil\u00e1gys\u00e1g, Rom\u00e1niai Magyar Sz\u00f3-ban jelentek meg. Fest\u00e9szeti egy\u00e9ni ki\u00e1ll\u00edt\u00e1sai: Mv (1968, 1978, 1996), Kv. (1975, 1995, 1997, 1998); Zilah (1976 \u2013 t\u00f6bb alkalommal); [&hellip;]<\/p>\n","protected":false},"featured_media":0,"comment_status":"open","ping_status":"closed","template":"","meta":[],"product_brand":[],"product_cat":[137],"product_tag":[],"class_list":{"0":"post-21315","1":"product","2":"type-product","3":"status-publish","5":"product_cat-maros-megyei-eletrajzi-lexikon","7":"first","8":"instock","9":"shipping-taxable","10":"product-type-simple"},"_links":{"self":[{"href":"https:\/\/uj.adatbank.ro\/lexikon\/wp-json\/wp\/v2\/product\/21315","targetHints":{"allow":["GET"]}}],"collection":[{"href":"https:\/\/uj.adatbank.ro\/lexikon\/wp-json\/wp\/v2\/product"}],"about":[{"href":"https:\/\/uj.adatbank.ro\/lexikon\/wp-json\/wp\/v2\/types\/product"}],"replies":[{"embeddable":true,"href":"https:\/\/uj.adatbank.ro\/lexikon\/wp-json\/wp\/v2\/comments?post=21315"}],"wp:attachment":[{"href":"https:\/\/uj.adatbank.ro\/lexikon\/wp-json\/wp\/v2\/media?parent=21315"}],"wp:term":[{"taxonomy":"product_brand","embeddable":true,"href":"https:\/\/uj.adatbank.ro\/lexikon\/wp-json\/wp\/v2\/product_brand?post=21315"},{"taxonomy":"product_cat","embeddable":true,"href":"https:\/\/uj.adatbank.ro\/lexikon\/wp-json\/wp\/v2\/product_cat?post=21315"},{"taxonomy":"product_tag","embeddable":true,"href":"https:\/\/uj.adatbank.ro\/lexikon\/wp-json\/wp\/v2\/product_tag?post=21315"}],"curies":[{"name":"wp","href":"https:\/\/api.w.org\/{rel}","templated":true}]}}

SZABÓ Vilmos

<p>Sáromberke, 1942. szept. 15. † Zilah, 2009. ápr. 6.: festőművész. – A mv.-i Képzőművészeti Líceumban végzett (1964), majd Kv.-on szerzett diplomát a Ion Andreescu Képzőművészeti Főiskolán (1975). Zilahon tanított. Cikkei a Korunk, Művelődés, Szilágyság, Romániai Magyar Szó-ban jelentek meg. <strong>Festészeti egyéni kiállításai:</strong> Mv (1968, 1978, 1996), Kv. (1975, 1995, 1997, 1998); Zilah (1976 – több alkalommal); Bp. (1991); Kazincbarcika (1998). Csoportos kiállításait: Keszthely (1990), Debrecen (1992, 1995, 1996), Szentendre (1992), Hatvan (1999), francio.-i Saint Michel (1998); kisgrafikai kiállításon Tokioban (1998) szerepelt. A Szilágysági magyarok c kötetben (Buk–Kv., 2002) összefoglaló tanulmánya jelent meg. <br /><strong>Irod.:</strong> Galéria a Bernády Házban, RMIL; Szabó-Kállai.</br></p>

<p>Sáromberke, 1942. szept. 15. † Zilah, 2009. ápr. 6.: festőművész. – A mv.-i Képzőművészeti Líceumban végzett (1964), majd Kv.-on szerzett diplomát a Ion Andreescu Képzőművészeti Főiskolán (1975). Zilahon tanított. Cikkei a Korunk, Művelődés, Szilágyság, Romániai Magyar Szó-ban jelentek meg. Festészeti egyéni kiállításai: Mv (1968, 1978, 1996), Kv. (1975, 1995, 1997, 1998); Zilah (1976 – több alkalommal); [&hellip;]</p>
