{"id":21316,"date":"2025-07-22T19:20:36","date_gmt":"2025-07-22T17:20:36","guid":{"rendered":"https:\/\/uj.adatbank.ro\/lexikon\/termek\/szabo-zoltan-%c2%a7\/"},"modified":"2025-07-22T19:20:36","modified_gmt":"2025-07-22T17:20:36","slug":"szabo-zoltan-%c2%a7","status":"publish","type":"product","link":"https:\/\/uj.adatbank.ro\/lexikon\/termek\/szabo-zoltan-%c2%a7\/","title":{"rendered":"SZAB\u00d3 Zolt\u00e1n, \u00a7"},"content":{"rendered":"<p>Hossz\u00faasz\u00f3, 1927. febr.18., \u2020\u00a0Dics\u0151szentm\u00e1rton, 2007. j\u00fan. 22: nyelv\u00e9sz. \u2013 A k\u00f6z\u00e9piskol\u00e1t Mv.-en kezdte \u00e9s Sz\u00e9kelyudvarhelyen fejezte be (1948). A BTE magyar nyelv \u00e9s irodalom szak\u00e1n szerzett oklevelet (1952). M\u00e1r negyed\u00e9ves kor\u00e1ban gyakornok volt a Magyar Nyelv\u00e9szeti Tansz\u00e9ken, majd tan\u00e1rseg\u00e9d (1953\u2013), adjunktus (1957), docens (1961\u2013), egyetemi tan\u00e1r (1971\u201393) nyugd\u00edjask\u00e9nt doktor\u00e1tust vezet\u0151 prof. M\u00e1r tan\u00e1rseg\u00e9dk\u00e9nt el\u0151ad\u00f3ja a le\u00edr\u00f3 nyelvtan, nyelvj\u00e1r\u00e1stan \u00e9s bevezet\u00e9s a nyelvtudom\u00e1nyba, k\u00e9s\u0151bb a magyar nyelvt\u00f6rt\u00e9net, a magyar irodalmi nyelv tant\u00e1rgyaknak. Megszervezte a hatvanas \u00e9vek m\u00e1sodik fel\u00e9ben a Buk.-i Egyetem \u00e9s a Mv.-i Tan\u00e1rk\u00e9pz\u0151 F\u0151iskola Magyar Nyelv \u00e9s Irodalom Tansz\u00e9k\u00e9t, amelyeken m\u00e1sf\u00e9l \u00e9vtizedig tan\u00e1ra volt. Szerkeszt\u0151je a NyIrK-nek. Nyugd\u00edjaz\u00e1sa ut\u00e1n el\u0151adott a miskolci mag\u00e1negyetemen, a P\u00e9csi Janus Pannonius Tudom\u00e1nyegyetemen, az ELTE B\u00f6lcs\u00e9sz Kar\u00e1n, valamint a bp.-i K\u00e1roli G\u00e1sp\u00e1r Ref. Egyetemen. Kutat\u00e1si ter\u00fclete stilisztika \u00e9s sz\u00f6vegnyelv\u00e9szet. R\u00e9szt vett a tansz\u00e9k nyelvj\u00e1r\u00e1skutat\u00e1si programj\u00e1ban, doktor\u00e1tusi dolgozata a Kalotaszegi nyelvj\u00e1r\u00e1s igek\u00e9pz\u0151-haszn\u00e1lat\u00e1r\u00f3l k\u00e9sz\u00fclt (1958). A hatvanas \u00e9vekben foglalkozott a rom\u00e1n-magyark\u00f6lcs\u00f6nhat\u00e1s k\u00e9rd\u00e9seivel. Nyelvt\u00f6rt\u00e9neti \u00e9rdekl\u0151d\u00e9s\u00e9t sz\u00f3fejt\u00e9sek, sz\u00f3magyar\u00e1zatok bizony\u00edtj\u00e1k. K\u00e9s\u0151bb f\u0151leg st\u00edluselm\u00e9let, st\u00edlust\u00f6rt\u00e9net \u00e9s st\u00edluselemz\u00e9ssel foglalkozott. K\u00f6z\u00f6lt a: NyIrK, Magyar Nyelv, Magyar Nyelv\u0151r-ben. \u2013 <strong>F. m.<\/strong>: Kis magyar st\u00edlust\u00f6rt\u00e9net (Buk., 1970; Bp., 1982; Bp., 1986); A mai stilisztika nyelvelm\u00e9leti alapjai (Kv., 1977); Sz\u00f6vegnyelv\u00e9szet \u00e9s stilisztika (Bp., 1988); A magyar sz\u00e9p\u00edr\u00f3i st\u00edlus t\u00f6rt\u00e9net\u00e9nek f\u0151bb ir\u00e1nyai (Bp, 1998); <strong>t\u00e1rssz.:<\/strong> A nyelv vil\u00e1ga (P\u00e9ntek J\u00e1nos-, Teiszler P\u00e1llal; Kv., 1972); N\u00e9pismereti dolgozatok \u2013 1976 (Buk., 1976); A barokk f\u0151bb stil\u00e1ris saj\u00e1toss\u00e1gai Ap\u00e1czai Csere J\u00e1nos m\u0171veiben = Magyarul megsz\u00f3lal\u00f3 tudom\u00e1ny (Bp., 2004); <strong>szerk.:<\/strong> Kis magyar stilisztika Buk., 1968); Tanulm\u00e1nyok a magyar impresszionista st\u00edlusr\u00f3l (Buk., 1976, 1977); Irodalomtudom\u00e1nyi \u00e9s stilisztikai tanulm\u00e1nyok (Buk., 1981, 1984); A sz\u00f6vegvizsg\u00e1lat \u00faj \u00fatjai (Buk., 1982). <br \/><strong>Irod.:<\/strong> K\u00e1ntor\u2013L\u00e1ng; R\u00e9thy\u2013\u00dajv\u00e1ri\u2013V\u00e1czi, RMIL, Sz\u00f6veg \u00e9s st\u00edlus: Sz. Z. k\u00f6sz\u00f6nt\u00e9se (Kv., 1997).<\/br><\/p>\n","protected":false},"excerpt":{"rendered":"<p>Hossz\u00faasz\u00f3, 1927. febr.18., \u2020\u00a0Dics\u0151szentm\u00e1rton, 2007. j\u00fan. 22: nyelv\u00e9sz. \u2013 A k\u00f6z\u00e9piskol\u00e1t Mv.-en kezdte \u00e9s Sz\u00e9kelyudvarhelyen fejezte be (1948). A BTE magyar nyelv \u00e9s irodalom szak\u00e1n szerzett oklevelet (1952). M\u00e1r negyed\u00e9ves kor\u00e1ban gyakornok volt a Magyar Nyelv\u00e9szeti Tansz\u00e9ken, majd tan\u00e1rseg\u00e9d (1953\u2013), adjunktus (1957), docens (1961\u2013), egyetemi tan\u00e1r (1971\u201393) nyugd\u00edjask\u00e9nt doktor\u00e1tust vezet\u0151 prof. M\u00e1r tan\u00e1rseg\u00e9dk\u00e9nt el\u0151ad\u00f3ja a [&hellip;]<\/p>\n","protected":false},"featured_media":0,"comment_status":"open","ping_status":"closed","template":"","meta":[],"product_brand":[],"product_cat":[137],"product_tag":[],"class_list":{"0":"post-21316","1":"product","2":"type-product","3":"status-publish","5":"product_cat-maros-megyei-eletrajzi-lexikon","7":"first","8":"instock","9":"shipping-taxable","10":"product-type-simple"},"_links":{"self":[{"href":"https:\/\/uj.adatbank.ro\/lexikon\/wp-json\/wp\/v2\/product\/21316","targetHints":{"allow":["GET"]}}],"collection":[{"href":"https:\/\/uj.adatbank.ro\/lexikon\/wp-json\/wp\/v2\/product"}],"about":[{"href":"https:\/\/uj.adatbank.ro\/lexikon\/wp-json\/wp\/v2\/types\/product"}],"replies":[{"embeddable":true,"href":"https:\/\/uj.adatbank.ro\/lexikon\/wp-json\/wp\/v2\/comments?post=21316"}],"wp:attachment":[{"href":"https:\/\/uj.adatbank.ro\/lexikon\/wp-json\/wp\/v2\/media?parent=21316"}],"wp:term":[{"taxonomy":"product_brand","embeddable":true,"href":"https:\/\/uj.adatbank.ro\/lexikon\/wp-json\/wp\/v2\/product_brand?post=21316"},{"taxonomy":"product_cat","embeddable":true,"href":"https:\/\/uj.adatbank.ro\/lexikon\/wp-json\/wp\/v2\/product_cat?post=21316"},{"taxonomy":"product_tag","embeddable":true,"href":"https:\/\/uj.adatbank.ro\/lexikon\/wp-json\/wp\/v2\/product_tag?post=21316"}],"curies":[{"name":"wp","href":"https:\/\/api.w.org\/{rel}","templated":true}]}}

SZABÓ Zoltán, §

<p>Hosszúaszó, 1927. febr.18., † Dicsőszentmárton, 2007. jún. 22: nyelvész. – A középiskolát Mv.-en kezdte és Székelyudvarhelyen fejezte be (1948). A BTE magyar nyelv és irodalom szakán szerzett oklevelet (1952). Már negyedéves korában gyakornok volt a Magyar Nyelvészeti Tanszéken, majd tanársegéd (1953–), adjunktus (1957), docens (1961–), egyetemi tanár (1971–93) nyugdíjasként doktorátust vezető prof. Már tanársegédként előadója a leíró nyelvtan, nyelvjárástan és bevezetés a nyelvtudományba, később a magyar nyelvtörténet, a magyar irodalmi nyelv tantárgyaknak. Megszervezte a hatvanas évek második felében a Buk.-i Egyetem és a Mv.-i Tanárképző Főiskola Magyar Nyelv és Irodalom Tanszékét, amelyeken másfél évtizedig tanára volt. Szerkesztője a NyIrK-nek. Nyugdíjazása után előadott a miskolci magánegyetemen, a Pécsi Janus Pannonius Tudományegyetemen, az ELTE Bölcsész Karán, valamint a bp.-i Károli Gáspár Ref. Egyetemen. Kutatási területe stilisztika és szövegnyelvészet. Részt vett a tanszék nyelvjáráskutatási programjában, doktorátusi dolgozata a Kalotaszegi nyelvjárás igeképző-használatáról készült (1958). A hatvanas években foglalkozott a román-magyarkölcsönhatás kérdéseivel. Nyelvtörténeti érdeklődését szófejtések, szómagyarázatok bizonyítják. Később főleg stíluselmélet, stílustörténet és stíluselemzéssel foglalkozott. Közölt a: NyIrK, Magyar Nyelv, Magyar Nyelvőr-ben. – <strong>F. m.</strong>: Kis magyar stílustörténet (Buk., 1970; Bp., 1982; Bp., 1986); A mai stilisztika nyelvelméleti alapjai (Kv., 1977); Szövegnyelvészet és stilisztika (Bp., 1988); A magyar szépírói stílus történetének főbb irányai (Bp, 1998); <strong>társsz.:</strong> A nyelv világa (Péntek János-, Teiszler Pállal; Kv., 1972); Népismereti dolgozatok – 1976 (Buk., 1976); A barokk főbb stiláris sajátosságai Apáczai Csere János műveiben = Magyarul megszólaló tudomány (Bp., 2004); <strong>szerk.:</strong> Kis magyar stilisztika Buk., 1968); Tanulmányok a magyar impresszionista stílusról (Buk., 1976, 1977); Irodalomtudományi és stilisztikai tanulmányok (Buk., 1981, 1984); A szövegvizsgálat új útjai (Buk., 1982). <br /><strong>Irod.:</strong> Kántor–Láng; Réthy–Újvári–Váczi, RMIL, Szöveg és stílus: Sz. Z. köszöntése (Kv., 1997).</br></p>

<p>Hosszúaszó, 1927. febr.18., † Dicsőszentmárton, 2007. jún. 22: nyelvész. – A középiskolát Mv.-en kezdte és Székelyudvarhelyen fejezte be (1948). A BTE magyar nyelv és irodalom szakán szerzett oklevelet (1952). Már negyedéves korában gyakornok volt a Magyar Nyelvészeti Tanszéken, majd tanársegéd (1953–), adjunktus (1957), docens (1961–), egyetemi tanár (1971–93) nyugdíjasként doktorátust vezető prof. Már tanársegédként előadója a [&hellip;]</p>
