{"id":21317,"date":"2025-07-22T19:20:38","date_gmt":"2025-07-22T17:20:38","guid":{"rendered":"https:\/\/uj.adatbank.ro\/lexikon\/termek\/szabo-zoltan-judoka\/"},"modified":"2025-07-22T19:20:38","modified_gmt":"2025-07-22T17:20:38","slug":"szabo-zoltan-judoka","status":"publish","type":"product","link":"https:\/\/uj.adatbank.ro\/lexikon\/termek\/szabo-zoltan-judoka\/","title":{"rendered":"SZAB\u00d3 Zolt\u00e1n Jud\u00f3ka"},"content":{"rendered":"<p>Erd\u0151szentgy\u00f6rgy, 1952. m\u00e1j.24. \u2020 Mv., 2015. aug. 25. v. 26.: k\u00e9pz\u0151m\u0171v\u00e9sz, performer. \u2013 Sz. Zolt\u00e1n \u00e9s Kiss Ir\u00e9n. Feles\u00e9ge: Schneller M\u00e1ria. A kv.-i Ion Andreescu F\u0151iskola hallgat\u00f3ja (1974\u201378), majd uo. mesterk\u00e9pz\u0151s fest\u00e9szetb\u0151l (1979\u201380). Mesterei: Ab\u00f3di Nagy B\u00e9la, Mikl\u00f3ssy G\u00e1bor, T\u00f3th L\u00e1szl\u00f3. A Maros Megyei M\u00fazeum muzeol\u00f3gusa (1979\u20132015). Id\u0151nk\u00e9nt szembeker\u00fclt a hivatalos kult\u00farpolitik\u00e1val. Koll\u00e1zs technik\u00e1val k\u00e9sz\u00fclt a nagym\u00e9ret\u0171 Visszat\u00e9r\u0151 mot\u00edvum c. alkot\u00e1sa. A rendszerv\u00e1ltoz\u00e1s ut\u00e1n t\u00f6bb install\u00e1ci\u00f3t \u00e9s performanszot k\u00e9sz\u00edtett. Essz\u00e9ket \u00e9s m\u0171vel\u0151d\u00e9st\u00f6rt\u00e9neti cikkeket \u00edrt. Tagja volt az Etna csoportnak, a Vajda Lajos St\u00fadi\u00f3nak. R\u00e9sztvev\u0151je az AnnaArt M\u0171v\u00e9szeti Fesztiv\u00e1lnak a Szent Anna-t\u00f3n\u00e1l, a tokaji H, a zabolai T\u00e1jmisztik\u00e1n, a k\u00e9pz\u0151m\u0171v\u00e9szeti alkot\u00f3t\u00e1borokban Gernyeszegen, Sz\u00e1rhegyen. Ki\u00e1ll\u00edt\u00e1sai: Kv. (1979), Mv., Nagyb\u00e1nya, Bp. (1989), Szentendre (1996), Mv. (1998). Reprodukci\u00f3k: \u00d6t\u00f6dik \u00e9vszak: antol\u00f3gia (Mv., 1980). Tagja a MAM\u0170 \u00e9s ETNA t\u00e1rsas\u00e1gnak. <br \/><strong>Irod.:<\/strong> 100 \u00e9v; EMKK 2010; V\u00e9csi Nagy Zolt\u00e1n: Szab\u00f3 Zolt\u00e1n Jud\u00f3ka (Sepsiszentgy\u00f6rgy, 2017).<\/br><\/p>\n","protected":false},"excerpt":{"rendered":"<p>Erd\u0151szentgy\u00f6rgy, 1952. m\u00e1j.24. \u2020 Mv., 2015. aug. 25. v. 26.: k\u00e9pz\u0151m\u0171v\u00e9sz, performer. \u2013 Sz. Zolt\u00e1n \u00e9s Kiss Ir\u00e9n. Feles\u00e9ge: Schneller M\u00e1ria. A kv.-i Ion Andreescu F\u0151iskola hallgat\u00f3ja (1974\u201378), majd uo. mesterk\u00e9pz\u0151s fest\u00e9szetb\u0151l (1979\u201380). Mesterei: Ab\u00f3di Nagy B\u00e9la, Mikl\u00f3ssy G\u00e1bor, T\u00f3th L\u00e1szl\u00f3. A Maros Megyei M\u00fazeum muzeol\u00f3gusa (1979\u20132015). Id\u0151nk\u00e9nt szembeker\u00fclt a hivatalos kult\u00farpolitik\u00e1val. Koll\u00e1zs technik\u00e1val k\u00e9sz\u00fclt [&hellip;]<\/p>\n","protected":false},"featured_media":0,"comment_status":"open","ping_status":"closed","template":"","meta":[],"product_brand":[],"product_cat":[137],"product_tag":[],"class_list":{"0":"post-21317","1":"product","2":"type-product","3":"status-publish","5":"product_cat-maros-megyei-eletrajzi-lexikon","7":"first","8":"instock","9":"shipping-taxable","10":"product-type-simple"},"_links":{"self":[{"href":"https:\/\/uj.adatbank.ro\/lexikon\/wp-json\/wp\/v2\/product\/21317","targetHints":{"allow":["GET"]}}],"collection":[{"href":"https:\/\/uj.adatbank.ro\/lexikon\/wp-json\/wp\/v2\/product"}],"about":[{"href":"https:\/\/uj.adatbank.ro\/lexikon\/wp-json\/wp\/v2\/types\/product"}],"replies":[{"embeddable":true,"href":"https:\/\/uj.adatbank.ro\/lexikon\/wp-json\/wp\/v2\/comments?post=21317"}],"wp:attachment":[{"href":"https:\/\/uj.adatbank.ro\/lexikon\/wp-json\/wp\/v2\/media?parent=21317"}],"wp:term":[{"taxonomy":"product_brand","embeddable":true,"href":"https:\/\/uj.adatbank.ro\/lexikon\/wp-json\/wp\/v2\/product_brand?post=21317"},{"taxonomy":"product_cat","embeddable":true,"href":"https:\/\/uj.adatbank.ro\/lexikon\/wp-json\/wp\/v2\/product_cat?post=21317"},{"taxonomy":"product_tag","embeddable":true,"href":"https:\/\/uj.adatbank.ro\/lexikon\/wp-json\/wp\/v2\/product_tag?post=21317"}],"curies":[{"name":"wp","href":"https:\/\/api.w.org\/{rel}","templated":true}]}}

SZABÓ Zoltán Judóka

<p>Erdőszentgyörgy, 1952. máj.24. † Mv., 2015. aug. 25. v. 26.: képzőművész, performer. – Sz. Zoltán és Kiss Irén. Felesége: Schneller Mária. A kv.-i Ion Andreescu Főiskola hallgatója (1974–78), majd uo. mesterképzős festészetből (1979–80). Mesterei: Abódi Nagy Béla, Miklóssy Gábor, Tóth László. A Maros Megyei Múzeum muzeológusa (1979–2015). Időnként szembekerült a hivatalos kultúrpolitikával. Kollázs technikával készült a nagyméretű Visszatérő motívum c. alkotása. A rendszerváltozás után több installációt és performanszot készített. Esszéket és művelődéstörténeti cikkeket írt. Tagja volt az Etna csoportnak, a Vajda Lajos Stúdiónak. Résztvevője az AnnaArt Művészeti Fesztiválnak a Szent Anna-tónál, a tokaji H, a zabolai Tájmisztikán, a képzőművészeti alkotótáborokban Gernyeszegen, Szárhegyen. Kiállításai: Kv. (1979), Mv., Nagybánya, Bp. (1989), Szentendre (1996), Mv. (1998). Reprodukciók: Ötödik évszak: antológia (Mv., 1980). Tagja a MAMŰ és ETNA társaságnak. <br /><strong>Irod.:</strong> 100 év; EMKK 2010; Vécsi Nagy Zoltán: Szabó Zoltán Judóka (Sepsiszentgyörgy, 2017).</br></p>

<p>Erdőszentgyörgy, 1952. máj.24. † Mv., 2015. aug. 25. v. 26.: képzőművész, performer. – Sz. Zoltán és Kiss Irén. Felesége: Schneller Mária. A kv.-i Ion Andreescu Főiskola hallgatója (1974–78), majd uo. mesterképzős festészetből (1979–80). Mesterei: Abódi Nagy Béla, Miklóssy Gábor, Tóth László. A Maros Megyei Múzeum muzeológusa (1979–2015). Időnként szembekerült a hivatalos kultúrpolitikával. Kollázs technikával készült [&hellip;]</p>
