{"id":21319,"date":"2025-07-22T19:20:43","date_gmt":"2025-07-22T17:20:43","guid":{"rendered":"https:\/\/uj.adatbank.ro\/lexikon\/termek\/szabolcska-mihaly-%c2%a7\/"},"modified":"2025-07-22T19:20:43","modified_gmt":"2025-07-22T17:20:43","slug":"szabolcska-mihaly-%c2%a7","status":"publish","type":"product","link":"https:\/\/uj.adatbank.ro\/lexikon\/termek\/szabolcska-mihaly-%c2%a7\/","title":{"rendered":"SZABOLCSKA Mih\u00e1ly, \u00a7"},"content":{"rendered":"<p>\u00d3k\u00e9cske, ma Tiszak\u00e9cske (Pets megye), 1862. szept. 29. v. 30. \u2020\u00a0Temesv\u00e1r, 1930. okt. 31: k\u00f6lt\u0151, ref. lelk\u00e9sz. \u2013 A kecskem\u00e9ti ref. gimn.-ban tanult (1874\u201378), a debreceni ref. teol. akad.-n lelk\u00e9szi oklevelet szerzett (1886), Genfben \u00e9s P\u00e1rizsban teol\u00f3gi\u00e1t \u00e9s irodalomt\u00f6rt\u00e9netet tanult (1890\u201392). Seg\u00e9dlelk\u00e9sz Debrecenben (1892), lelk\u00e9sz Marosfelfaluban (1892 \u0151sz\u00e9t\u0151l\u20131899), Gid\u00f3falvy Istv\u00e1n\u00e9kkal szoros bar\u00e1ts\u00e1gba ker\u00fclt. A Gid\u00f3falvy h\u00e1zasp\u00e1r volt a legf\u0151bb t\u00e1masza, n\u00e1sznagya. H\u00e1l\u00e1b\u00f3l Gid\u00f3falvy Istv\u00e1nn\u00e9nak aj\u00e1nlotta 1898-ban megjelent k\u00f6ltem\u00e9nyeit. Ezut\u00e1n temesv\u00e1ri ref. lelk\u00e9sz (1899\u2013). Ismert k\u00f6lt\u0151 Mv.-en volt (1920), \u00fajb\u00f3l Mv.-en tal\u00e1ljuk, tisztelet\u00e9re T\u00f3tfalusi J\u00f3zsef \u00e9s a KZST vacsor\u00e1t rendezett a B\u00e1nyai vend\u00e9gl\u0151ben. M\u00e1snap irodalmi esten volt Szov\u00e1t\u00e1n Molter K\u00e1roly t\u00e1rsas\u00e1g\u00e1ban (1921. j\u00fal. 13). A megalakult M. P. egyik aleln\u00f6k\u00e9v\u00e9 v\u00e1lasztott\u00e1k (1922). \u0150 fogadta \u00e9s m. nyelven k\u00f6sz\u00f6nt\u00f6tte Ferdin\u00e1nd kir\u00e1lyt (1923. nov. 12.). Bp.-re k\u00f6lt\u00f6z\u00f6tt (1928\u2013). Versei (1892\u2013) jelentek meg, a F\u0151v\u00e1rosi Lapok -ban megjelent k\u00f6ltem\u00e9nyeit Be\u00f6thy Zsolt k\u00f6sz\u00f6nt\u00f6tte. A n\u00e9p-nemzeti ir\u00e1nyzat ut\u00e1nz\u00f3inak, a Pet\u0151fi-epigonok hazafias k\u00f6lt\u00e9szet\u00e9nek egyik legismertebb \u00e9s jellegzetes k\u00e9pvisel\u0151je. \u00c9nekek a ref \u00e9nekesk\u00f6nyvben. Az MTA tagja (l. 1908, t. 1926). A Kisfaludy T\u00e1rs. tagja (r. 1899), titk\u00e1ra (1929\u201330), a M. Prot. Irod. T\u00e1rs. (v\u00e1lasztm\u00e1nyi 1903), a Pet\u0151fi T\u00e1rs. (t. 1910) tagja; a temesv\u00e1ri Arany J\u00e1nos T\u00e1rs. eln\u00f6ke (1909\u2013), t. tagja (1925). A Pet\u0151fi T\u00e1rs. Pet\u0151fi-nagyd\u00edja (1921), az MTA Marczib\u00e1nyi-mell\u00e9kjutalma (1924), Corvin-koszor\u00fa (1930). A marosfelfalusi par\u00f3kia fal\u00e1n eml\u00e9kt\u00e1bl\u00e1t helyeztek el, eml\u00e9kszob\u00e1t rendeztek be \u00e9s a templomkertben \u00e1ll a szobra. \u2013 <strong><strong>F. m.<\/strong><\/strong>: K\u00f6ltem\u00e9nyek (Debrecen, 1891); Hangulatok (versek; Bp., 1894); Valahol valaki..: \u00dajabb versek (Bp., 1898); Versek (Bp., 1898); Szabad \u00f3r\u00e1k: Versek (Bp., 1901); \u00c1h\u00edtat \u00e9s szeretet: Versek (Bp., 1903); Csendes dalok: Versek (Bp., 1904); A magam \u00f6sv\u00e9ny\u00e9n: Versek (Bp., 1907); Dalok hazulr\u00f3l \u00e9s egy\u00e9b versek (Bp., 1911); Sz\u00edvem szerint: Versek (Bp., 1916); Eszm\u00e9nyek, \u00e1lmok: Versek (Timi\u0219oara, 1921); \u00d6sszes k\u00f6ltem\u00e9nyei (1921); V\u00e1logatott versek k\u00f6nyve (Temesv\u00e1r, 1922); Isten k\u00f6zel\u00e9ben: Versek (Tahit\u00f3tfalu, 1928); \u0150seim nyom\u00e1n: Versek (Bp., 1928); Sz. M. verseib\u0151l (Bp., \u00e9.n.); V\u00e1logatott munk\u00e1i (Bp., 2001); <strong>antol\u00f3g.:<\/strong> Magyar versek k\u00f6nyve (Bp., 1942); <strong>szerk.:<\/strong> H\u00e1bor\u00fas versek (Bp., 1914, 1916). <br \/><strong>Irod.:<\/strong> 1924\u20131944 Helikon; B\u00f6l\u00f6ni Domokos: Sz. M. \u00e9s marosfelfalu (N\u0151., Sz\u00ednes Vil\u00e1g, 2011. j\u00fan. 25.); Dsida; Helikon 1924\u20131944; Id\u0151t\u00e1r 3; Kelemen L.; Kelemen Lajos: Dr. Gid\u00f3falvy Istv\u00e1n (Kv., 2002); Marosi-Helikon; Marosi-KZST; MNL; Molter 2.; Osv\u00e1th; Pomog\u00e1ts 1.; Ravasz L\u00e1szl\u00f3 \u2013 Szabolcska L\u00e1szl\u00f3: Sz. M. (Debrecen, 1943); Rem\u00e9nyik S\u00e1ndor: Sz. M. (P\u00e1sztort\u0171z, 10. sz., 1922. m\u00e1rc. 12.); RMIL; \u00daM\u00c9L; \u00dcnnepi k\u00f6nyv.<\/br><\/p>\n","protected":false},"excerpt":{"rendered":"<p>\u00d3k\u00e9cske, ma Tiszak\u00e9cske (Pets megye), 1862. szept. 29. v. 30. \u2020\u00a0Temesv\u00e1r, 1930. okt. 31: k\u00f6lt\u0151, ref. lelk\u00e9sz. \u2013 A kecskem\u00e9ti ref. gimn.-ban tanult (1874\u201378), a debreceni ref. teol. akad.-n lelk\u00e9szi oklevelet szerzett (1886), Genfben \u00e9s P\u00e1rizsban teol\u00f3gi\u00e1t \u00e9s irodalomt\u00f6rt\u00e9netet tanult (1890\u201392). Seg\u00e9dlelk\u00e9sz Debrecenben (1892), lelk\u00e9sz Marosfelfaluban (1892 \u0151sz\u00e9t\u0151l\u20131899), Gid\u00f3falvy Istv\u00e1n\u00e9kkal szoros bar\u00e1ts\u00e1gba ker\u00fclt. A Gid\u00f3falvy [&hellip;]<\/p>\n","protected":false},"featured_media":0,"comment_status":"open","ping_status":"closed","template":"","meta":[],"product_brand":[],"product_cat":[137],"product_tag":[],"class_list":{"0":"post-21319","1":"product","2":"type-product","3":"status-publish","5":"product_cat-maros-megyei-eletrajzi-lexikon","7":"first","8":"instock","9":"shipping-taxable","10":"product-type-simple"},"_links":{"self":[{"href":"https:\/\/uj.adatbank.ro\/lexikon\/wp-json\/wp\/v2\/product\/21319","targetHints":{"allow":["GET"]}}],"collection":[{"href":"https:\/\/uj.adatbank.ro\/lexikon\/wp-json\/wp\/v2\/product"}],"about":[{"href":"https:\/\/uj.adatbank.ro\/lexikon\/wp-json\/wp\/v2\/types\/product"}],"replies":[{"embeddable":true,"href":"https:\/\/uj.adatbank.ro\/lexikon\/wp-json\/wp\/v2\/comments?post=21319"}],"wp:attachment":[{"href":"https:\/\/uj.adatbank.ro\/lexikon\/wp-json\/wp\/v2\/media?parent=21319"}],"wp:term":[{"taxonomy":"product_brand","embeddable":true,"href":"https:\/\/uj.adatbank.ro\/lexikon\/wp-json\/wp\/v2\/product_brand?post=21319"},{"taxonomy":"product_cat","embeddable":true,"href":"https:\/\/uj.adatbank.ro\/lexikon\/wp-json\/wp\/v2\/product_cat?post=21319"},{"taxonomy":"product_tag","embeddable":true,"href":"https:\/\/uj.adatbank.ro\/lexikon\/wp-json\/wp\/v2\/product_tag?post=21319"}],"curies":[{"name":"wp","href":"https:\/\/api.w.org\/{rel}","templated":true}]}}

SZABOLCSKA Mihály, §

<p>Ókécske, ma Tiszakécske (Pets megye), 1862. szept. 29. v. 30. † Temesvár, 1930. okt. 31: költő, ref. lelkész. – A kecskeméti ref. gimn.-ban tanult (1874–78), a debreceni ref. teol. akad.-n lelkészi oklevelet szerzett (1886), Genfben és Párizsban teológiát és irodalomtörténetet tanult (1890–92). Segédlelkész Debrecenben (1892), lelkész Marosfelfaluban (1892 őszétől–1899), Gidófalvy Istvánékkal szoros barátságba került. A Gidófalvy házaspár volt a legfőbb támasza, násznagya. Hálából Gidófalvy Istvánnénak ajánlotta 1898-ban megjelent költeményeit. Ezután temesvári ref. lelkész (1899–). Ismert költő Mv.-en volt (1920), újból Mv.-en találjuk, tiszteletére Tótfalusi József és a KZST vacsorát rendezett a Bányai vendéglőben. Másnap irodalmi esten volt Szovátán Molter Károly társaságában (1921. júl. 13). A megalakult M. P. egyik alelnökévé választották (1922). Ő fogadta és m. nyelven köszöntötte Ferdinánd királyt (1923. nov. 12.). Bp.-re költözött (1928–). Versei (1892–) jelentek meg, a Fővárosi Lapok -ban megjelent költeményeit Beöthy Zsolt köszöntötte. A nép-nemzeti irányzat utánzóinak, a Petőfi-epigonok hazafias költészetének egyik legismertebb és jellegzetes képviselője. Énekek a ref énekeskönyvben. Az MTA tagja (l. 1908, t. 1926). A Kisfaludy Társ. tagja (r. 1899), titkára (1929–30), a M. Prot. Irod. Társ. (választmányi 1903), a Petőfi Társ. (t. 1910) tagja; a temesvári Arany János Társ. elnöke (1909–), t. tagja (1925). A Petőfi Társ. Petőfi-nagydíja (1921), az MTA Marczibányi-mellékjutalma (1924), Corvin-koszorú (1930). A marosfelfalusi parókia falán emléktáblát helyeztek el, emlékszobát rendeztek be és a templomkertben áll a szobra. – <strong><strong>F. m.</strong></strong>: Költemények (Debrecen, 1891); Hangulatok (versek; Bp., 1894); Valahol valaki..: Újabb versek (Bp., 1898); Versek (Bp., 1898); Szabad órák: Versek (Bp., 1901); Áhítat és szeretet: Versek (Bp., 1903); Csendes dalok: Versek (Bp., 1904); A magam ösvényén: Versek (Bp., 1907); Dalok hazulról és egyéb versek (Bp., 1911); Szívem szerint: Versek (Bp., 1916); Eszmények, álmok: Versek (Timișoara, 1921); Összes költeményei (1921); Válogatott versek könyve (Temesvár, 1922); Isten közelében: Versek (Tahitótfalu, 1928); Őseim nyomán: Versek (Bp., 1928); Sz. M. verseiből (Bp., é.n.); Válogatott munkái (Bp., 2001); <strong>antológ.:</strong> Magyar versek könyve (Bp., 1942); <strong>szerk.:</strong> Háborús versek (Bp., 1914, 1916). <br /><strong>Irod.:</strong> 1924–1944 Helikon; Bölöni Domokos: Sz. M. és marosfelfalu (Nő., Színes Világ, 2011. jún. 25.); Dsida; Helikon 1924–1944; Időtár 3; Kelemen L.; Kelemen Lajos: Dr. Gidófalvy István (Kv., 2002); Marosi-Helikon; Marosi-KZST; MNL; Molter 2.; Osváth; Pomogáts 1.; Ravasz László – Szabolcska László: Sz. M. (Debrecen, 1943); Reményik Sándor: Sz. M. (Pásztortűz, 10. sz., 1922. márc. 12.); RMIL; ÚMÉL; Ünnepi könyv.</br></p>

<p>Ókécske, ma Tiszakécske (Pets megye), 1862. szept. 29. v. 30. † Temesvár, 1930. okt. 31: költő, ref. lelkész. – A kecskeméti ref. gimn.-ban tanult (1874–78), a debreceni ref. teol. akad.-n lelkészi oklevelet szerzett (1886), Genfben és Párizsban teológiát és irodalomtörténetet tanult (1890–92). Segédlelkész Debrecenben (1892), lelkész Marosfelfaluban (1892 őszétől–1899), Gidófalvy Istvánékkal szoros barátságba került. A Gidófalvy [&hellip;]</p>
