{"id":21330,"date":"2025-07-22T19:21:08","date_gmt":"2025-07-22T17:21:08","guid":{"rendered":"https:\/\/uj.adatbank.ro\/lexikon\/termek\/szakacs-geza\/"},"modified":"2025-07-22T19:21:08","modified_gmt":"2025-07-22T17:21:08","slug":"szakacs-geza","status":"publish","type":"product","link":"https:\/\/uj.adatbank.ro\/lexikon\/termek\/szakacs-geza\/","title":{"rendered":"SZAK\u00c1CS G\u00e9za"},"content":{"rendered":"<p>Nagyv\u00e1rad, 1933. dec. 22., \u2020\u00a0Mv., 2002. jan. 4. .: ref. lelkip\u00e1sztor. \u2013 Sz.G\u00e9za, ref. lelkip\u00e1sztor \u00e9s K\u00f6ves Ilona, zongoratan\u00e1rn\u0151 fia. Elv\u00e1lt. Gyermekeik: Attila (1966), Zsolt (1967), Enik\u0151 (1969), Gell\u00e9rt (1973). \u2013 A Kv.-i Protest\u00e1ns Teol\u00f3gi\u00e1n v\u00e9gzett. \u2013 \u00d3tord\u00e1n volt seg\u00e9dlelk\u00e9sz (1956), Abrudb\u00e1ny\u00e1n seg\u00e9dlelk\u00e9sz (1958), par\u00f3kus lelk\u00e9sz (1967-ig), lelk\u00e9sz. K\u00e1poszt\u00e1sszentmikl\u00f3son, ahol nyugd\u00edjas kor\u00e1ig v\u00e9gezte a lelkip\u00e1sztori munk\u00e1j\u00e1t. \u00d6ssze\u00e1ll\u00edtotta a K\u00e1poszt\u00e1sszentmikl\u00f3s\u2013Csiba Reform\u00e1tus Egyh\u00e1zk\u00f6zs\u00e9g monogr\u00e1fi\u00e1j\u00e1t. <br \/><strong>Irod.:<\/strong> Cs\u00e1ky; EMKK 2000.<\/br><\/p>\n","protected":false},"excerpt":{"rendered":"<p>Nagyv\u00e1rad, 1933. dec. 22., \u2020\u00a0Mv., 2002. jan. 4. .: ref. lelkip\u00e1sztor. \u2013 Sz.G\u00e9za, ref. lelkip\u00e1sztor \u00e9s K\u00f6ves Ilona, zongoratan\u00e1rn\u0151 fia. Elv\u00e1lt. Gyermekeik: Attila (1966), Zsolt (1967), Enik\u0151 (1969), Gell\u00e9rt (1973). \u2013 A Kv.-i Protest\u00e1ns Teol\u00f3gi\u00e1n v\u00e9gzett. \u2013 \u00d3tord\u00e1n volt seg\u00e9dlelk\u00e9sz (1956), Abrudb\u00e1ny\u00e1n seg\u00e9dlelk\u00e9sz (1958), par\u00f3kus lelk\u00e9sz (1967-ig), lelk\u00e9sz. K\u00e1poszt\u00e1sszentmikl\u00f3son, ahol nyugd\u00edjas kor\u00e1ig v\u00e9gezte a lelkip\u00e1sztori [&hellip;]<\/p>\n","protected":false},"featured_media":0,"comment_status":"open","ping_status":"closed","template":"","meta":[],"product_brand":[],"product_cat":[137],"product_tag":[],"class_list":{"0":"post-21330","1":"product","2":"type-product","3":"status-publish","5":"product_cat-maros-megyei-eletrajzi-lexikon","7":"first","8":"instock","9":"shipping-taxable","10":"product-type-simple"},"_links":{"self":[{"href":"https:\/\/uj.adatbank.ro\/lexikon\/wp-json\/wp\/v2\/product\/21330","targetHints":{"allow":["GET"]}}],"collection":[{"href":"https:\/\/uj.adatbank.ro\/lexikon\/wp-json\/wp\/v2\/product"}],"about":[{"href":"https:\/\/uj.adatbank.ro\/lexikon\/wp-json\/wp\/v2\/types\/product"}],"replies":[{"embeddable":true,"href":"https:\/\/uj.adatbank.ro\/lexikon\/wp-json\/wp\/v2\/comments?post=21330"}],"wp:attachment":[{"href":"https:\/\/uj.adatbank.ro\/lexikon\/wp-json\/wp\/v2\/media?parent=21330"}],"wp:term":[{"taxonomy":"product_brand","embeddable":true,"href":"https:\/\/uj.adatbank.ro\/lexikon\/wp-json\/wp\/v2\/product_brand?post=21330"},{"taxonomy":"product_cat","embeddable":true,"href":"https:\/\/uj.adatbank.ro\/lexikon\/wp-json\/wp\/v2\/product_cat?post=21330"},{"taxonomy":"product_tag","embeddable":true,"href":"https:\/\/uj.adatbank.ro\/lexikon\/wp-json\/wp\/v2\/product_tag?post=21330"}],"curies":[{"name":"wp","href":"https:\/\/api.w.org\/{rel}","templated":true}]}}

SZAKÁCS Géza

<p>Nagyvárad, 1933. dec. 22., † Mv., 2002. jan. 4. .: ref. lelkipásztor. – Sz.Géza, ref. lelkipásztor és Köves Ilona, zongoratanárnő fia. Elvált. Gyermekeik: Attila (1966), Zsolt (1967), Enikő (1969), Gellért (1973). – A Kv.-i Protestáns Teológián végzett. – Ótordán volt segédlelkész (1956), Abrudbányán segédlelkész (1958), parókus lelkész (1967-ig), lelkész. Káposztásszentmiklóson, ahol nyugdíjas koráig végezte a lelkipásztori munkáját. Összeállította a Káposztásszentmiklós–Csiba Református Egyházközség monográfiáját. <br /><strong>Irod.:</strong> Csáky; EMKK 2000.</br></p>

<p>Nagyvárad, 1933. dec. 22., † Mv., 2002. jan. 4. .: ref. lelkipásztor. – Sz.Géza, ref. lelkipásztor és Köves Ilona, zongoratanárnő fia. Elvált. Gyermekeik: Attila (1966), Zsolt (1967), Enikő (1969), Gellért (1973). – A Kv.-i Protestáns Teológián végzett. – Ótordán volt segédlelkész (1956), Abrudbányán segédlelkész (1958), parókus lelkész (1967-ig), lelkész. Káposztásszentmiklóson, ahol nyugdíjas koráig végezte a lelkipásztori [&hellip;]</p>
