{"id":21332,"date":"2025-07-22T19:21:11","date_gmt":"2025-07-22T17:21:11","guid":{"rendered":"https:\/\/uj.adatbank.ro\/lexikon\/termek\/szakacs-gyorgy-2\/"},"modified":"2025-07-22T19:21:11","modified_gmt":"2025-07-22T17:21:11","slug":"szakacs-gyorgy-2","status":"publish","type":"product","link":"https:\/\/uj.adatbank.ro\/lexikon\/termek\/szakacs-gyorgy-2\/","title":{"rendered":"SZAK\u00c1CS Gy\u00f6rgy"},"content":{"rendered":"<p>Kv., 1921. okt. 1., \u2020\u00a0Mv., 1986. okt. 14.: d\u00edszlettervez\u0151. \u2013 Tizenkilenc \u00e9ves kor\u00e1ban ker\u00fclt Varga M\u00e1ty\u00e1s mell\u00e9 mint seg\u00e9dfest\u0151, azt\u00e1n Ol\u00e1h Guszt\u00e1v terveinek kivitelez\u00e9s\u00e9n dolgozott. K\u00f6zben Kv.-on Szolnay S\u00e1ndor \u00e9s Kov\u00e1cs Zolt\u00e1n mag\u00e1n fest\u0151iskol\u00e1j\u00e1ban tanult, amig megny\u00edlt a fest\u0151iskola, ahol szint\u00e9n Kov\u00e1cs Zolt\u00e1n, majd Cornea prof. tan\u00edtv\u00e1nyak\u00e9nt v\u00e9gzett. A kv.-i \u00c1ll. M. Sz\u00ednh\u00e1z (1946\u201348), ott k\u00e9sz\u00edtette els\u0151 \u00f6n\u00e1ll\u00f3 d\u00edszletterv\u00e9t Az ember trag\u00e9di\u00e1j\u00e1hoz (1946); a kv.-i M. Opera tagja (1948\u201358), 50 operael\u0151ad\u00e1shoz k\u00e9sz\u00edtett d\u00edszletet a Mv.-i Nemzeti Sz\u00ednh\u00e1z diszlettervez\u0151je (1958\u201381), el\u0151bb a magyar tagozaton (1958\u201369), majd a rom\u00e1n szekci\u00f3n volt (1969\u201381). Mintegy 300 darabhoz tervezett konstruktivista szeml\u00e9let\u0171 d\u00edszleteket. \u2013 <strong><strong>F. m.<\/strong><\/strong>: d\u00edszletek: G\u00e1rdonyi G.: A bor; Mad\u00e1ch Imre: Az ember trag\u00e9di\u00e1ja; Katona J\u00f3zsef: B\u00e1nk b\u00e1n; Gorkij: \u00c9jjeli mened\u00e9khely; G. Feydau: Osztrig\u00e1s Mici; Raffai S.: Diplom\u00e1sok; Shakespeare: R\u00f3me\u00f3 \u00e9s J\u00falia; Sz\u00e9p E.: Lila \u00e1k\u00e1c; T\u00f3th E.: A falu rossza; Puccini: Tosca; Verdi: Rigoletto; R. Wagner: A bolyg\u00f3 hollandi. <br \/><strong>Irod.:<\/strong> Horv\u00e1th Bea; K\u00e1ntor-K\u00f6t\u0151; Marosi Ildik\u00f3: Besz\u00e9lget\u00e9s Sz. Gy. d\u00edszlettervez\u0151vel (\u00daj \u00c9let, 1974. 7. sz.); M\u00c9L; Pers. mure\u015fene; Todea 2013; \u00daM\u00c9L.<\/br><\/p>\n","protected":false},"excerpt":{"rendered":"<p>Kv., 1921. okt. 1., \u2020\u00a0Mv., 1986. okt. 14.: d\u00edszlettervez\u0151. \u2013 Tizenkilenc \u00e9ves kor\u00e1ban ker\u00fclt Varga M\u00e1ty\u00e1s mell\u00e9 mint seg\u00e9dfest\u0151, azt\u00e1n Ol\u00e1h Guszt\u00e1v terveinek kivitelez\u00e9s\u00e9n dolgozott. K\u00f6zben Kv.-on Szolnay S\u00e1ndor \u00e9s Kov\u00e1cs Zolt\u00e1n mag\u00e1n fest\u0151iskol\u00e1j\u00e1ban tanult, amig megny\u00edlt a fest\u0151iskola, ahol szint\u00e9n Kov\u00e1cs Zolt\u00e1n, majd Cornea prof. tan\u00edtv\u00e1nyak\u00e9nt v\u00e9gzett. A kv.-i \u00c1ll. M. Sz\u00ednh\u00e1z (1946\u201348), ott [&hellip;]<\/p>\n","protected":false},"featured_media":0,"comment_status":"open","ping_status":"closed","template":"","meta":[],"product_brand":[],"product_cat":[137],"product_tag":[],"class_list":{"0":"post-21332","1":"product","2":"type-product","3":"status-publish","5":"product_cat-maros-megyei-eletrajzi-lexikon","7":"first","8":"instock","9":"shipping-taxable","10":"product-type-simple"},"_links":{"self":[{"href":"https:\/\/uj.adatbank.ro\/lexikon\/wp-json\/wp\/v2\/product\/21332","targetHints":{"allow":["GET"]}}],"collection":[{"href":"https:\/\/uj.adatbank.ro\/lexikon\/wp-json\/wp\/v2\/product"}],"about":[{"href":"https:\/\/uj.adatbank.ro\/lexikon\/wp-json\/wp\/v2\/types\/product"}],"replies":[{"embeddable":true,"href":"https:\/\/uj.adatbank.ro\/lexikon\/wp-json\/wp\/v2\/comments?post=21332"}],"wp:attachment":[{"href":"https:\/\/uj.adatbank.ro\/lexikon\/wp-json\/wp\/v2\/media?parent=21332"}],"wp:term":[{"taxonomy":"product_brand","embeddable":true,"href":"https:\/\/uj.adatbank.ro\/lexikon\/wp-json\/wp\/v2\/product_brand?post=21332"},{"taxonomy":"product_cat","embeddable":true,"href":"https:\/\/uj.adatbank.ro\/lexikon\/wp-json\/wp\/v2\/product_cat?post=21332"},{"taxonomy":"product_tag","embeddable":true,"href":"https:\/\/uj.adatbank.ro\/lexikon\/wp-json\/wp\/v2\/product_tag?post=21332"}],"curies":[{"name":"wp","href":"https:\/\/api.w.org\/{rel}","templated":true}]}}

SZAKÁCS György

<p>Kv., 1921. okt. 1., † Mv., 1986. okt. 14.: díszlettervező. – Tizenkilenc éves korában került Varga Mátyás mellé mint segédfestő, aztán Oláh Gusztáv terveinek kivitelezésén dolgozott. Közben Kv.-on Szolnay Sándor és Kovács Zoltán magán festőiskolájában tanult, amig megnyílt a festőiskola, ahol szintén Kovács Zoltán, majd Cornea prof. tanítványaként végzett. A kv.-i Áll. M. Színház (1946–48), ott készítette első önálló díszlettervét Az ember tragédiájához (1946); a kv.-i M. Opera tagja (1948–58), 50 operaelőadáshoz készített díszletet a Mv.-i Nemzeti Színház diszlettervezője (1958–81), előbb a magyar tagozaton (1958–69), majd a román szekción volt (1969–81). Mintegy 300 darabhoz tervezett konstruktivista szemléletű díszleteket. – <strong><strong>F. m.</strong></strong>: díszletek: Gárdonyi G.: A bor; Madách Imre: Az ember tragédiája; Katona József: Bánk bán; Gorkij: Éjjeli menedékhely; G. Feydau: Osztrigás Mici; Raffai S.: Diplomások; Shakespeare: Rómeó és Júlia; Szép E.: Lila ákác; Tóth E.: A falu rossza; Puccini: Tosca; Verdi: Rigoletto; R. Wagner: A bolygó hollandi. <br /><strong>Irod.:</strong> Horváth Bea; Kántor-Kötő; Marosi Ildikó: Beszélgetés Sz. Gy. díszlettervezővel (Új Élet, 1974. 7. sz.); MÉL; Pers. mureşene; Todea 2013; ÚMÉL.</br></p>

<p>Kv., 1921. okt. 1., † Mv., 1986. okt. 14.: díszlettervező. – Tizenkilenc éves korában került Varga Mátyás mellé mint segédfestő, aztán Oláh Gusztáv terveinek kivitelezésén dolgozott. Közben Kv.-on Szolnay Sándor és Kovács Zoltán magán festőiskolájában tanult, amig megnyílt a festőiskola, ahol szintén Kovács Zoltán, majd Cornea prof. tanítványaként végzett. A kv.-i Áll. M. Színház (1946–48), ott [&hellip;]</p>
