{"id":2134,"date":"2025-06-28T12:04:51","date_gmt":"2025-06-28T10:04:51","guid":{"rendered":"https:\/\/uj.adatbank.ro\/lexikon\/termek\/bandi-dezso\/"},"modified":"2025-06-28T12:04:51","modified_gmt":"2025-06-28T10:04:51","slug":"bandi-dezso","status":"publish","type":"product","link":"https:\/\/uj.adatbank.ro\/lexikon\/termek\/bandi-dezso\/","title":{"rendered":"BANDI Dezs\u0151"},"content":{"rendered":"<p>Magyars\u00e1ros, 1919, \u2020 B\u00e9k\u00e9scsaba, 2004.: n\u00e9pm\u0171vel\u0151, m\u0171v\u00e9szeti szak\u00edr\u00f3, m\u0171v\u00e9szett\u00f6rt\u00e9n\u00e9sz. \u2013 Mv.-en a N\u00e9pi Alkot\u00e1sok H\u00e1za munkat\u00e1rsa (1957\u20131970). Mint k\u00e9pz\u0151m\u0171v\u00e9sz els\u0151 vil\u00e1gh\u00e1bor\u00fas eml\u00e9km\u0171veket alkotott Ab\u00e1sfalva \u00e9s Rava falvakban. A h\u00e1ziipari kismesters\u00e9gek m\u0171vel\u0151it alkot\u00f3k\u00f6r\u00f6k l\u00e9trehoz\u00e1s\u00e1val seg\u00edtette \u0151ket, k\u00e9pz\u00e9ssel, tan\u00e1csokkal, \u00e9rt\u00e9kes\u00edt\u00e9si lehet\u0151s\u00e9gek megteremt\u00e9s\u00e9vel a Maros, Hargita \u00e9s Kov\u00e1szna megy\u00e9kben. Korszer\u0171 n\u00e9pf\u0151iskol\u00e1kat hoztak l\u00e9tre (1990\u20132004). <br \/><strong>Irod.:<\/strong> Sz\u00e1mba kell venni az \u00e9rt\u00e9keinket\u2026- Sim\u00f3 M\u00e1rton besz\u00e9lget\u00e9se L\u00e1szl\u00f3 J\u00e1nos v\u00e1llalkoz\u00f3val (\u2013 p. 145\u2013159.; Sz\u00e9kelyf\u00f6ld, (2023. szept. 9. sz.)<\/br><\/p>\n","protected":false},"excerpt":{"rendered":"<p>Magyars\u00e1ros, 1919, \u2020 B\u00e9k\u00e9scsaba, 2004.: n\u00e9pm\u0171vel\u0151, m\u0171v\u00e9szeti szak\u00edr\u00f3, m\u0171v\u00e9szett\u00f6rt\u00e9n\u00e9sz. \u2013 Mv.-en a N\u00e9pi Alkot\u00e1sok H\u00e1za munkat\u00e1rsa (1957\u20131970). Mint k\u00e9pz\u0151m\u0171v\u00e9sz els\u0151 vil\u00e1gh\u00e1bor\u00fas eml\u00e9km\u0171veket alkotott Ab\u00e1sfalva \u00e9s Rava falvakban. A h\u00e1ziipari kismesters\u00e9gek m\u0171vel\u0151it alkot\u00f3k\u00f6r\u00f6k l\u00e9trehoz\u00e1s\u00e1val seg\u00edtette \u0151ket, k\u00e9pz\u00e9ssel, tan\u00e1csokkal, \u00e9rt\u00e9kes\u00edt\u00e9si lehet\u0151s\u00e9gek megteremt\u00e9s\u00e9vel a Maros, Hargita \u00e9s Kov\u00e1szna megy\u00e9kben. Korszer\u0171 n\u00e9pf\u0151iskol\u00e1kat hoztak l\u00e9tre (1990\u20132004). Irod.: Sz\u00e1mba kell venni [&hellip;]<\/p>\n","protected":false},"featured_media":0,"comment_status":"open","ping_status":"closed","template":"","meta":[],"product_brand":[],"product_cat":[137],"product_tag":[],"class_list":{"0":"post-2134","1":"product","2":"type-product","3":"status-publish","5":"product_cat-maros-megyei-eletrajzi-lexikon","7":"first","8":"instock","9":"shipping-taxable","10":"product-type-simple"},"_links":{"self":[{"href":"https:\/\/uj.adatbank.ro\/lexikon\/wp-json\/wp\/v2\/product\/2134","targetHints":{"allow":["GET"]}}],"collection":[{"href":"https:\/\/uj.adatbank.ro\/lexikon\/wp-json\/wp\/v2\/product"}],"about":[{"href":"https:\/\/uj.adatbank.ro\/lexikon\/wp-json\/wp\/v2\/types\/product"}],"replies":[{"embeddable":true,"href":"https:\/\/uj.adatbank.ro\/lexikon\/wp-json\/wp\/v2\/comments?post=2134"}],"wp:attachment":[{"href":"https:\/\/uj.adatbank.ro\/lexikon\/wp-json\/wp\/v2\/media?parent=2134"}],"wp:term":[{"taxonomy":"product_brand","embeddable":true,"href":"https:\/\/uj.adatbank.ro\/lexikon\/wp-json\/wp\/v2\/product_brand?post=2134"},{"taxonomy":"product_cat","embeddable":true,"href":"https:\/\/uj.adatbank.ro\/lexikon\/wp-json\/wp\/v2\/product_cat?post=2134"},{"taxonomy":"product_tag","embeddable":true,"href":"https:\/\/uj.adatbank.ro\/lexikon\/wp-json\/wp\/v2\/product_tag?post=2134"}],"curies":[{"name":"wp","href":"https:\/\/api.w.org\/{rel}","templated":true}]}}

BANDI Dezső

<p>Magyarsáros, 1919, † Békéscsaba, 2004.: népművelő, művészeti szakíró, művészettörténész. – Mv.-en a Népi Alkotások Háza munkatársa (1957–1970). Mint képzőművész első világháborús emlékműveket alkotott Abásfalva és Rava falvakban. A háziipari kismesterségek művelőit alkotókörök létrehozásával segítette őket, képzéssel, tanácsokkal, értékesítési lehetőségek megteremtésével a Maros, Hargita és Kovászna megyékben. Korszerű népfőiskolákat hoztak létre (1990–2004). <br /><strong>Irod.:</strong> Számba kell venni az értékeinket…- Simó Márton beszélgetése László János vállalkozóval (– p. 145–159.; Székelyföld, (2023. szept. 9. sz.)</br></p>

<p>Magyarsáros, 1919, † Békéscsaba, 2004.: népművelő, művészeti szakíró, művészettörténész. – Mv.-en a Népi Alkotások Háza munkatársa (1957–1970). Mint képzőművész első világháborús emlékműveket alkotott Abásfalva és Rava falvakban. A háziipari kismesterségek művelőit alkotókörök létrehozásával segítette őket, képzéssel, tanácsokkal, értékesítési lehetőségek megteremtésével a Maros, Hargita és Kovászna megyékben. Korszerű népfőiskolákat hoztak létre (1990–2004). Irod.: Számba kell venni [&hellip;]</p>
