{"id":21350,"date":"2025-07-22T19:21:48","date_gmt":"2025-07-22T17:21:48","guid":{"rendered":"https:\/\/uj.adatbank.ro\/lexikon\/termek\/szakats-peter-sz-szenterzsebeti-sz-szakats-peter-sz-szakacs-peter\/"},"modified":"2025-07-22T19:21:48","modified_gmt":"2025-07-22T17:21:48","slug":"szakats-peter-sz-szenterzsebeti-sz-szakats-peter-sz-szakacs-peter","status":"publish","type":"product","link":"https:\/\/uj.adatbank.ro\/lexikon\/termek\/szakats-peter-sz-szenterzsebeti-sz-szakats-peter-sz-szakacs-peter\/","title":{"rendered":"SZAK\u00c1TS P\u00e9ter, Sz., Szenterzs\u00e9beti; Sz Szak\u00e1ts P\u00e9ter, Sz. Szak\u00e1cs P\u00e9ter"},"content":{"rendered":"<p>? \u2020?: kereskedelmi \u00e9s iparkamarai titk\u00e1r. \u2013 A mv.-i t\u00f6rv\u00e9nyhat\u00f3s\u00e1gi bizotts\u00e1gi tag (1907), kereskedelmi \u00e9s Iparkamara titk\u00e1ra, v\u00e1rosi tan\u00e1csos (1910). A 48-as \u00e9s F\u00fcggetlens\u00e9gi P\u00e1rt eln\u00f6ke (1911). Cikkeket \u00edrt az Erd\u00e9lyi Gazd\u00e1ba (1892., 1894.) a M. P\u00e9nz\u00fcgybe \u00e9s a M. Kereskedelmi Lapba. Szerkesztette a Kereskedelmi \u00e9s Ipari \u00c9rdekeink c. havi K\u00f6zl\u00f6nyt 1896. dec. (Mutatv\u00e1nysz\u00e1m) \u00e9s 1897. jan.-j\u00fal. Mv.-en. a Sz\u00e9kelys\u00e9get (1898\u20131906). A Sz\u00e9kely Kongresszus Cs\u00edktusn\u00e1d 1902. aug. 28\u201330-\u00e1n tarott \u00fcl\u00e9s\u00e9n a rendez\u0151 bizotts\u00e1g tagja a mv.-i Iparkamara r\u00e9sz\u00e9r\u0151l. Megkoszor\u00fazta a Kossuth szobrot a mv.-i Kossuth \u00fcnneps\u00e9gek alkalm\u00e1val az ipari hitelsz\u00f6vetkezetek r\u00e9sz\u00e9r\u0151l (1902. szept. 25). Mv.-en besz\u00e9det tartott azon a d\u00edszgy\u0171l\u00e9sen, ahol elhat\u00e1rozt\u00e1k, hogy II. R\u00e1k\u00f3czi Ferenc fejedelem beiktat\u00e1s\u00e1nak 200. \u00e9vfordul\u00f3j\u00e1n eml\u00e9koszlopot \u00e1ll\u00edtsanak (1907. \u00e1pr. 5.), ez meg is t\u00f6rt\u00e9nt (1907. okt. 29.). \u2013 <strong>F. m.<\/strong>: A sz\u00e9kelyf\u00f6ldi ipar fejleszt\u00e9se \u00fcgy\u00e9ben Dr Heged\u0171s S\u00e1ndor Keresk M. K minister \u00far el\u00e9 terjesztett javaslatai a mv.-i Kereskedelmi \u00e9s Iparkamar\u00e1nak (Mv., 1901); Az iparosok nyugd\u00edj\u00fcgye. (Bp., 1900.), Kereskedelem a gazdas\u00e1g seg\u00edt\u0151je (Mv., 1912); <strong>t\u00e1rssz.:<\/strong> Eml\u00e9klapok De\u00e1k Lajos kir. tan\u00e1csos tanfel\u00fcgyel\u0151 huszon\u00f6t\u00e9ves jubileuma alkalm\u00e1b\u00f3l (Mv., 1908), Szigy\u00e1rt\u00f3 G\u00e1bor: Erd\u00e9lyr\u00e9szi vas\u00fatpolitik\u00e1nk (Mv., 1914). <br \/><strong>Irod.:<\/strong> A X. Kereskedelmi Oktat\u00e1s\u00fcgyi Nemzetk\u00f6zi Kongresszus k\u00f6zlem\u00e9nyei (Bp., 1913); F\u00fcl\u00f6p\u2013Ferencz; Id\u0151t\u00e1r 2; A Sz\u00e9kely Kongresszus szervezete, tagjainak n\u00e9vsora, t\u00e1rgyal\u00e1sai \u00e9s hat\u00e1rozatai (Bp., 1902); Szinnyei; Todea.<\/br><\/p>\n","protected":false},"excerpt":{"rendered":"<p>? \u2020?: kereskedelmi \u00e9s iparkamarai titk\u00e1r. \u2013 A mv.-i t\u00f6rv\u00e9nyhat\u00f3s\u00e1gi bizotts\u00e1gi tag (1907), kereskedelmi \u00e9s Iparkamara titk\u00e1ra, v\u00e1rosi tan\u00e1csos (1910). A 48-as \u00e9s F\u00fcggetlens\u00e9gi P\u00e1rt eln\u00f6ke (1911). Cikkeket \u00edrt az Erd\u00e9lyi Gazd\u00e1ba (1892., 1894.) a M. P\u00e9nz\u00fcgybe \u00e9s a M. Kereskedelmi Lapba. Szerkesztette a Kereskedelmi \u00e9s Ipari \u00c9rdekeink c. havi K\u00f6zl\u00f6nyt 1896. dec. (Mutatv\u00e1nysz\u00e1m) \u00e9s [&hellip;]<\/p>\n","protected":false},"featured_media":0,"comment_status":"open","ping_status":"closed","template":"","meta":[],"product_brand":[],"product_cat":[137],"product_tag":[],"class_list":{"0":"post-21350","1":"product","2":"type-product","3":"status-publish","5":"product_cat-maros-megyei-eletrajzi-lexikon","7":"first","8":"instock","9":"shipping-taxable","10":"product-type-simple"},"_links":{"self":[{"href":"https:\/\/uj.adatbank.ro\/lexikon\/wp-json\/wp\/v2\/product\/21350","targetHints":{"allow":["GET"]}}],"collection":[{"href":"https:\/\/uj.adatbank.ro\/lexikon\/wp-json\/wp\/v2\/product"}],"about":[{"href":"https:\/\/uj.adatbank.ro\/lexikon\/wp-json\/wp\/v2\/types\/product"}],"replies":[{"embeddable":true,"href":"https:\/\/uj.adatbank.ro\/lexikon\/wp-json\/wp\/v2\/comments?post=21350"}],"wp:attachment":[{"href":"https:\/\/uj.adatbank.ro\/lexikon\/wp-json\/wp\/v2\/media?parent=21350"}],"wp:term":[{"taxonomy":"product_brand","embeddable":true,"href":"https:\/\/uj.adatbank.ro\/lexikon\/wp-json\/wp\/v2\/product_brand?post=21350"},{"taxonomy":"product_cat","embeddable":true,"href":"https:\/\/uj.adatbank.ro\/lexikon\/wp-json\/wp\/v2\/product_cat?post=21350"},{"taxonomy":"product_tag","embeddable":true,"href":"https:\/\/uj.adatbank.ro\/lexikon\/wp-json\/wp\/v2\/product_tag?post=21350"}],"curies":[{"name":"wp","href":"https:\/\/api.w.org\/{rel}","templated":true}]}}