{"id":21355,"date":"2025-07-22T19:21:58","date_gmt":"2025-07-22T17:21:58","guid":{"rendered":"https:\/\/uj.adatbank.ro\/lexikon\/termek\/szalai\/"},"modified":"2025-07-22T19:21:58","modified_gmt":"2025-07-22T17:21:58","slug":"szalai","status":"publish","type":"product","link":"https:\/\/uj.adatbank.ro\/lexikon\/termek\/szalai\/","title":{"rendered":"SZALAI?"},"content":{"rendered":"<p>? \u2020?: polg\u00e1rmester. \u2013 Nagys\u00e1rm\u00e1s polg\u00e1rmestere, k\u00f6z\u00f6sen Iosif Bica szolgab\u00edr\u00f3val \u00e9s Lanz L\u00e1szl\u00f3 g\u00e1rdakapit\u00e1nnyal parancsot adtak ki a Tord\u00e1ra \u00e9s S\u00e1rm\u00e1sra k\u00e9nyszerlakhelyre hurcolt zsid\u00f3 csal\u00e1dok kiv\u00e9gz\u00e9s\u00e9re. Kiss\u00e1rm\u00e1s mellett, a Kv.\u2013Mv. \u00fat (53\u201354 km) k\u00f6zel\u00e9ben kiv\u00e9geztek 126 zsid\u00f3 embert, a saj\u00e1t maguk \u00e1sta s\u00edrba dobt\u00e1k tetemeiket (1944. szept. 16\u201317.). A t\u00f6megs\u00edrt dr. Emil Mora s\u00e1rm\u00e1si orvos \u00e9s dr. Gavril Ghitta uzdiszentp\u00e9teri orvos jelenl\u00e9t\u00e9ben t\u00e1rt\u00e1k fel (1944.). <br \/><strong>Irod.:<\/strong> S\u00e2npetru de C\u00e2mpie (p. 158\u2013159).<\/br><\/p>\n","protected":false},"excerpt":{"rendered":"<p>? \u2020?: polg\u00e1rmester. \u2013 Nagys\u00e1rm\u00e1s polg\u00e1rmestere, k\u00f6z\u00f6sen Iosif Bica szolgab\u00edr\u00f3val \u00e9s Lanz L\u00e1szl\u00f3 g\u00e1rdakapit\u00e1nnyal parancsot adtak ki a Tord\u00e1ra \u00e9s S\u00e1rm\u00e1sra k\u00e9nyszerlakhelyre hurcolt zsid\u00f3 csal\u00e1dok kiv\u00e9gz\u00e9s\u00e9re. Kiss\u00e1rm\u00e1s mellett, a Kv.\u2013Mv. \u00fat (53\u201354 km) k\u00f6zel\u00e9ben kiv\u00e9geztek 126 zsid\u00f3 embert, a saj\u00e1t maguk \u00e1sta s\u00edrba dobt\u00e1k tetemeiket (1944. szept. 16\u201317.). A t\u00f6megs\u00edrt dr. Emil Mora s\u00e1rm\u00e1si orvos [&hellip;]<\/p>\n","protected":false},"featured_media":0,"comment_status":"open","ping_status":"closed","template":"","meta":[],"product_brand":[],"product_cat":[137],"product_tag":[],"class_list":{"0":"post-21355","1":"product","2":"type-product","3":"status-publish","5":"product_cat-maros-megyei-eletrajzi-lexikon","7":"first","8":"instock","9":"shipping-taxable","10":"product-type-simple"},"_links":{"self":[{"href":"https:\/\/uj.adatbank.ro\/lexikon\/wp-json\/wp\/v2\/product\/21355","targetHints":{"allow":["GET"]}}],"collection":[{"href":"https:\/\/uj.adatbank.ro\/lexikon\/wp-json\/wp\/v2\/product"}],"about":[{"href":"https:\/\/uj.adatbank.ro\/lexikon\/wp-json\/wp\/v2\/types\/product"}],"replies":[{"embeddable":true,"href":"https:\/\/uj.adatbank.ro\/lexikon\/wp-json\/wp\/v2\/comments?post=21355"}],"wp:attachment":[{"href":"https:\/\/uj.adatbank.ro\/lexikon\/wp-json\/wp\/v2\/media?parent=21355"}],"wp:term":[{"taxonomy":"product_brand","embeddable":true,"href":"https:\/\/uj.adatbank.ro\/lexikon\/wp-json\/wp\/v2\/product_brand?post=21355"},{"taxonomy":"product_cat","embeddable":true,"href":"https:\/\/uj.adatbank.ro\/lexikon\/wp-json\/wp\/v2\/product_cat?post=21355"},{"taxonomy":"product_tag","embeddable":true,"href":"https:\/\/uj.adatbank.ro\/lexikon\/wp-json\/wp\/v2\/product_tag?post=21355"}],"curies":[{"name":"wp","href":"https:\/\/api.w.org\/{rel}","templated":true}]}}

<p>? †?: polgármester. – Nagysármás polgármestere, közösen Iosif Bica szolgabíróval és Lanz László gárdakapitánnyal parancsot adtak ki a Tordára és Sármásra kényszerlakhelyre hurcolt zsidó családok kivégzésére. Kissármás mellett, a Kv.–Mv. út (53–54 km) közelében kivégeztek 126 zsidó embert, a saját maguk ásta sírba dobták tetemeiket (1944. szept. 16–17.). A tömegsírt dr. Emil Mora sármási orvos és dr. Gavril Ghitta uzdiszentpéteri orvos jelenlétében tárták fel (1944.). <br /><strong>Irod.:</strong> Sânpetru de Câmpie (p. 158–159).</br></p>

<p>? †?: polgármester. – Nagysármás polgármestere, közösen Iosif Bica szolgabíróval és Lanz László gárdakapitánnyal parancsot adtak ki a Tordára és Sármásra kényszerlakhelyre hurcolt zsidó családok kivégzésére. Kissármás mellett, a Kv.–Mv. út (53–54 km) közelében kivégeztek 126 zsidó embert, a saját maguk ásta sírba dobták tetemeiket (1944. szept. 16–17.). A tömegsírt dr. Emil Mora sármási orvos [&hellip;]</p>
