{"id":21361,"date":"2025-07-22T19:22:10","date_gmt":"2025-07-22T17:22:10","guid":{"rendered":"https:\/\/uj.adatbank.ro\/lexikon\/termek\/szalanczi-istvan\/"},"modified":"2025-07-22T19:22:10","modified_gmt":"2025-07-22T17:22:10","slug":"szalanczi-istvan","status":"publish","type":"product","link":"https:\/\/uj.adatbank.ro\/lexikon\/termek\/szalanczi-istvan\/","title":{"rendered":"SZAL\u00c1NCZI Istv\u00e1n"},"content":{"rendered":"<p>1589 k., \u2020\u00a0Konstantin\u00e1poly, 1648. jan. 9.: fejedelmi tan\u00e1cs\u00far, portai k\u00f6vet., t\u00e1blai \u00fcln\u00f6k. \u2013 Feles\u00e9ge: T\u00fcri Margit. Gyermekeik: Erzs\u00e9bet, Anna, Krisztina, G\u00e1bor, Istv\u00e1n. \u2013 I. R\u00e1k\u00f3czi Gy\u00f6rgy h\u00edve. Portai \u00fcgyviv\u0151 (1631\u201333), drin\u00e1polyi k\u00f6vet (1634), konstantin\u00e1polyi f\u0151k\u00f6vet (1637. nov.\u20131638. febr.), N\u00e1ndorfeh\u00e9rv\u00e1ron t\u00e1rgyalt (1640. m\u00e1j.\u2013j\u00fan.). Fejedelmi tan\u00e1cs\u00far (1636\u201347), a fejedelmi t\u00e1bla \u00fcln\u00f6ke (1633\u201347), a di\u00e9ta eln\u00f6ke (1642). Aranyozott ez\u00fcst keny\u00e9rtart\u00f3 t\u00e1ny\u00e9rt aj\u00e1nd\u00e9koztak a medgyesi ref. egyh\u00e1znak (1644). <br \/><strong>Irod.:<\/strong> Bir\u00f3 Vencel 2009; K\u00fck\u00fcll\u0151i Ref. Egyh\u00e1zm. 4.<\/br><\/p>\n","protected":false},"excerpt":{"rendered":"<p>1589 k., \u2020\u00a0Konstantin\u00e1poly, 1648. jan. 9.: fejedelmi tan\u00e1cs\u00far, portai k\u00f6vet., t\u00e1blai \u00fcln\u00f6k. \u2013 Feles\u00e9ge: T\u00fcri Margit. Gyermekeik: Erzs\u00e9bet, Anna, Krisztina, G\u00e1bor, Istv\u00e1n. \u2013 I. R\u00e1k\u00f3czi Gy\u00f6rgy h\u00edve. Portai \u00fcgyviv\u0151 (1631\u201333), drin\u00e1polyi k\u00f6vet (1634), konstantin\u00e1polyi f\u0151k\u00f6vet (1637. nov.\u20131638. febr.), N\u00e1ndorfeh\u00e9rv\u00e1ron t\u00e1rgyalt (1640. m\u00e1j.\u2013j\u00fan.). Fejedelmi tan\u00e1cs\u00far (1636\u201347), a fejedelmi t\u00e1bla \u00fcln\u00f6ke (1633\u201347), a di\u00e9ta eln\u00f6ke (1642). Aranyozott [&hellip;]<\/p>\n","protected":false},"featured_media":0,"comment_status":"open","ping_status":"closed","template":"","meta":[],"product_brand":[],"product_cat":[137],"product_tag":[],"class_list":{"0":"post-21361","1":"product","2":"type-product","3":"status-publish","5":"product_cat-maros-megyei-eletrajzi-lexikon","7":"first","8":"instock","9":"shipping-taxable","10":"product-type-simple"},"_links":{"self":[{"href":"https:\/\/uj.adatbank.ro\/lexikon\/wp-json\/wp\/v2\/product\/21361","targetHints":{"allow":["GET"]}}],"collection":[{"href":"https:\/\/uj.adatbank.ro\/lexikon\/wp-json\/wp\/v2\/product"}],"about":[{"href":"https:\/\/uj.adatbank.ro\/lexikon\/wp-json\/wp\/v2\/types\/product"}],"replies":[{"embeddable":true,"href":"https:\/\/uj.adatbank.ro\/lexikon\/wp-json\/wp\/v2\/comments?post=21361"}],"wp:attachment":[{"href":"https:\/\/uj.adatbank.ro\/lexikon\/wp-json\/wp\/v2\/media?parent=21361"}],"wp:term":[{"taxonomy":"product_brand","embeddable":true,"href":"https:\/\/uj.adatbank.ro\/lexikon\/wp-json\/wp\/v2\/product_brand?post=21361"},{"taxonomy":"product_cat","embeddable":true,"href":"https:\/\/uj.adatbank.ro\/lexikon\/wp-json\/wp\/v2\/product_cat?post=21361"},{"taxonomy":"product_tag","embeddable":true,"href":"https:\/\/uj.adatbank.ro\/lexikon\/wp-json\/wp\/v2\/product_tag?post=21361"}],"curies":[{"name":"wp","href":"https:\/\/api.w.org\/{rel}","templated":true}]}}

SZALÁNCZI István

<p>1589 k., † Konstantinápoly, 1648. jan. 9.: fejedelmi tanácsúr, portai követ., táblai ülnök. – Felesége: Türi Margit. Gyermekeik: Erzsébet, Anna, Krisztina, Gábor, István. – I. Rákóczi György híve. Portai ügyvivő (1631–33), drinápolyi követ (1634), konstantinápolyi főkövet (1637. nov.–1638. febr.), Nándorfehérváron tárgyalt (1640. máj.–jún.). Fejedelmi tanácsúr (1636–47), a fejedelmi tábla ülnöke (1633–47), a diéta elnöke (1642). Aranyozott ezüst kenyértartó tányért ajándékoztak a medgyesi ref. egyháznak (1644). <br /><strong>Irod.:</strong> Biró Vencel 2009; Küküllői Ref. Egyházm. 4.</br></p>

<p>1589 k., † Konstantinápoly, 1648. jan. 9.: fejedelmi tanácsúr, portai követ., táblai ülnök. – Felesége: Türi Margit. Gyermekeik: Erzsébet, Anna, Krisztina, Gábor, István. – I. Rákóczi György híve. Portai ügyvivő (1631–33), drinápolyi követ (1634), konstantinápolyi főkövet (1637. nov.–1638. febr.), Nándorfehérváron tárgyalt (1640. máj.–jún.). Fejedelmi tanácsúr (1636–47), a fejedelmi tábla ülnöke (1633–47), a diéta elnöke (1642). Aranyozott [&hellip;]</p>
