{"id":21364,"date":"2025-07-22T19:22:17","date_gmt":"2025-07-22T17:22:17","guid":{"rendered":"https:\/\/uj.adatbank.ro\/lexikon\/termek\/szalanczi-janos\/"},"modified":"2025-07-22T19:22:17","modified_gmt":"2025-07-22T17:22:17","slug":"szalanczi-janos","status":"publish","type":"product","link":"https:\/\/uj.adatbank.ro\/lexikon\/termek\/szalanczi-janos\/","title":{"rendered":"SZAL\u00c1NCZI J\u00e1nos"},"content":{"rendered":"<p>? \u2020?: orsz\u00e1gos tan\u00e1csos. \u2013 Feles\u00e9ge: B\u00e1nffy Dorottya. \u2013 Izabella kir\u00e1lyn\u00e9 idej\u00e9n orsz\u00e1gos tan\u00e1csos (1558). Feles\u00e9ge: V\u00e9grendelet\u00e9ben (Ikl\u00f3d, 1586. aug. 7.) rendelkezik az Ikl\u00f3don \u00e9s B\u00fckk\u00f6s\u00f6n l\u00e9v\u0151 h\u00e1z\u00e1r\u00f3l, sz\u0151l\u0151s\u00e9r\u0151l. \u00d6r\u00f6k\u00f6sei: B\u00e1nffy Boldizs\u00e1r, L\u00e1szl\u00f3 \u00e9s G\u00e1bor \u00e9s val\u00f3sz\u00edn\u0171leg B\u00e1nffy Farkas. <br \/><strong>Irod.:<\/strong> Bicsok\u2013Orb\u00e1n; Erd\u00e9lyi testamentumok 2.<\/br><\/p>\n","protected":false},"excerpt":{"rendered":"<p>? \u2020?: orsz\u00e1gos tan\u00e1csos. \u2013 Feles\u00e9ge: B\u00e1nffy Dorottya. \u2013 Izabella kir\u00e1lyn\u00e9 idej\u00e9n orsz\u00e1gos tan\u00e1csos (1558). Feles\u00e9ge: V\u00e9grendelet\u00e9ben (Ikl\u00f3d, 1586. aug. 7.) rendelkezik az Ikl\u00f3don \u00e9s B\u00fckk\u00f6s\u00f6n l\u00e9v\u0151 h\u00e1z\u00e1r\u00f3l, sz\u0151l\u0151s\u00e9r\u0151l. \u00d6r\u00f6k\u00f6sei: B\u00e1nffy Boldizs\u00e1r, L\u00e1szl\u00f3 \u00e9s G\u00e1bor \u00e9s val\u00f3sz\u00edn\u0171leg B\u00e1nffy Farkas. Irod.: Bicsok\u2013Orb\u00e1n; Erd\u00e9lyi testamentumok 2.<\/p>\n","protected":false},"featured_media":0,"comment_status":"open","ping_status":"closed","template":"","meta":[],"product_brand":[],"product_cat":[137],"product_tag":[],"class_list":{"0":"post-21364","1":"product","2":"type-product","3":"status-publish","5":"product_cat-maros-megyei-eletrajzi-lexikon","7":"first","8":"instock","9":"shipping-taxable","10":"product-type-simple"},"_links":{"self":[{"href":"https:\/\/uj.adatbank.ro\/lexikon\/wp-json\/wp\/v2\/product\/21364","targetHints":{"allow":["GET"]}}],"collection":[{"href":"https:\/\/uj.adatbank.ro\/lexikon\/wp-json\/wp\/v2\/product"}],"about":[{"href":"https:\/\/uj.adatbank.ro\/lexikon\/wp-json\/wp\/v2\/types\/product"}],"replies":[{"embeddable":true,"href":"https:\/\/uj.adatbank.ro\/lexikon\/wp-json\/wp\/v2\/comments?post=21364"}],"wp:attachment":[{"href":"https:\/\/uj.adatbank.ro\/lexikon\/wp-json\/wp\/v2\/media?parent=21364"}],"wp:term":[{"taxonomy":"product_brand","embeddable":true,"href":"https:\/\/uj.adatbank.ro\/lexikon\/wp-json\/wp\/v2\/product_brand?post=21364"},{"taxonomy":"product_cat","embeddable":true,"href":"https:\/\/uj.adatbank.ro\/lexikon\/wp-json\/wp\/v2\/product_cat?post=21364"},{"taxonomy":"product_tag","embeddable":true,"href":"https:\/\/uj.adatbank.ro\/lexikon\/wp-json\/wp\/v2\/product_tag?post=21364"}],"curies":[{"name":"wp","href":"https:\/\/api.w.org\/{rel}","templated":true}]}}