{"id":21366,"date":"2025-07-22T19:22:22","date_gmt":"2025-07-22T17:22:22","guid":{"rendered":"https:\/\/uj.adatbank.ro\/lexikon\/termek\/szalanczi-laszlo-szenttamasi-szalanczy-laszlo\/"},"modified":"2025-07-22T19:22:22","modified_gmt":"2025-07-22T17:22:22","slug":"szalanczi-laszlo-szenttamasi-szalanczy-laszlo","status":"publish","type":"product","link":"https:\/\/uj.adatbank.ro\/lexikon\/termek\/szalanczi-laszlo-szenttamasi-szalanczy-laszlo\/","title":{"rendered":"SZAL\u00c1NCZI L\u00e1szl\u00f3, szenttam\u00e1si, Szal\u00e1nczy L\u00e1szl\u00f3"},"content":{"rendered":"<p>? \u2020?: birtokos. \u2013 A szenttam\u00e1si csal\u00e1d tagja, k\u00f6z\u00fcl\u00fck t\u00f6bben diplom\u00e1ciai szerepet t\u00f6lt\u00f6ttek be Erd\u00e9lyben (16\u201317. sz.). Bethleni birtokos (1640\u201341), alm\u00e1sm\u00e1lomi birtokos (1642). A marosugrai ref. egyh\u00e1zk\u00f6zs\u00e9gnek aranyozott ez\u00fcst l\u00e1baspoharat adom\u00e1nyozott (1653), majd a harangl\u00e1bi ekl\u00e9zsi\u00e1nak is aj\u00e1nd\u00e9kozott egyet (1656). <br \/><strong>Irod.:<\/strong> Erd\u00e9lyi testamentumok 2.; K\u00fck\u00fcll\u0151i Ref. Egyh\u00e1zm. 2., 4.<\/br><\/p>\n","protected":false},"excerpt":{"rendered":"<p>? \u2020?: birtokos. \u2013 A szenttam\u00e1si csal\u00e1d tagja, k\u00f6z\u00fcl\u00fck t\u00f6bben diplom\u00e1ciai szerepet t\u00f6lt\u00f6ttek be Erd\u00e9lyben (16\u201317. sz.). Bethleni birtokos (1640\u201341), alm\u00e1sm\u00e1lomi birtokos (1642). A marosugrai ref. egyh\u00e1zk\u00f6zs\u00e9gnek aranyozott ez\u00fcst l\u00e1baspoharat adom\u00e1nyozott (1653), majd a harangl\u00e1bi ekl\u00e9zsi\u00e1nak is aj\u00e1nd\u00e9kozott egyet (1656). Irod.: Erd\u00e9lyi testamentumok 2.; K\u00fck\u00fcll\u0151i Ref. Egyh\u00e1zm. 2., 4.<\/p>\n","protected":false},"featured_media":0,"comment_status":"open","ping_status":"closed","template":"","meta":[],"product_brand":[],"product_cat":[137],"product_tag":[],"class_list":{"0":"post-21366","1":"product","2":"type-product","3":"status-publish","5":"product_cat-maros-megyei-eletrajzi-lexikon","7":"first","8":"instock","9":"shipping-taxable","10":"product-type-simple"},"_links":{"self":[{"href":"https:\/\/uj.adatbank.ro\/lexikon\/wp-json\/wp\/v2\/product\/21366","targetHints":{"allow":["GET"]}}],"collection":[{"href":"https:\/\/uj.adatbank.ro\/lexikon\/wp-json\/wp\/v2\/product"}],"about":[{"href":"https:\/\/uj.adatbank.ro\/lexikon\/wp-json\/wp\/v2\/types\/product"}],"replies":[{"embeddable":true,"href":"https:\/\/uj.adatbank.ro\/lexikon\/wp-json\/wp\/v2\/comments?post=21366"}],"wp:attachment":[{"href":"https:\/\/uj.adatbank.ro\/lexikon\/wp-json\/wp\/v2\/media?parent=21366"}],"wp:term":[{"taxonomy":"product_brand","embeddable":true,"href":"https:\/\/uj.adatbank.ro\/lexikon\/wp-json\/wp\/v2\/product_brand?post=21366"},{"taxonomy":"product_cat","embeddable":true,"href":"https:\/\/uj.adatbank.ro\/lexikon\/wp-json\/wp\/v2\/product_cat?post=21366"},{"taxonomy":"product_tag","embeddable":true,"href":"https:\/\/uj.adatbank.ro\/lexikon\/wp-json\/wp\/v2\/product_tag?post=21366"}],"curies":[{"name":"wp","href":"https:\/\/api.w.org\/{rel}","templated":true}]}}