{"id":2137,"date":"2025-06-28T12:04:55","date_gmt":"2025-06-28T10:04:55","guid":{"rendered":"https:\/\/uj.adatbank.ro\/lexikon\/termek\/bandi-miklos-gocsi\/"},"modified":"2025-06-28T12:04:55","modified_gmt":"2025-06-28T10:04:55","slug":"bandi-miklos-gocsi","status":"publish","type":"product","link":"https:\/\/uj.adatbank.ro\/lexikon\/termek\/bandi-miklos-gocsi\/","title":{"rendered":"B\u00c1NDI Mikl\u00f3s, g\u00f6csi"},"content":{"rendered":"<p>? \u2020 ? : nemes. \u2013 A csal\u00e1d tagjai nemess\u00e9get, l\u00f3f\u0151s\u00e9get (1630. m\u00e1rc. 7.) Brandenburgi Katalint\u00f3l (1630. m\u00e1rc. 7.), majd II. R\u00e1k\u00f3czi Gy\u00f6rgyt\u0151l nyertek (1655. j\u00fan. 28.). <br \/><strong>Irod.:<\/strong> P\u00e1lmay<\/br><\/p>\n","protected":false},"excerpt":{"rendered":"<p>? \u2020 ? : nemes. \u2013 A csal\u00e1d tagjai nemess\u00e9get, l\u00f3f\u0151s\u00e9get (1630. m\u00e1rc. 7.) Brandenburgi Katalint\u00f3l (1630. m\u00e1rc. 7.), majd II. R\u00e1k\u00f3czi Gy\u00f6rgyt\u0151l nyertek (1655. j\u00fan. 28.). Irod.: P\u00e1lmay<\/p>\n","protected":false},"featured_media":0,"comment_status":"open","ping_status":"closed","template":"","meta":[],"product_brand":[],"product_cat":[137],"product_tag":[],"class_list":{"0":"post-2137","1":"product","2":"type-product","3":"status-publish","5":"product_cat-maros-megyei-eletrajzi-lexikon","7":"first","8":"instock","9":"shipping-taxable","10":"product-type-simple"},"_links":{"self":[{"href":"https:\/\/uj.adatbank.ro\/lexikon\/wp-json\/wp\/v2\/product\/2137","targetHints":{"allow":["GET"]}}],"collection":[{"href":"https:\/\/uj.adatbank.ro\/lexikon\/wp-json\/wp\/v2\/product"}],"about":[{"href":"https:\/\/uj.adatbank.ro\/lexikon\/wp-json\/wp\/v2\/types\/product"}],"replies":[{"embeddable":true,"href":"https:\/\/uj.adatbank.ro\/lexikon\/wp-json\/wp\/v2\/comments?post=2137"}],"wp:attachment":[{"href":"https:\/\/uj.adatbank.ro\/lexikon\/wp-json\/wp\/v2\/media?parent=2137"}],"wp:term":[{"taxonomy":"product_brand","embeddable":true,"href":"https:\/\/uj.adatbank.ro\/lexikon\/wp-json\/wp\/v2\/product_brand?post=2137"},{"taxonomy":"product_cat","embeddable":true,"href":"https:\/\/uj.adatbank.ro\/lexikon\/wp-json\/wp\/v2\/product_cat?post=2137"},{"taxonomy":"product_tag","embeddable":true,"href":"https:\/\/uj.adatbank.ro\/lexikon\/wp-json\/wp\/v2\/product_tag?post=2137"}],"curies":[{"name":"wp","href":"https:\/\/api.w.org\/{rel}","templated":true}]}}