{"id":21376,"date":"2025-07-22T19:22:42","date_gmt":"2025-07-22T17:22:42","guid":{"rendered":"https:\/\/uj.adatbank.ro\/lexikon\/termek\/szalasy-janos\/"},"modified":"2025-07-22T19:22:42","modified_gmt":"2025-07-22T17:22:42","slug":"szalasy-janos","status":"publish","type":"product","link":"https:\/\/uj.adatbank.ro\/lexikon\/termek\/szalasy-janos\/","title":{"rendered":"SZ\u00c1LASY J\u00e1nos"},"content":{"rendered":"<p>Mv., 1928., \u2020\u00a0Mv., 2000.: tisztvisel\u0151. \u2013 Sz\u00e1lasy J\u00f3zsef \u00e9s N. M\u00e1ria fia. Feles\u00e9ge (1953\u2013): Menyh\u00e9rt J\u00falia (1927\u2013). Gyermekeik: 1.J\u00f3zsef (1954\u2013), 2.Jen\u0151 (1956\u2013), feles\u00e9ge V\u00e1rhegyi Ilona (1955\u2013), gyermekeik: Zsolt (1987\u2013) \u00e9s Zs\u00f3fia (1989\u2013), 3.J\u00e1nos (1961\u2013), feles\u00e9ge Katona M\u00e1rta (1966 \u2013), le\u00e1nyuk R\u00e9ka-\u00c1gnes (1992\u2013). \u2013 Mv.-en volt tisztvisel\u0151. A magyars\u00e1ggal szemben tan\u00fas\u00edtott \u00f6nk\u00e9nyuralom, igazs\u00e1gtalans\u00e1g ellen tiltakozva a mv.-i v\u00e1rosh\u00e1za el\u0151tt benzinnel le\u00f6nt\u00f6tte \u00e9s felgy\u00fajtotta \u00f6nmag\u00e1t (1975). <br \/><strong>Irod.:<\/strong> Sz\u00e1va 2012.<\/br><\/p>\n","protected":false},"excerpt":{"rendered":"<p>Mv., 1928., \u2020\u00a0Mv., 2000.: tisztvisel\u0151. \u2013 Sz\u00e1lasy J\u00f3zsef \u00e9s N. M\u00e1ria fia. Feles\u00e9ge (1953\u2013): Menyh\u00e9rt J\u00falia (1927\u2013). Gyermekeik: 1.J\u00f3zsef (1954\u2013), 2.Jen\u0151 (1956\u2013), feles\u00e9ge V\u00e1rhegyi Ilona (1955\u2013), gyermekeik: Zsolt (1987\u2013) \u00e9s Zs\u00f3fia (1989\u2013), 3.J\u00e1nos (1961\u2013), feles\u00e9ge Katona M\u00e1rta (1966 \u2013), le\u00e1nyuk R\u00e9ka-\u00c1gnes (1992\u2013). \u2013 Mv.-en volt tisztvisel\u0151. A magyars\u00e1ggal szemben tan\u00fas\u00edtott \u00f6nk\u00e9nyuralom, igazs\u00e1gtalans\u00e1g ellen tiltakozva a [&hellip;]<\/p>\n","protected":false},"featured_media":0,"comment_status":"open","ping_status":"closed","template":"","meta":[],"product_brand":[],"product_cat":[137],"product_tag":[],"class_list":{"0":"post-21376","1":"product","2":"type-product","3":"status-publish","5":"product_cat-maros-megyei-eletrajzi-lexikon","7":"first","8":"instock","9":"shipping-taxable","10":"product-type-simple"},"_links":{"self":[{"href":"https:\/\/uj.adatbank.ro\/lexikon\/wp-json\/wp\/v2\/product\/21376","targetHints":{"allow":["GET"]}}],"collection":[{"href":"https:\/\/uj.adatbank.ro\/lexikon\/wp-json\/wp\/v2\/product"}],"about":[{"href":"https:\/\/uj.adatbank.ro\/lexikon\/wp-json\/wp\/v2\/types\/product"}],"replies":[{"embeddable":true,"href":"https:\/\/uj.adatbank.ro\/lexikon\/wp-json\/wp\/v2\/comments?post=21376"}],"wp:attachment":[{"href":"https:\/\/uj.adatbank.ro\/lexikon\/wp-json\/wp\/v2\/media?parent=21376"}],"wp:term":[{"taxonomy":"product_brand","embeddable":true,"href":"https:\/\/uj.adatbank.ro\/lexikon\/wp-json\/wp\/v2\/product_brand?post=21376"},{"taxonomy":"product_cat","embeddable":true,"href":"https:\/\/uj.adatbank.ro\/lexikon\/wp-json\/wp\/v2\/product_cat?post=21376"},{"taxonomy":"product_tag","embeddable":true,"href":"https:\/\/uj.adatbank.ro\/lexikon\/wp-json\/wp\/v2\/product_tag?post=21376"}],"curies":[{"name":"wp","href":"https:\/\/api.w.org\/{rel}","templated":true}]}}

SZÁLASY János

<p>Mv., 1928., † Mv., 2000.: tisztviselő. – Szálasy József és N. Mária fia. Felesége (1953–): Menyhért Júlia (1927–). Gyermekeik: 1.József (1954–), 2.Jenő (1956–), felesége Várhegyi Ilona (1955–), gyermekeik: Zsolt (1987–) és Zsófia (1989–), 3.János (1961–), felesége Katona Márta (1966 –), leányuk Réka-Ágnes (1992–). – Mv.-en volt tisztviselő. A magyarsággal szemben tanúsított önkényuralom, igazságtalanság ellen tiltakozva a mv.-i városháza előtt benzinnel leöntötte és felgyújtotta önmagát (1975). <br /><strong>Irod.:</strong> Száva 2012.</br></p>

<p>Mv., 1928., † Mv., 2000.: tisztviselő. – Szálasy József és N. Mária fia. Felesége (1953–): Menyhért Júlia (1927–). Gyermekeik: 1.József (1954–), 2.Jenő (1956–), felesége Várhegyi Ilona (1955–), gyermekeik: Zsolt (1987–) és Zsófia (1989–), 3.János (1961–), felesége Katona Márta (1966 –), leányuk Réka-Ágnes (1992–). – Mv.-en volt tisztviselő. A magyarsággal szemben tanúsított önkényuralom, igazságtalanság ellen tiltakozva a [&hellip;]</p>
