{"id":21379,"date":"2025-07-22T19:22:49","date_gmt":"2025-07-22T17:22:49","guid":{"rendered":"https:\/\/uj.adatbank.ro\/lexikon\/termek\/szalay-anna\/"},"modified":"2025-07-22T19:22:49","modified_gmt":"2025-07-22T17:22:49","slug":"szalay-anna","status":"publish","type":"product","link":"https:\/\/uj.adatbank.ro\/lexikon\/termek\/szalay-anna\/","title":{"rendered":"SZALAY Anna"},"content":{"rendered":"<p>Aranyosgy\u00e9res, 1923. aug. 29., \u2020 Mv., 2001. szept. 23.: fogorvos. \u2013 Mv.-en tanult elemi iskol\u00e1ban \u00e9s az als\u00f3 gimn\u00e1ziumban, Kv.-on mag\u00e1ntanul\u00f3, majd Mv.-en a Ref. Le\u00e1nygimn\u00e1ziumban \u00e9retts\u00e9gizett (1942). Bp.-en a Kir. M. P\u00e1zm\u00e1ny P\u00e9ter TE Orvosi Kar\u00e1n tanult (1942\u2013), megszak\u00edtotta tanulm\u00e1nyait (1944\u2013), majd Mv.-en folytatta a BTE mv.-i Orvosi Kar\u00e1n (1946\u201350), \u00e1llamvizsg\u00e1zott (1951. febr.). Di\u00e1kk\u00e9nt d\u00edjtalan gyakornok, majd kinevezt\u00e9k gyakornoknak a mv.-i Orvosi Kar Fog\u00e1szati Klinik\u00e1j\u00e1ra (1949. febr. 1. \u2013), tan\u00e1rseg\u00e9d a Fogorvostudom\u00e1nyi Kar megsz\u00fcntet\u00e9s\u00e9ig (1951. j\u00fal. 1.\u201352. m\u00e1j. 31.). Tov\u00e1bbra is a fogorvos a klinik\u00e1n, fogszakorvosi vizsg\u00e1t tett Kv.-on (1959. okt.), majd kinevezt\u00e9k a Nagyb\u00e1ny\u00e1ra k\u00f3rh\u00e1zi szakorvosnak (1961 \u2013), majd f\u0151orvos nyugd\u00edjaz\u00e1s\u00e1ig (1975\u201381. m\u00e1j. 31.). Visszak\u00f6lt\u00f6z\u00f6tt Mv.-re. F\u00e9rjei: Ny\u00edr\u0151 Csaba seb\u00e9sz-f\u0151orvos (1949\u201358); Szombathelyi L\u00e1szl\u00f3 seb\u00e9sz-f\u0151orvos (1961. aug. \u2013 meghalt: 1992. jan. 30.). Amat\u0151r fest\u0151, t\u00f6bbsz\u00f6r szerepelt az orvosok fest\u00e9szeti ki\u00e1ll\u00edt\u00e1sain, verseket is k\u00f6z\u00f6lt. <br \/><strong>Irod.:<\/strong> P\u00e9ter Mih\u00e1ly 2006.<\/br><\/p>\n","protected":false},"excerpt":{"rendered":"<p>Aranyosgy\u00e9res, 1923. aug. 29., \u2020 Mv., 2001. szept. 23.: fogorvos. \u2013 Mv.-en tanult elemi iskol\u00e1ban \u00e9s az als\u00f3 gimn\u00e1ziumban, Kv.-on mag\u00e1ntanul\u00f3, majd Mv.-en a Ref. Le\u00e1nygimn\u00e1ziumban \u00e9retts\u00e9gizett (1942). Bp.-en a Kir. M. P\u00e1zm\u00e1ny P\u00e9ter TE Orvosi Kar\u00e1n tanult (1942\u2013), megszak\u00edtotta tanulm\u00e1nyait (1944\u2013), majd Mv.-en folytatta a BTE mv.-i Orvosi Kar\u00e1n (1946\u201350), \u00e1llamvizsg\u00e1zott (1951. febr.). Di\u00e1kk\u00e9nt [&hellip;]<\/p>\n","protected":false},"featured_media":0,"comment_status":"open","ping_status":"closed","template":"","meta":[],"product_brand":[],"product_cat":[137],"product_tag":[],"class_list":{"0":"post-21379","1":"product","2":"type-product","3":"status-publish","5":"product_cat-maros-megyei-eletrajzi-lexikon","7":"first","8":"instock","9":"shipping-taxable","10":"product-type-simple"},"_links":{"self":[{"href":"https:\/\/uj.adatbank.ro\/lexikon\/wp-json\/wp\/v2\/product\/21379","targetHints":{"allow":["GET"]}}],"collection":[{"href":"https:\/\/uj.adatbank.ro\/lexikon\/wp-json\/wp\/v2\/product"}],"about":[{"href":"https:\/\/uj.adatbank.ro\/lexikon\/wp-json\/wp\/v2\/types\/product"}],"replies":[{"embeddable":true,"href":"https:\/\/uj.adatbank.ro\/lexikon\/wp-json\/wp\/v2\/comments?post=21379"}],"wp:attachment":[{"href":"https:\/\/uj.adatbank.ro\/lexikon\/wp-json\/wp\/v2\/media?parent=21379"}],"wp:term":[{"taxonomy":"product_brand","embeddable":true,"href":"https:\/\/uj.adatbank.ro\/lexikon\/wp-json\/wp\/v2\/product_brand?post=21379"},{"taxonomy":"product_cat","embeddable":true,"href":"https:\/\/uj.adatbank.ro\/lexikon\/wp-json\/wp\/v2\/product_cat?post=21379"},{"taxonomy":"product_tag","embeddable":true,"href":"https:\/\/uj.adatbank.ro\/lexikon\/wp-json\/wp\/v2\/product_tag?post=21379"}],"curies":[{"name":"wp","href":"https:\/\/api.w.org\/{rel}","templated":true}]}}

<p>Aranyosgyéres, 1923. aug. 29., † Mv., 2001. szept. 23.: fogorvos. – Mv.-en tanult elemi iskolában és az alsó gimnáziumban, Kv.-on magántanuló, majd Mv.-en a Ref. Leánygimnáziumban érettségizett (1942). Bp.-en a Kir. M. Pázmány Péter TE Orvosi Karán tanult (1942–), megszakította tanulmányait (1944–), majd Mv.-en folytatta a BTE mv.-i Orvosi Karán (1946–50), államvizsgázott (1951. febr.). Diákként díjtalan gyakornok, majd kinevezték gyakornoknak a mv.-i Orvosi Kar Fogászati Klinikájára (1949. febr. 1. –), tanársegéd a Fogorvostudományi Kar megszüntetéséig (1951. júl. 1.–52. máj. 31.). Továbbra is a fogorvos a klinikán, fogszakorvosi vizsgát tett Kv.-on (1959. okt.), majd kinevezték a Nagybányára kórházi szakorvosnak (1961 –), majd főorvos nyugdíjazásáig (1975–81. máj. 31.). Visszaköltözött Mv.-re. Férjei: Nyírő Csaba sebész-főorvos (1949–58); Szombathelyi László sebész-főorvos (1961. aug. – meghalt: 1992. jan. 30.). Amatőr festő, többször szerepelt az orvosok festészeti kiállításain, verseket is közölt. <br /><strong>Irod.:</strong> Péter Mihály 2006.</br></p>

<p>Aranyosgyéres, 1923. aug. 29., † Mv., 2001. szept. 23.: fogorvos. – Mv.-en tanult elemi iskolában és az alsó gimnáziumban, Kv.-on magántanuló, majd Mv.-en a Ref. Leánygimnáziumban érettségizett (1942). Bp.-en a Kir. M. Pázmány Péter TE Orvosi Karán tanult (1942–), megszakította tanulmányait (1944–), majd Mv.-en folytatta a BTE mv.-i Orvosi Karán (1946–50), államvizsgázott (1951. febr.). Diákként [&hellip;]</p>
