{"id":21388,"date":"2025-07-22T19:23:07","date_gmt":"2025-07-22T17:23:07","guid":{"rendered":"https:\/\/uj.adatbank.ro\/lexikon\/termek\/szalay-pal\/"},"modified":"2025-07-22T19:23:07","modified_gmt":"2025-07-22T17:23:07","slug":"szalay-pal","status":"publish","type":"product","link":"https:\/\/uj.adatbank.ro\/lexikon\/termek\/szalay-pal\/","title":{"rendered":"SZALAY P\u00e1l"},"content":{"rendered":"<p>Mez\u0151madaras, 1830, \u2020\u00a01881. m\u00e1j. 28.: \u00edrnok, jegyz\u0151. \u2013 Mez\u0151madarason kezdett tanulni, majd Mv.-en folytatta (1846). A szabads\u00e1gharcban \u00f6nk\u00e9ntesnek jelentkezett a 12. honv\u00e9dz\u00e1szl\u00f3aljba (1848. aug. 18.\u2013). Hadnagy (1849), f\u0151hadnagy a besztercei hadoszt\u00e1lyn\u00e1l. A forradalom ut\u00e1n besorozt\u00e1k az olaszorsz\u00e1gi ezredbe (1867-ig). Mez\u0151madarason gazd\u00e1lkodott, majd sz\u00e9ki ill. megyei \u00edrnok volt. R\u00e9szt vett Pesty Frigyes eg\u00e9sz Mo.-ra \u00e9s Erd\u00e9lyre kiterjedt helyn\u00e9vgy\u0171jt\u00e9s\u00e9ben (1864\u201365). <br \/><strong>Irod.:<\/strong> Mez\u0151madaras; Pesty 2014.<\/br><\/p>\n","protected":false},"excerpt":{"rendered":"<p>Mez\u0151madaras, 1830, \u2020\u00a01881. m\u00e1j. 28.: \u00edrnok, jegyz\u0151. \u2013 Mez\u0151madarason kezdett tanulni, majd Mv.-en folytatta (1846). A szabads\u00e1gharcban \u00f6nk\u00e9ntesnek jelentkezett a 12. honv\u00e9dz\u00e1szl\u00f3aljba (1848. aug. 18.\u2013). Hadnagy (1849), f\u0151hadnagy a besztercei hadoszt\u00e1lyn\u00e1l. A forradalom ut\u00e1n besorozt\u00e1k az olaszorsz\u00e1gi ezredbe (1867-ig). Mez\u0151madarason gazd\u00e1lkodott, majd sz\u00e9ki ill. megyei \u00edrnok volt. R\u00e9szt vett Pesty Frigyes eg\u00e9sz Mo.-ra \u00e9s Erd\u00e9lyre [&hellip;]<\/p>\n","protected":false},"featured_media":0,"comment_status":"open","ping_status":"closed","template":"","meta":[],"product_brand":[],"product_cat":[137],"product_tag":[],"class_list":{"0":"post-21388","1":"product","2":"type-product","3":"status-publish","5":"product_cat-maros-megyei-eletrajzi-lexikon","7":"first","8":"instock","9":"shipping-taxable","10":"product-type-simple"},"_links":{"self":[{"href":"https:\/\/uj.adatbank.ro\/lexikon\/wp-json\/wp\/v2\/product\/21388","targetHints":{"allow":["GET"]}}],"collection":[{"href":"https:\/\/uj.adatbank.ro\/lexikon\/wp-json\/wp\/v2\/product"}],"about":[{"href":"https:\/\/uj.adatbank.ro\/lexikon\/wp-json\/wp\/v2\/types\/product"}],"replies":[{"embeddable":true,"href":"https:\/\/uj.adatbank.ro\/lexikon\/wp-json\/wp\/v2\/comments?post=21388"}],"wp:attachment":[{"href":"https:\/\/uj.adatbank.ro\/lexikon\/wp-json\/wp\/v2\/media?parent=21388"}],"wp:term":[{"taxonomy":"product_brand","embeddable":true,"href":"https:\/\/uj.adatbank.ro\/lexikon\/wp-json\/wp\/v2\/product_brand?post=21388"},{"taxonomy":"product_cat","embeddable":true,"href":"https:\/\/uj.adatbank.ro\/lexikon\/wp-json\/wp\/v2\/product_cat?post=21388"},{"taxonomy":"product_tag","embeddable":true,"href":"https:\/\/uj.adatbank.ro\/lexikon\/wp-json\/wp\/v2\/product_tag?post=21388"}],"curies":[{"name":"wp","href":"https:\/\/api.w.org\/{rel}","templated":true}]}}

SZALAY Pál

<p>Mezőmadaras, 1830, † 1881. máj. 28.: írnok, jegyző. – Mezőmadarason kezdett tanulni, majd Mv.-en folytatta (1846). A szabadságharcban önkéntesnek jelentkezett a 12. honvédzászlóaljba (1848. aug. 18.–). Hadnagy (1849), főhadnagy a besztercei hadosztálynál. A forradalom után besorozták az olaszországi ezredbe (1867-ig). Mezőmadarason gazdálkodott, majd széki ill. megyei írnok volt. Részt vett Pesty Frigyes egész Mo.-ra és Erdélyre kiterjedt helynévgyűjtésében (1864–65). <br /><strong>Irod.:</strong> Mezőmadaras; Pesty 2014.</br></p>

<p>Mezőmadaras, 1830, † 1881. máj. 28.: írnok, jegyző. – Mezőmadarason kezdett tanulni, majd Mv.-en folytatta (1846). A szabadságharcban önkéntesnek jelentkezett a 12. honvédzászlóaljba (1848. aug. 18.–). Hadnagy (1849), főhadnagy a besztercei hadosztálynál. A forradalom után besorozták az olaszországi ezredbe (1867-ig). Mezőmadarason gazdálkodott, majd széki ill. megyei írnok volt. Részt vett Pesty Frigyes egész Mo.-ra és Erdélyre [&hellip;]</p>
