{"id":2140,"date":"2025-06-28T12:05:02","date_gmt":"2025-06-28T10:05:02","guid":{"rendered":"https:\/\/uj.adatbank.ro\/lexikon\/termek\/bandila-ioan\/"},"modified":"2025-06-28T12:05:02","modified_gmt":"2025-06-28T10:05:02","slug":"bandila-ioan","status":"publish","type":"product","link":"https:\/\/uj.adatbank.ro\/lexikon\/termek\/bandila-ioan\/","title":{"rendered":"B\u00c2NDIL\u0102 Ioan"},"content":{"rendered":"<p>F\u00fcleh\u00e1za, 1916. febr. 8. \u2020 F\u00fcleh\u00e1za, ?: tan\u00edt\u00f3. \u2013 Elemi isk.-t D\u00e9d\u00e1n, tan\u00edt\u00f3k\u00e9pz\u0151t Mv.-en v\u00e9gzett. A sz\u00fcl\u0151faluj\u00e1ba nevezt\u00e9k ki tan\u00edt\u00f3nak (1940. okt. 1.- hal\u00e1l\u00e1ig). A m. uralom idej\u00e9n \u00f6sszet\u0171z\u00e9sbe ker\u00fclt a hat\u00f3s\u00e1gokkal, letart\u00f3ztatt\u00e1k, hat h\u00f3napra b\u00f6rt\u00f6nbe z\u00e1rt\u00e1k. Felebezett, kiengedt\u00e9k, Maroh\u00e9v\u00edzre nevezt\u00e9k ki tan\u00edt\u00f3nak, azut\u00e1n Csobot\u00e1nyba, majd H\u00f3dmez\u0151v\u00e1s\u00e1rhelyre ker\u00fclt (1942. aug. 1. \u2013). Beh\u00edvt\u00e1k katon\u00e1nak a m. hadseregbe. Pagocs\u00e1ra menek\u00fcl, majd be\u00e1llt a rom\u00e1n hadseregbe, ahol hadnagyi rangot kapott. R\u00e9szt vett a II. vh. harcaiban. A h\u00e1bor\u00fa ut\u00e1n F\u00fcleh\u00e1z\u00e1n tan\u00edtott, (1945. \u00e1pr. 20.- 1951. szept. 1.), majd D\u00e9d\u00e1n lett rom\u00e1ntan\u00e1r (1956 \u2013), v\u00e9g\u00fcl ism\u00e9t visszat\u00e9rt F\u00fcleh\u00e1z\u00e1ra, ahol nyugd\u00edjaz\u00e1s\u00e1ig tan\u00edtott. Ott is temett\u00e9k el. <br \/><strong>Irod.:<\/strong> Deda \u00een spa\u0163iu<\/br><\/p>\n","protected":false},"excerpt":{"rendered":"<p>F\u00fcleh\u00e1za, 1916. febr. 8. \u2020 F\u00fcleh\u00e1za, ?: tan\u00edt\u00f3. \u2013 Elemi isk.-t D\u00e9d\u00e1n, tan\u00edt\u00f3k\u00e9pz\u0151t Mv.-en v\u00e9gzett. A sz\u00fcl\u0151faluj\u00e1ba nevezt\u00e9k ki tan\u00edt\u00f3nak (1940. okt. 1.- hal\u00e1l\u00e1ig). A m. uralom idej\u00e9n \u00f6sszet\u0171z\u00e9sbe ker\u00fclt a hat\u00f3s\u00e1gokkal, letart\u00f3ztatt\u00e1k, hat h\u00f3napra b\u00f6rt\u00f6nbe z\u00e1rt\u00e1k. Felebezett, kiengedt\u00e9k, Maroh\u00e9v\u00edzre nevezt\u00e9k ki tan\u00edt\u00f3nak, azut\u00e1n Csobot\u00e1nyba, majd H\u00f3dmez\u0151v\u00e1s\u00e1rhelyre ker\u00fclt (1942. aug. 1. \u2013). Beh\u00edvt\u00e1k katon\u00e1nak a [&hellip;]<\/p>\n","protected":false},"featured_media":0,"comment_status":"open","ping_status":"closed","template":"","meta":[],"product_brand":[],"product_cat":[137],"product_tag":[],"class_list":{"0":"post-2140","1":"product","2":"type-product","3":"status-publish","5":"product_cat-maros-megyei-eletrajzi-lexikon","7":"first","8":"instock","9":"shipping-taxable","10":"product-type-simple"},"_links":{"self":[{"href":"https:\/\/uj.adatbank.ro\/lexikon\/wp-json\/wp\/v2\/product\/2140","targetHints":{"allow":["GET"]}}],"collection":[{"href":"https:\/\/uj.adatbank.ro\/lexikon\/wp-json\/wp\/v2\/product"}],"about":[{"href":"https:\/\/uj.adatbank.ro\/lexikon\/wp-json\/wp\/v2\/types\/product"}],"replies":[{"embeddable":true,"href":"https:\/\/uj.adatbank.ro\/lexikon\/wp-json\/wp\/v2\/comments?post=2140"}],"wp:attachment":[{"href":"https:\/\/uj.adatbank.ro\/lexikon\/wp-json\/wp\/v2\/media?parent=2140"}],"wp:term":[{"taxonomy":"product_brand","embeddable":true,"href":"https:\/\/uj.adatbank.ro\/lexikon\/wp-json\/wp\/v2\/product_brand?post=2140"},{"taxonomy":"product_cat","embeddable":true,"href":"https:\/\/uj.adatbank.ro\/lexikon\/wp-json\/wp\/v2\/product_cat?post=2140"},{"taxonomy":"product_tag","embeddable":true,"href":"https:\/\/uj.adatbank.ro\/lexikon\/wp-json\/wp\/v2\/product_tag?post=2140"}],"curies":[{"name":"wp","href":"https:\/\/api.w.org\/{rel}","templated":true}]}}

BÂNDILĂ Ioan

<p>Füleháza, 1916. febr. 8. † Füleháza, ?: tanító. – Elemi isk.-t Dédán, tanítóképzőt Mv.-en végzett. A szülőfalujába nevezték ki tanítónak (1940. okt. 1.- haláláig). A m. uralom idején összetűzésbe került a hatóságokkal, letartóztatták, hat hónapra börtönbe zárták. Felebezett, kiengedték, Marohévízre nevezték ki tanítónak, azután Csobotányba, majd Hódmezővásárhelyre került (1942. aug. 1. –). Behívták katonának a m. hadseregbe. Pagocsára menekül, majd beállt a román hadseregbe, ahol hadnagyi rangot kapott. Részt vett a II. vh. harcaiban. A háború után Füleházán tanított, (1945. ápr. 20.- 1951. szept. 1.), majd Dédán lett romántanár (1956 –), végül ismét visszatért Füleházára, ahol nyugdíjazásáig tanított. Ott is temették el. <br /><strong>Irod.:</strong> Deda în spaţiu</br></p>

<p>Füleháza, 1916. febr. 8. † Füleháza, ?: tanító. – Elemi isk.-t Dédán, tanítóképzőt Mv.-en végzett. A szülőfalujába nevezték ki tanítónak (1940. okt. 1.- haláláig). A m. uralom idején összetűzésbe került a hatóságokkal, letartóztatták, hat hónapra börtönbe zárták. Felebezett, kiengedték, Marohévízre nevezték ki tanítónak, azután Csobotányba, majd Hódmezővásárhelyre került (1942. aug. 1. –). Behívták katonának a [&hellip;]</p>
