{"id":21402,"date":"2025-07-22T19:23:38","date_gmt":"2025-07-22T17:23:38","guid":{"rendered":"https:\/\/uj.adatbank.ro\/lexikon\/termek\/szalma-gyorgy-ifj\/"},"modified":"2025-07-22T19:23:38","modified_gmt":"2025-07-22T17:23:38","slug":"szalma-gyorgy-ifj","status":"publish","type":"product","link":"https:\/\/uj.adatbank.ro\/lexikon\/termek\/szalma-gyorgy-ifj\/","title":{"rendered":"SZALMA Gy\u00f6rgy, ifj."},"content":{"rendered":"<p>? 1822. \u00e1pr. 19., \u2020 Maross\u00e1rpatak, 1895. m\u00e1j. 17.: ref. lelk\u00e9sz. \u2013 H\u00e1rom gyermeke volt. \u2013 Mv.-en tanult a ref. f\u0151tanod\u00e1ban \u00e9s itt tanulta a teol\u00f3giai tudom\u00e1nyokat is. G\u00f6rg\u00e9nyszentimr\u00e9n az apja mellett volt k\u00e1pl\u00e1n (1845\u201348), az apja hal\u00e1la ut\u00e1n lp.-nak h\u00edvt\u00e1k meg Maross\u00e1rpatakra (1848\u201395. m\u00e1j. 17.). Val\u00f3sz\u00edn\u0171 m\u00e9g Balav\u00e1s\u00e1r k\u00f6zs\u00e9gben is tev\u00e9kenykedett, mert a balav\u00e1s\u00e1ri el\u00f6lj\u00e1r\u00f3s\u00e1g tagjai k\u00f6zt szerepelt a Pesty Frigyes eg\u00e9sz Mo.-ra \u00e9s Erd\u00e9lyre kiterjedt helyn\u00e9vgy\u0171jt\u00e9s\u00e9ben (1864\u201365). <br \/><strong>Irod.:<\/strong> Berekm\u00e9ri\u2013G\u00e1lfi; B\u00f6jthe Andor; Pesty 2014.<\/br><\/p>\n","protected":false},"excerpt":{"rendered":"<p>? 1822. \u00e1pr. 19., \u2020 Maross\u00e1rpatak, 1895. m\u00e1j. 17.: ref. lelk\u00e9sz. \u2013 H\u00e1rom gyermeke volt. \u2013 Mv.-en tanult a ref. f\u0151tanod\u00e1ban \u00e9s itt tanulta a teol\u00f3giai tudom\u00e1nyokat is. G\u00f6rg\u00e9nyszentimr\u00e9n az apja mellett volt k\u00e1pl\u00e1n (1845\u201348), az apja hal\u00e1la ut\u00e1n lp.-nak h\u00edvt\u00e1k meg Maross\u00e1rpatakra (1848\u201395. m\u00e1j. 17.). Val\u00f3sz\u00edn\u0171 m\u00e9g Balav\u00e1s\u00e1r k\u00f6zs\u00e9gben is tev\u00e9kenykedett, mert a balav\u00e1s\u00e1ri [&hellip;]<\/p>\n","protected":false},"featured_media":0,"comment_status":"open","ping_status":"closed","template":"","meta":[],"product_brand":[],"product_cat":[137],"product_tag":[],"class_list":{"0":"post-21402","1":"product","2":"type-product","3":"status-publish","5":"product_cat-maros-megyei-eletrajzi-lexikon","7":"first","8":"instock","9":"shipping-taxable","10":"product-type-simple"},"_links":{"self":[{"href":"https:\/\/uj.adatbank.ro\/lexikon\/wp-json\/wp\/v2\/product\/21402","targetHints":{"allow":["GET"]}}],"collection":[{"href":"https:\/\/uj.adatbank.ro\/lexikon\/wp-json\/wp\/v2\/product"}],"about":[{"href":"https:\/\/uj.adatbank.ro\/lexikon\/wp-json\/wp\/v2\/types\/product"}],"replies":[{"embeddable":true,"href":"https:\/\/uj.adatbank.ro\/lexikon\/wp-json\/wp\/v2\/comments?post=21402"}],"wp:attachment":[{"href":"https:\/\/uj.adatbank.ro\/lexikon\/wp-json\/wp\/v2\/media?parent=21402"}],"wp:term":[{"taxonomy":"product_brand","embeddable":true,"href":"https:\/\/uj.adatbank.ro\/lexikon\/wp-json\/wp\/v2\/product_brand?post=21402"},{"taxonomy":"product_cat","embeddable":true,"href":"https:\/\/uj.adatbank.ro\/lexikon\/wp-json\/wp\/v2\/product_cat?post=21402"},{"taxonomy":"product_tag","embeddable":true,"href":"https:\/\/uj.adatbank.ro\/lexikon\/wp-json\/wp\/v2\/product_tag?post=21402"}],"curies":[{"name":"wp","href":"https:\/\/api.w.org\/{rel}","templated":true}]}}

SZALMA György, ifj.

<p>? 1822. ápr. 19., † Marossárpatak, 1895. máj. 17.: ref. lelkész. – Három gyermeke volt. – Mv.-en tanult a ref. főtanodában és itt tanulta a teológiai tudományokat is. Görgényszentimrén az apja mellett volt káplán (1845–48), az apja halála után lp.-nak hívták meg Marossárpatakra (1848–95. máj. 17.). Valószínű még Balavásár községben is tevékenykedett, mert a balavásári elöljáróság tagjai közt szerepelt a Pesty Frigyes egész Mo.-ra és Erdélyre kiterjedt helynévgyűjtésében (1864–65). <br /><strong>Irod.:</strong> Berekméri–Gálfi; Böjthe Andor; Pesty 2014.</br></p>

<p>? 1822. ápr. 19., † Marossárpatak, 1895. máj. 17.: ref. lelkész. – Három gyermeke volt. – Mv.-en tanult a ref. főtanodában és itt tanulta a teológiai tudományokat is. Görgényszentimrén az apja mellett volt káplán (1845–48), az apja halála után lp.-nak hívták meg Marossárpatakra (1848–95. máj. 17.). Valószínű még Balavásár községben is tevékenykedett, mert a balavásári [&hellip;]</p>
