{"id":21408,"date":"2025-07-22T19:23:52","date_gmt":"2025-07-22T17:23:52","guid":{"rendered":"https:\/\/uj.adatbank.ro\/lexikon\/termek\/szalman-lorant-%c2%a7-szalman-lorandt\/"},"modified":"2025-07-22T19:23:52","modified_gmt":"2025-07-22T17:23:52","slug":"szalman-lorant-%c2%a7-szalman-lorandt","status":"publish","type":"product","link":"https:\/\/uj.adatbank.ro\/lexikon\/termek\/szalman-lorant-%c2%a7-szalman-lorandt\/","title":{"rendered":"SZALMAN L\u00f3r\u00e1nt, \u00a7 Szalman L\u00f3r\u00e1ndt"},"content":{"rendered":"<p>Kv., 1929. szept. 11., \u2020 Mv., 2007. \u00e1pr. 12.: karmester. \u2013 Sz. Domokos \u00e9s Szelih\u00e1r Anna fia. \u2013 Kv.-on a belv\u00e1rosi R. k. Elemi Iskola (1936\u201340), a Piarista Gimn. tanul\u00f3ja, itt \u00e9retts\u00e9gizett (1940\u201348); a Gheorghe Dima Zeneakad\u00e9mi\u00e1n (1955) zenetan\u00e1ri, karmesteri szakon szerzett oklevelet, tanult zongor\u00e1t \u00e9s k\u00fcrt\u00f6t is. Karvezet\u00e9st Nagy Istv\u00e1n, zenekari vez\u00e9nyl\u00e9st Antonin Ciolan oszt\u00e1ly\u00e1ban tanult. Tan\u00e1rseg\u00e9d a kv.-i Zeneakad\u00e9mia Karvezet\u00e9s tansz\u00e9k\u00e9n (1953. jan. 1.\u201357. jan. 1.) ill. a kv.-i \u00c1llami Filharm\u00f3nia k\u00fcrt\u00f6se (1955\u201357). Mv.-re k\u00f6lt\u00f6z\u00f6tt Sz\u00e1sz B\u00e9la h\u00edv\u00e1s\u00e1ra (1956\u2013). Alap\u00edt\u00f3 karnagya (1956. dec. 1.\u2013) \u00e9s igazgat\u00f3ja a Sz\u00e9kely N\u00e9pi Egy\u00fcttesnek (1958\u201368); a Mv.-i \u00c1llami Filharm\u00f3nia karmestere (1968\u201389) \u00e9s igazgat\u00f3ja (1971\u201373 \u00e9s 1978\u201383) \u00e9s szimfonikus zenekar\u00e1nak \u00e1lland\u00f3 karmestere nyugd\u00edjba vonul\u00e1s\u00e1ig (1968\u201381. dec. 1.). Nyugd\u00edjba vonul\u00e1sa ut\u00e1n a Musica Humana n\u0151i kar vezet\u0151je volt t\u00f6bb \u00e9ven kereszt\u00fcl \u00e9s gyakran \u00e9s rendszeresen l\u00e9pett fel tov\u00e1bbra is az \u00c1llami Filharm\u00f3nia \u00e9l\u00e9n. Sz\u00e1mos k\u00f3rus, szimfonikus \u00e9s f\u0151k\u00e9nt vok\u00e1l-szimfonikus m\u0171vet vez\u00e9nyelt, vil\u00e1gh\u00edr\u0171 belf\u00f6ldi \u00e9s k\u00fclf\u00f6ldi sz\u00f3lista k\u00f6zrem\u0171k\u00f6d\u00e9s\u00e9vel, k\u00f6zt\u00fck j\u00f3n\u00e9h\u00e1ny \u0151sbemutat\u00f3 volt. Vez\u00e9nylet\u00e9vel a mv.-i zenekar belf\u00f6ldi v\u00e1rosokban (Arad, B\u00e1k\u00f3, Iasi, Kv., Nagyszeben, Temesv\u00e1r) \u00e9s eur\u00f3pai orsz\u00e1gokban vend\u00e9gszerepelt: Szovjetuni\u00f3 (1973), Jugoszl\u00e1via (1975), Magyaro. (1979), Olaszo. (1976, 1978, 1980, 1980), Lengyelo. (1969, 1973), Csehszlov\u00e1kia (1977, 1983), Franciao. (1977), NDK (1970, 1974, 1976, 1980), NSzK (1972). Sok Electrecord- \u00e9s r\u00e1di\u00f3felv\u00e9telt k\u00e9sz\u00edtett a mv.-i zeneszerz\u0151k m\u0171veib\u0151l a filharm\u00f3nia szimfonikus \u00e9s a Sz\u00e9kely N\u00e9pi Egy\u00fcttes \u00e9nekkara k\u00f6zre m\u0171k\u00f6d\u00e9s\u00e9vel. Karvezet\u00e9st tan\u00edtott a sz\u00ednm\u0171v\u00e9szeti egyetemen (2006). <strong>Kit\u00fcntet\u00e9sei:<\/strong> a Munka\u00e9rdemrend III. (1959), a Kultur\u00e1lis \u00c9rdemrend IV. fokozat\u00e1t kapta (1967); a Rom\u00e1niai Magyar Dalossz\u00f6vets\u00e9g R\u00f3nai Antal d\u00edja (1998). Mv. v\u00e1ros diszpolg\u00e1ra (2006). Tev\u00e9kenys\u00e9g\u00e9nek 50. \u00e9vfordul\u00f3j\u00e1n, 75. sz\u00fclet\u00e9snapj\u00e1n (2004) a mv.-i Filharm\u00f3nia rendk\u00edv\u00fcli hangverseny keret\u00e9ben \u00e9s sz\u00fclet\u00e9s\u00e9nek 80. \u00e9vfordul\u00f3j\u00e1n (2009. szept. 24.) vok\u00e1l-szimfonikus \u00fcnnepi hangversenyen k\u00f6sz\u00f6nt\u00f6tte. \u2013 <strong>F. m.<\/strong>: <strong>t\u00e1rssz.:<\/strong> Karvezet\u0151k k\u00e9zik\u00f6nyve (Zolt\u00e1n Alad\u00e1r \u00e9s Forr\u00f3 L\u00e1szl\u00f3val, Mv., 1962; Mv., 1968); Lemezfelv\u00e9telei: Kozma Matei: Concert pentru org\u0103 \u015fi orchestr\u0103; S.Nichifor: III. Szimf\u00f3nia (ST-ECE 03482); D. Popovici k\u00f3rusm\u0171vek (ST-EXE 02475); W. Berger: XVIII. szimf\u00f3nia (ST-ECE 03734); Haydn szimf\u00f3nia nr. 83, 85 (ST-ECE 03794); Zolt\u00e1n Alad\u00e1r, Cs\u00edky Boldizs\u00e1r, Szab\u00f3 Csaba m\u0171vek (ST-ECE 01504); F\u00e1tyol Tibor heged\u0171verseny (ST-ECE 02718); Luciano Simoni m\u0171vek (ST-CS 0192); H\u00e4ndel orgonaversenyek Op. 4 nr. 2, 4. Op. 7. nr. 1. Ursula Philippivel (ST-ECE); Haydn szimf\u00f3nia nr. 93, 98 (ST-ECE 01873); Madrig\u00e1lok (ECD 1052); Szolg\u00e1ld a haz\u00e1dat: rom\u00e1niai magyar szerz\u0151k k\u00f3rusm\u0171vei (STM-EXE 0798); Eml\u00e9khangverseny (2007. \u00e1pr. 17.). Nev\u00e9t viseli a Mv.-i M\u0171v\u00e9szeti Egyetem zenem\u0171v\u00e9szeti kar\u00e1nak egy terme a P\u00e1lffy-h\u00e1zban (2010. m\u00e1j. 12.). <br \/><strong>Irod.:<\/strong> Aniversarea a 75 de ani de via\u0163a a maestrului Szalm\u00e1n L\u00f3r\u00e1nt \u2013 Sz\u00fclet\u00e9s\u00e9nek 75. \u00e9vfordul\u00f3ja tisztelet\u00e9re (Mv., 2004); Aranykorszak; Cazan, Vasile: Szalman L\u00f3r\u00e1nt, 1929\u20132007 (N\u00fa.,2007. \u00e1pr. 14.); Cs\u00edky Csaba: Eml\u00e9khangverseny: In memoriam Sz. l. (N\u00fa., 2009. szept. 29.); Erd\u00e9lyi Lajos: \u00d6t perc Sz. L.-tal (\u00daj \u00c9let, 23. sz., 1978.); Erd\u00e9lyi L 2009,fot\u00f31977; Filarmonica 50; KKACs; Koch M\u00e1ria: Az alkot\u00f3 m\u0171hely\u00e9ben: Interj\u00fa Sz. L. karmesterrel (V. Z., 1972. j\u00fan. 4.); Kusz\u00e1lik; M\u00e1ty\u00e1s Zolt\u00e1nn\u00e9 Kozma M\u00e1rta: Egy \u00fcnnep marg\u00f3j\u00e1ra (N\u00fa., 2007. nov. 7.); Mv.-i N\u00e9pi Egy\u00fctt.; N\u00fa. (2004. okt. 5; 9; 2007. \u00e1pr. 14); Nagy Mikl\u00f3s Kund: Egy m\u0171v\u00e9szp\u00e1lya hat\u00e1rk\u00f6vei (V. Z., 1989. m\u00e1j. 20.); [Nekrol\u00f3g] (N\u00fa., 2007. \u00e1pr.13..); Pop Tofolean-F\u00fcl\u00f6p; RMIL; RMKK; Sava; Sz. L. 75 \u00e9ves = J\u00e1ray Fekete Katalin: Viva la musica (Mv., 2008); Sz\u00e9kely D\u00e9nes 2005; Sz\u00e9kely Sz.Z.; Todea 2013.<\/br><\/p>\n","protected":false},"excerpt":{"rendered":"<p>Kv., 1929. szept. 11., \u2020 Mv., 2007. \u00e1pr. 12.: karmester. \u2013 Sz. Domokos \u00e9s Szelih\u00e1r Anna fia. \u2013 Kv.-on a belv\u00e1rosi R. k. Elemi Iskola (1936\u201340), a Piarista Gimn. tanul\u00f3ja, itt \u00e9retts\u00e9gizett (1940\u201348); a Gheorghe Dima Zeneakad\u00e9mi\u00e1n (1955) zenetan\u00e1ri, karmesteri szakon szerzett oklevelet, tanult zongor\u00e1t \u00e9s k\u00fcrt\u00f6t is. Karvezet\u00e9st Nagy Istv\u00e1n, zenekari vez\u00e9nyl\u00e9st Antonin Ciolan [&hellip;]<\/p>\n","protected":false},"featured_media":0,"comment_status":"open","ping_status":"closed","template":"","meta":[],"product_brand":[],"product_cat":[137],"product_tag":[],"class_list":{"0":"post-21408","1":"product","2":"type-product","3":"status-publish","5":"product_cat-maros-megyei-eletrajzi-lexikon","7":"first","8":"instock","9":"shipping-taxable","10":"product-type-simple"},"_links":{"self":[{"href":"https:\/\/uj.adatbank.ro\/lexikon\/wp-json\/wp\/v2\/product\/21408","targetHints":{"allow":["GET"]}}],"collection":[{"href":"https:\/\/uj.adatbank.ro\/lexikon\/wp-json\/wp\/v2\/product"}],"about":[{"href":"https:\/\/uj.adatbank.ro\/lexikon\/wp-json\/wp\/v2\/types\/product"}],"replies":[{"embeddable":true,"href":"https:\/\/uj.adatbank.ro\/lexikon\/wp-json\/wp\/v2\/comments?post=21408"}],"wp:attachment":[{"href":"https:\/\/uj.adatbank.ro\/lexikon\/wp-json\/wp\/v2\/media?parent=21408"}],"wp:term":[{"taxonomy":"product_brand","embeddable":true,"href":"https:\/\/uj.adatbank.ro\/lexikon\/wp-json\/wp\/v2\/product_brand?post=21408"},{"taxonomy":"product_cat","embeddable":true,"href":"https:\/\/uj.adatbank.ro\/lexikon\/wp-json\/wp\/v2\/product_cat?post=21408"},{"taxonomy":"product_tag","embeddable":true,"href":"https:\/\/uj.adatbank.ro\/lexikon\/wp-json\/wp\/v2\/product_tag?post=21408"}],"curies":[{"name":"wp","href":"https:\/\/api.w.org\/{rel}","templated":true}]}}

SZALMAN Lóránt, § Szalman Lórándt

<p>Kv., 1929. szept. 11., † Mv., 2007. ápr. 12.: karmester. – Sz. Domokos és Szelihár Anna fia. – Kv.-on a belvárosi R. k. Elemi Iskola (1936–40), a Piarista Gimn. tanulója, itt érettségizett (1940–48); a Gheorghe Dima Zeneakadémián (1955) zenetanári, karmesteri szakon szerzett oklevelet, tanult zongorát és kürtöt is. Karvezetést Nagy István, zenekari vezénylést Antonin Ciolan osztályában tanult. Tanársegéd a kv.-i Zeneakadémia Karvezetés tanszékén (1953. jan. 1.–57. jan. 1.) ill. a kv.-i Állami Filharmónia kürtöse (1955–57). Mv.-re költözött Szász Béla hívására (1956–). Alapító karnagya (1956. dec. 1.–) és igazgatója a Székely Népi Együttesnek (1958–68); a Mv.-i Állami Filharmónia karmestere (1968–89) és igazgatója (1971–73 és 1978–83) és szimfonikus zenekarának állandó karmestere nyugdíjba vonulásáig (1968–81. dec. 1.). Nyugdíjba vonulása után a Musica Humana női kar vezetője volt több éven keresztül és gyakran és rendszeresen lépett fel továbbra is az Állami Filharmónia élén. Számos kórus, szimfonikus és főként vokál-szimfonikus művet vezényelt, világhírű belföldi és külföldi szólista közreműködésével, köztük jónéhány ősbemutató volt. Vezényletével a mv.-i zenekar belföldi városokban (Arad, Bákó, Iasi, Kv., Nagyszeben, Temesvár) és európai országokban vendégszerepelt: Szovjetunió (1973), Jugoszlávia (1975), Magyaro. (1979), Olaszo. (1976, 1978, 1980, 1980), Lengyelo. (1969, 1973), Csehszlovákia (1977, 1983), Franciao. (1977), NDK (1970, 1974, 1976, 1980), NSzK (1972). Sok Electrecord- és rádiófelvételt készített a mv.-i zeneszerzők műveiből a filharmónia szimfonikus és a Székely Népi Együttes énekkara közre működésével. Karvezetést tanított a színművészeti egyetemen (2006). <strong>Kitüntetései:</strong> a Munkaérdemrend III. (1959), a Kulturális Érdemrend IV. fokozatát kapta (1967); a Romániai Magyar Dalosszövetség Rónai Antal díja (1998). Mv. város diszpolgára (2006). Tevékenységének 50. évfordulóján, 75. születésnapján (2004) a mv.-i Filharmónia rendkívüli hangverseny keretében és születésének 80. évfordulóján (2009. szept. 24.) vokál-szimfonikus ünnepi hangversenyen köszöntötte. – <strong>F. m.</strong>: <strong>társsz.:</strong> Karvezetők kézikönyve (Zoltán Aladár és Forró Lászlóval, Mv., 1962; Mv., 1968); Lemezfelvételei: Kozma Matei: Concert pentru orgă şi orchestră; S.Nichifor: III. Szimfónia (ST-ECE 03482); D. Popovici kórusművek (ST-EXE 02475); W. Berger: XVIII. szimfónia (ST-ECE 03734); Haydn szimfónia nr. 83, 85 (ST-ECE 03794); Zoltán Aladár, Csíky Boldizsár, Szabó Csaba művek (ST-ECE 01504); Fátyol Tibor hegedűverseny (ST-ECE 02718); Luciano Simoni művek (ST-CS 0192); Händel orgonaversenyek Op. 4 nr. 2, 4. Op. 7. nr. 1. Ursula Philippivel (ST-ECE); Haydn szimfónia nr. 93, 98 (ST-ECE 01873); Madrigálok (ECD 1052); Szolgáld a hazádat: romániai magyar szerzők kórusművei (STM-EXE 0798); Emlékhangverseny (2007. ápr. 17.). Nevét viseli a Mv.-i Művészeti Egyetem zeneművészeti karának egy terme a Pálffy-házban (2010. máj. 12.). <br /><strong>Irod.:</strong> Aniversarea a 75 de ani de viaţa a maestrului Szalmán Lóránt – Születésének 75. évfordulója tiszteletére (Mv., 2004); Aranykorszak; Cazan, Vasile: Szalman Lóránt, 1929–2007 (Nú.,2007. ápr. 14.); Csíky Csaba: Emlékhangverseny: In memoriam Sz. l. (Nú., 2009. szept. 29.); Erdélyi Lajos: Öt perc Sz. L.-tal (Új Élet, 23. sz., 1978.); Erdélyi L 2009,fotó1977; Filarmonica 50; KKACs; Koch Mária: Az alkotó műhelyében: Interjú Sz. L. karmesterrel (V. Z., 1972. jún. 4.); Kuszálik; Mátyás Zoltánné Kozma Márta: Egy ünnep margójára (Nú., 2007. nov. 7.); Mv.-i Népi Együtt.; Nú. (2004. okt. 5; 9; 2007. ápr. 14); Nagy Miklós Kund: Egy művészpálya határkövei (V. Z., 1989. máj. 20.); [Nekrológ] (Nú., 2007. ápr.13..); Pop Tofolean-Fülöp; RMIL; RMKK; Sava; Sz. L. 75 éves = Járay Fekete Katalin: Viva la musica (Mv., 2008); Székely Dénes 2005; Székely Sz.Z.; Todea 2013.</br></p>

<p>Kv., 1929. szept. 11., † Mv., 2007. ápr. 12.: karmester. – Sz. Domokos és Szelihár Anna fia. – Kv.-on a belvárosi R. k. Elemi Iskola (1936–40), a Piarista Gimn. tanulója, itt érettségizett (1940–48); a Gheorghe Dima Zeneakadémián (1955) zenetanári, karmesteri szakon szerzett oklevelet, tanult zongorát és kürtöt is. Karvezetést Nagy István, zenekari vezénylést Antonin Ciolan [&hellip;]</p>
