{"id":21409,"date":"2025-07-22T19:23:54","date_gmt":"2025-07-22T17:23:54","guid":{"rendered":"https:\/\/uj.adatbank.ro\/lexikon\/termek\/szalmasi-janos-szalmasy-janosi\/"},"modified":"2025-07-22T19:23:54","modified_gmt":"2025-07-22T17:23:54","slug":"szalmasi-janos-szalmasy-janosi","status":"publish","type":"product","link":"https:\/\/uj.adatbank.ro\/lexikon\/termek\/szalmasi-janos-szalmasy-janosi\/","title":{"rendered":"SZALM\u00c1SI J\u00e1nos, Szalm\u00e1sy J\u00e1nosi"},"content":{"rendered":"<p>? \u2020?: keresked\u0151. \u2013 F\u0171szer- \u00e9s delikatessz-keresked\u0151 Mv.-en (20. sz.elej\u00e9n), birtokolta a mai R\u00f3zs\u00e1k tere 14. sz alatti szecesszi\u00f3s st\u00edlus\u00fa Szalm\u00e1si h\u00e1z n\u00e9ven ismert \u00e9p\u00fcletet (19. sz. utols\u00f3 \u00e9veiben \u00e9p\u00fclt), majd emeletet is h\u00faztak r\u00e1 (1906). <br \/><strong>Irod.:<\/strong> Man: Tg. M.<\/br><\/p>\n","protected":false},"excerpt":{"rendered":"<p>? \u2020?: keresked\u0151. \u2013 F\u0171szer- \u00e9s delikatessz-keresked\u0151 Mv.-en (20. sz.elej\u00e9n), birtokolta a mai R\u00f3zs\u00e1k tere 14. sz alatti szecesszi\u00f3s st\u00edlus\u00fa Szalm\u00e1si h\u00e1z n\u00e9ven ismert \u00e9p\u00fcletet (19. sz. utols\u00f3 \u00e9veiben \u00e9p\u00fclt), majd emeletet is h\u00faztak r\u00e1 (1906). Irod.: Man: Tg. M.<\/p>\n","protected":false},"featured_media":0,"comment_status":"open","ping_status":"closed","template":"","meta":[],"product_brand":[],"product_cat":[137],"product_tag":[],"class_list":{"0":"post-21409","1":"product","2":"type-product","3":"status-publish","5":"product_cat-maros-megyei-eletrajzi-lexikon","7":"first","8":"instock","9":"shipping-taxable","10":"product-type-simple"},"_links":{"self":[{"href":"https:\/\/uj.adatbank.ro\/lexikon\/wp-json\/wp\/v2\/product\/21409","targetHints":{"allow":["GET"]}}],"collection":[{"href":"https:\/\/uj.adatbank.ro\/lexikon\/wp-json\/wp\/v2\/product"}],"about":[{"href":"https:\/\/uj.adatbank.ro\/lexikon\/wp-json\/wp\/v2\/types\/product"}],"replies":[{"embeddable":true,"href":"https:\/\/uj.adatbank.ro\/lexikon\/wp-json\/wp\/v2\/comments?post=21409"}],"wp:attachment":[{"href":"https:\/\/uj.adatbank.ro\/lexikon\/wp-json\/wp\/v2\/media?parent=21409"}],"wp:term":[{"taxonomy":"product_brand","embeddable":true,"href":"https:\/\/uj.adatbank.ro\/lexikon\/wp-json\/wp\/v2\/product_brand?post=21409"},{"taxonomy":"product_cat","embeddable":true,"href":"https:\/\/uj.adatbank.ro\/lexikon\/wp-json\/wp\/v2\/product_cat?post=21409"},{"taxonomy":"product_tag","embeddable":true,"href":"https:\/\/uj.adatbank.ro\/lexikon\/wp-json\/wp\/v2\/product_tag?post=21409"}],"curies":[{"name":"wp","href":"https:\/\/api.w.org\/{rel}","templated":true}]}}