{"id":21416,"date":"2025-07-22T19:24:09","date_gmt":"2025-07-22T17:24:09","guid":{"rendered":"https:\/\/uj.adatbank.ro\/lexikon\/termek\/szamossy-kornelia\/"},"modified":"2025-07-22T19:24:09","modified_gmt":"2025-07-22T17:24:09","slug":"szamossy-kornelia","status":"publish","type":"product","link":"https:\/\/uj.adatbank.ro\/lexikon\/termek\/szamossy-kornelia\/","title":{"rendered":"SZAMOSSY Korn\u00e9lia"},"content":{"rendered":"<p>Kv., 1932. okt. 20., \u2020?: sz\u00edn\u00e9szn\u0151, sz\u00edn\u00e9szpedag\u00f3gus. \u2013 A mv.-i Szentgy\u00f6rgyi Istv\u00e1n Sz\u00ednm\u0171v\u00e9szeti Int\u00e9zetben v\u00e9gzett (1955), majd a Sz\u00e9kely Sz\u00ednh\u00e1z szerz\u0151dtette. Kimagasl\u00f3 tehets\u00e9gk\u00e9nt indult, r\u00f6vid ideig nagy l\u00edrai szerepeket j\u00e1tszott. Alak\u00edt\u00e1saiban a figur\u00e1k egyoldal\u00fa \u00e9rzelmi megk\u00f6zel\u00edt\u00e9s\u00e9vel szemben az expresszionista st\u00edlust is id\u00e9z\u0151 \u00faj, komplexebb kifejez\u0151eszk\u00f6z\u00f6ket haszn\u00e1lt. A f\u0151iskola tan\u00e1rseg\u00e9de is volt, amikor indokolatlanul k\u00f6zel egy \u00e9vtizedig mell\u0151zt\u00e9k. A hatvanas \u00e9vek m\u00e1sodik fel\u00e9ben egy sikeres beugr\u00e1snak k\u00f6sz\u00f6nhet\u0151en \u00fajra felfedezt\u00e9k, ism\u00e9t tan\u00edtott a f\u0151iskol\u00e1n, \u00e9s n\u00e9h\u00e1ny szerepet elj\u00e1tszott. Csal\u00e1dj\u00e1val az akkori NSZK-ba telep\u00fclt (1979\u2013). <strong>F. sz.:<\/strong> Rosalinda (Shakespeare.: Ahogy tetszik); Diana (Vega: A kert\u00e9sz kuty\u00e1ja); Margareta Aldea (Kiritescu: Dar\u00e1zsf\u00e9szek); Orb\u00e1n Roz\u00e1lia (N\u00e9meth L.: A k\u00e9t Bolyai); Giza (\u00d6rk\u00e9ny I.: Macskaj\u00e1t\u00e9k), Lukr\u00e9zia (N. Machiavelli: Mandrag\u00f3ra); Marja Szamanova (A. Abuzov: M\u00e1sodik szerelem); Hray Ida (Br\u00f3dy S\u00e1ndor: A tan\u00edt\u00f3n\u0151); Batrix \u00e9s Zilia Duca (Heltai Jen\u0151: A n\u00e9ma levente); T\u00fcnde (V\u00f6r\u00f6smarty M.: Csongor \u00e9s T\u00fcnde); Donna Diana (A.Moreto Cabana: Donna Diana); Mara (A.Baranga: Amir\u0151l nem besz\u00e9l\u00fcnk), Ludmilla (M. Gorkij: V\u00e1ssz\u00e1 Zseleznova); Sz\u00edn\u00e9szn\u0151 (J\u00falia) (E. Mirea\u2013Kov\u00e1cs Gy.: Az utols\u00f3 vonat); Caterina, tan\u00edt\u00f3n\u0151 (Horia Lovinescu: A lerombolt fellegv\u00e1r); Marianna (C. Goldini: K\u00fcl\u00f6n\u00f6s t\u00f6rt\u00e9net); Irina (K. Trenyov: Gimnazist\u00e1k), Mioara Stancu, egyetemi hallgat\u00f3 (V. Stoenescu: Szerelmes levelek); Genevra (J. Gow-D\u2019usseau: M\u00e9lyek a gy\u00f6kerek); Marcella (A.Mirodan: \u00dajs\u00e1g\u00edr\u00f3k. <br \/><strong>Irod.:<\/strong> Gy\u00e1rf\u00e1s 2013; Horv\u00e1th Bea; MSZL.<\/br><\/p>\n","protected":false},"excerpt":{"rendered":"<p>Kv., 1932. okt. 20., \u2020?: sz\u00edn\u00e9szn\u0151, sz\u00edn\u00e9szpedag\u00f3gus. \u2013 A mv.-i Szentgy\u00f6rgyi Istv\u00e1n Sz\u00ednm\u0171v\u00e9szeti Int\u00e9zetben v\u00e9gzett (1955), majd a Sz\u00e9kely Sz\u00ednh\u00e1z szerz\u0151dtette. Kimagasl\u00f3 tehets\u00e9gk\u00e9nt indult, r\u00f6vid ideig nagy l\u00edrai szerepeket j\u00e1tszott. Alak\u00edt\u00e1saiban a figur\u00e1k egyoldal\u00fa \u00e9rzelmi megk\u00f6zel\u00edt\u00e9s\u00e9vel szemben az expresszionista st\u00edlust is id\u00e9z\u0151 \u00faj, komplexebb kifejez\u0151eszk\u00f6z\u00f6ket haszn\u00e1lt. A f\u0151iskola tan\u00e1rseg\u00e9de is volt, amikor indokolatlanul k\u00f6zel egy [&hellip;]<\/p>\n","protected":false},"featured_media":0,"comment_status":"open","ping_status":"closed","template":"","meta":[],"product_brand":[],"product_cat":[137],"product_tag":[],"class_list":{"0":"post-21416","1":"product","2":"type-product","3":"status-publish","5":"product_cat-maros-megyei-eletrajzi-lexikon","7":"first","8":"instock","9":"shipping-taxable","10":"product-type-simple"},"_links":{"self":[{"href":"https:\/\/uj.adatbank.ro\/lexikon\/wp-json\/wp\/v2\/product\/21416","targetHints":{"allow":["GET"]}}],"collection":[{"href":"https:\/\/uj.adatbank.ro\/lexikon\/wp-json\/wp\/v2\/product"}],"about":[{"href":"https:\/\/uj.adatbank.ro\/lexikon\/wp-json\/wp\/v2\/types\/product"}],"replies":[{"embeddable":true,"href":"https:\/\/uj.adatbank.ro\/lexikon\/wp-json\/wp\/v2\/comments?post=21416"}],"wp:attachment":[{"href":"https:\/\/uj.adatbank.ro\/lexikon\/wp-json\/wp\/v2\/media?parent=21416"}],"wp:term":[{"taxonomy":"product_brand","embeddable":true,"href":"https:\/\/uj.adatbank.ro\/lexikon\/wp-json\/wp\/v2\/product_brand?post=21416"},{"taxonomy":"product_cat","embeddable":true,"href":"https:\/\/uj.adatbank.ro\/lexikon\/wp-json\/wp\/v2\/product_cat?post=21416"},{"taxonomy":"product_tag","embeddable":true,"href":"https:\/\/uj.adatbank.ro\/lexikon\/wp-json\/wp\/v2\/product_tag?post=21416"}],"curies":[{"name":"wp","href":"https:\/\/api.w.org\/{rel}","templated":true}]}}