{"id":21422,"date":"2025-07-22T19:24:20","date_gmt":"2025-07-22T17:24:20","guid":{"rendered":"https:\/\/uj.adatbank.ro\/lexikon\/termek\/szantho-endre-cigesz\/"},"modified":"2025-07-22T19:24:20","modified_gmt":"2025-07-22T17:24:20","slug":"szantho-endre-cigesz","status":"publish","type":"product","link":"https:\/\/uj.adatbank.ro\/lexikon\/termek\/szantho-endre-cigesz\/","title":{"rendered":"SZ\u00c1NTH\u00d3 Endre, Cigesz"},"content":{"rendered":"<p>Mv., 1927. jan. 17., \u2020?: gy\u00f3gyszer\u00e9sz. \u2013 Tanulm\u00e1nyait Mv.-en folytatta; Belgiumban volt angol fogs\u00e1gban (1945\u201346); Mv.-en v\u00e9gzett az OGYI Gy\u00f3gyszer\u00e9szeti Kar\u00e1n (1951). Gy\u00f3gyszer\u00e9sz Fels\u0151vis\u00f3n (1951\u201352; Sz\u00e1szr\u00e9genben (1952\u201353; Mv.-en (1953\u201387). <br \/><strong>Irod.:<\/strong> Gy\u00e1rf\u00e1s 2013; RMKK.<\/br><\/p>\n","protected":false},"excerpt":{"rendered":"<p>Mv., 1927. jan. 17., \u2020?: gy\u00f3gyszer\u00e9sz. \u2013 Tanulm\u00e1nyait Mv.-en folytatta; Belgiumban volt angol fogs\u00e1gban (1945\u201346); Mv.-en v\u00e9gzett az OGYI Gy\u00f3gyszer\u00e9szeti Kar\u00e1n (1951). Gy\u00f3gyszer\u00e9sz Fels\u0151vis\u00f3n (1951\u201352; Sz\u00e1szr\u00e9genben (1952\u201353; Mv.-en (1953\u201387). Irod.: Gy\u00e1rf\u00e1s 2013; RMKK.<\/p>\n","protected":false},"featured_media":0,"comment_status":"open","ping_status":"closed","template":"","meta":[],"product_brand":[],"product_cat":[137],"product_tag":[],"class_list":{"0":"post-21422","1":"product","2":"type-product","3":"status-publish","5":"product_cat-maros-megyei-eletrajzi-lexikon","7":"first","8":"instock","9":"shipping-taxable","10":"product-type-simple"},"_links":{"self":[{"href":"https:\/\/uj.adatbank.ro\/lexikon\/wp-json\/wp\/v2\/product\/21422","targetHints":{"allow":["GET"]}}],"collection":[{"href":"https:\/\/uj.adatbank.ro\/lexikon\/wp-json\/wp\/v2\/product"}],"about":[{"href":"https:\/\/uj.adatbank.ro\/lexikon\/wp-json\/wp\/v2\/types\/product"}],"replies":[{"embeddable":true,"href":"https:\/\/uj.adatbank.ro\/lexikon\/wp-json\/wp\/v2\/comments?post=21422"}],"wp:attachment":[{"href":"https:\/\/uj.adatbank.ro\/lexikon\/wp-json\/wp\/v2\/media?parent=21422"}],"wp:term":[{"taxonomy":"product_brand","embeddable":true,"href":"https:\/\/uj.adatbank.ro\/lexikon\/wp-json\/wp\/v2\/product_brand?post=21422"},{"taxonomy":"product_cat","embeddable":true,"href":"https:\/\/uj.adatbank.ro\/lexikon\/wp-json\/wp\/v2\/product_cat?post=21422"},{"taxonomy":"product_tag","embeddable":true,"href":"https:\/\/uj.adatbank.ro\/lexikon\/wp-json\/wp\/v2\/product_tag?post=21422"}],"curies":[{"name":"wp","href":"https:\/\/api.w.org\/{rel}","templated":true}]}}