{"id":21424,"date":"2025-07-22T19:24:26","date_gmt":"2025-07-22T17:24:26","guid":{"rendered":"https:\/\/uj.adatbank.ro\/lexikon\/termek\/szantho-gabor\/"},"modified":"2025-07-22T19:24:26","modified_gmt":"2025-07-22T17:24:26","slug":"szantho-gabor","status":"publish","type":"product","link":"https:\/\/uj.adatbank.ro\/lexikon\/termek\/szantho-gabor\/","title":{"rendered":"SZ\u00c1NTH\u00d3 G\u00e1bor"},"content":{"rendered":"<p>? \u2020\u00a0Mv., 1927: k\u00f6nyvt\u00e1ros. \u2013 A Mv.-i Kaszin\u00f3 k\u00f6nyvt\u00e1rosa (1906\u20131927), \u00fajraszervezte \u00e9s rendezte a k\u00f6nyvt\u00e1rat, ezen k\u00edv\u00fcl saj\u00e1t k\u00f6lts\u00e9g\u00e9n k\u00f6nyvt\u00e1ri felszerel\u00e9seket is v\u00e1s\u00e1rolt. <br \/><strong>Irod.:<\/strong> Bi\u00e1s Istv\u00e1n; Szentgy\u00f6rgyi.<\/br><\/p>\n","protected":false},"excerpt":{"rendered":"<p>? \u2020\u00a0Mv., 1927: k\u00f6nyvt\u00e1ros. \u2013 A Mv.-i Kaszin\u00f3 k\u00f6nyvt\u00e1rosa (1906\u20131927), \u00fajraszervezte \u00e9s rendezte a k\u00f6nyvt\u00e1rat, ezen k\u00edv\u00fcl saj\u00e1t k\u00f6lts\u00e9g\u00e9n k\u00f6nyvt\u00e1ri felszerel\u00e9seket is v\u00e1s\u00e1rolt. Irod.: Bi\u00e1s Istv\u00e1n; Szentgy\u00f6rgyi.<\/p>\n","protected":false},"featured_media":0,"comment_status":"open","ping_status":"closed","template":"","meta":[],"product_brand":[],"product_cat":[137],"product_tag":[],"class_list":{"0":"post-21424","1":"product","2":"type-product","3":"status-publish","5":"product_cat-maros-megyei-eletrajzi-lexikon","7":"first","8":"instock","9":"shipping-taxable","10":"product-type-simple"},"_links":{"self":[{"href":"https:\/\/uj.adatbank.ro\/lexikon\/wp-json\/wp\/v2\/product\/21424","targetHints":{"allow":["GET"]}}],"collection":[{"href":"https:\/\/uj.adatbank.ro\/lexikon\/wp-json\/wp\/v2\/product"}],"about":[{"href":"https:\/\/uj.adatbank.ro\/lexikon\/wp-json\/wp\/v2\/types\/product"}],"replies":[{"embeddable":true,"href":"https:\/\/uj.adatbank.ro\/lexikon\/wp-json\/wp\/v2\/comments?post=21424"}],"wp:attachment":[{"href":"https:\/\/uj.adatbank.ro\/lexikon\/wp-json\/wp\/v2\/media?parent=21424"}],"wp:term":[{"taxonomy":"product_brand","embeddable":true,"href":"https:\/\/uj.adatbank.ro\/lexikon\/wp-json\/wp\/v2\/product_brand?post=21424"},{"taxonomy":"product_cat","embeddable":true,"href":"https:\/\/uj.adatbank.ro\/lexikon\/wp-json\/wp\/v2\/product_cat?post=21424"},{"taxonomy":"product_tag","embeddable":true,"href":"https:\/\/uj.adatbank.ro\/lexikon\/wp-json\/wp\/v2\/product_tag?post=21424"}],"curies":[{"name":"wp","href":"https:\/\/api.w.org\/{rel}","templated":true}]}}