{"id":21426,"date":"2025-07-22T19:24:31","date_gmt":"2025-07-22T17:24:31","guid":{"rendered":"https:\/\/uj.adatbank.ro\/lexikon\/termek\/szantho-klaudia\/"},"modified":"2025-07-22T19:24:31","modified_gmt":"2025-07-22T17:24:31","slug":"szantho-klaudia","status":"publish","type":"product","link":"https:\/\/uj.adatbank.ro\/lexikon\/termek\/szantho-klaudia\/","title":{"rendered":"SZ\u00c1NTH\u00d3 Klaudia"},"content":{"rendered":"<p>? \u2020?: gy\u00f3gyszer\u00e9sz. \u2013 Egyetemi tan\u00e1rseg\u00e9d a MOGYIN (1960. nov. 15.\u201388. nov. 1.), f\u0151gy\u00f3gyszer\u00e9sz. \u2013 <strong>F. m.<\/strong>: <strong>t\u00e1rssz.:<\/strong> Farmacopeea Rom\u00e2n\u0103. \u2013 Ed. a 8\u20139 a. (Buc., 1965, 76); Gy\u00f3gyszer\u00e9szeti k\u00e9mia: IV. \u00e9ves gy\u00f3gyszer\u00e9szhallgat\u00f3k sz\u00e1m\u00e1ra. 3. k\u00f6t.: A k\u00f6zponti idegrendszerre hat\u00f3 szerek; 4. k\u00f6t.: A k\u00f6rny\u00e9ki idegekre \u00e9s az izmokra hat\u00f3 szerek (F\u00fcl\u00f6p Lajos, Ver\u00e9ph J\u00f3zseffel; Mv., 1980; 1984). <br \/><strong>Irod.:<\/strong> Facultate de Farmacie; Genersich; Mv.-i Gy\u00f3gyszer\u00e9szeti Kar; P\u00e9ter; RMKK; Todea.<\/br><\/p>\n","protected":false},"excerpt":{"rendered":"<p>? \u2020?: gy\u00f3gyszer\u00e9sz. \u2013 Egyetemi tan\u00e1rseg\u00e9d a MOGYIN (1960. nov. 15.\u201388. nov. 1.), f\u0151gy\u00f3gyszer\u00e9sz. \u2013 F. m.: t\u00e1rssz.: Farmacopeea Rom\u00e2n\u0103. \u2013 Ed. a 8\u20139 a. (Buc., 1965, 76); Gy\u00f3gyszer\u00e9szeti k\u00e9mia: IV. \u00e9ves gy\u00f3gyszer\u00e9szhallgat\u00f3k sz\u00e1m\u00e1ra. 3. k\u00f6t.: A k\u00f6zponti idegrendszerre hat\u00f3 szerek; 4. k\u00f6t.: A k\u00f6rny\u00e9ki idegekre \u00e9s az izmokra hat\u00f3 szerek (F\u00fcl\u00f6p Lajos, Ver\u00e9ph J\u00f3zseffel; [&hellip;]<\/p>\n","protected":false},"featured_media":0,"comment_status":"open","ping_status":"closed","template":"","meta":[],"product_brand":[],"product_cat":[137],"product_tag":[],"class_list":{"0":"post-21426","1":"product","2":"type-product","3":"status-publish","5":"product_cat-maros-megyei-eletrajzi-lexikon","7":"first","8":"instock","9":"shipping-taxable","10":"product-type-simple"},"_links":{"self":[{"href":"https:\/\/uj.adatbank.ro\/lexikon\/wp-json\/wp\/v2\/product\/21426","targetHints":{"allow":["GET"]}}],"collection":[{"href":"https:\/\/uj.adatbank.ro\/lexikon\/wp-json\/wp\/v2\/product"}],"about":[{"href":"https:\/\/uj.adatbank.ro\/lexikon\/wp-json\/wp\/v2\/types\/product"}],"replies":[{"embeddable":true,"href":"https:\/\/uj.adatbank.ro\/lexikon\/wp-json\/wp\/v2\/comments?post=21426"}],"wp:attachment":[{"href":"https:\/\/uj.adatbank.ro\/lexikon\/wp-json\/wp\/v2\/media?parent=21426"}],"wp:term":[{"taxonomy":"product_brand","embeddable":true,"href":"https:\/\/uj.adatbank.ro\/lexikon\/wp-json\/wp\/v2\/product_brand?post=21426"},{"taxonomy":"product_cat","embeddable":true,"href":"https:\/\/uj.adatbank.ro\/lexikon\/wp-json\/wp\/v2\/product_cat?post=21426"},{"taxonomy":"product_tag","embeddable":true,"href":"https:\/\/uj.adatbank.ro\/lexikon\/wp-json\/wp\/v2\/product_tag?post=21426"}],"curies":[{"name":"wp","href":"https:\/\/api.w.org\/{rel}","templated":true}]}}

SZÁNTHÓ Klaudia

<p>? †?: gyógyszerész. – Egyetemi tanársegéd a MOGYIN (1960. nov. 15.–88. nov. 1.), főgyógyszerész. – <strong>F. m.</strong>: <strong>társsz.:</strong> Farmacopeea Română. – Ed. a 8–9 a. (Buc., 1965, 76); Gyógyszerészeti kémia: IV. éves gyógyszerészhallgatók számára. 3. köt.: A központi idegrendszerre ható szerek; 4. köt.: A környéki idegekre és az izmokra ható szerek (Fülöp Lajos, Veréph Józseffel; Mv., 1980; 1984). <br /><strong>Irod.:</strong> Facultate de Farmacie; Genersich; Mv.-i Gyógyszerészeti Kar; Péter; RMKK; Todea.</br></p>

<p>? †?: gyógyszerész. – Egyetemi tanársegéd a MOGYIN (1960. nov. 15.–88. nov. 1.), főgyógyszerész. – F. m.: társsz.: Farmacopeea Română. – Ed. a 8–9 a. (Buc., 1965, 76); Gyógyszerészeti kémia: IV. éves gyógyszerészhallgatók számára. 3. köt.: A központi idegrendszerre ható szerek; 4. köt.: A környéki idegekre és az izmokra ható szerek (Fülöp Lajos, Veréph Józseffel; [&hellip;]</p>
