{"id":21429,"date":"2025-07-22T19:24:36","date_gmt":"2025-07-22T17:24:36","guid":{"rendered":"https:\/\/uj.adatbank.ro\/lexikon\/termek\/szanto-radnoti\/"},"modified":"2025-07-22T19:24:36","modified_gmt":"2025-07-22T17:24:36","slug":"szanto-radnoti","status":"publish","type":"product","link":"https:\/\/uj.adatbank.ro\/lexikon\/termek\/szanto-radnoti\/","title":{"rendered":"SZ\u00c1NT\u00d3, radn\u00f3ti"},"content":{"rendered":"<p>A csal\u00e1db\u00f3l Sz. Mih\u00e1ly nyert c\u00edmeres nemeslevelet B\u00e1thory Zsigmondt\u00f3l (1591. jan. 16.); Ez el\u0151n\u00e9vvel Gergely kir. t\u00e1blai \u00fcgyv\u00e9d M. V\u00e1s\u00e1rhelyen. (1848). <br \/><strong>Irod.:<\/strong> Nagy Iv\u00e1n; P\u00e1lmay.<\/br><\/p>\n","protected":false},"excerpt":{"rendered":"<p>A csal\u00e1db\u00f3l Sz. Mih\u00e1ly nyert c\u00edmeres nemeslevelet B\u00e1thory Zsigmondt\u00f3l (1591. jan. 16.); Ez el\u0151n\u00e9vvel Gergely kir. t\u00e1blai \u00fcgyv\u00e9d M. V\u00e1s\u00e1rhelyen. (1848). Irod.: Nagy Iv\u00e1n; P\u00e1lmay.<\/p>\n","protected":false},"featured_media":0,"comment_status":"open","ping_status":"closed","template":"","meta":[],"product_brand":[],"product_cat":[137],"product_tag":[],"class_list":{"0":"post-21429","1":"product","2":"type-product","3":"status-publish","5":"product_cat-maros-megyei-eletrajzi-lexikon","7":"first","8":"instock","9":"shipping-taxable","10":"product-type-simple"},"_links":{"self":[{"href":"https:\/\/uj.adatbank.ro\/lexikon\/wp-json\/wp\/v2\/product\/21429","targetHints":{"allow":["GET"]}}],"collection":[{"href":"https:\/\/uj.adatbank.ro\/lexikon\/wp-json\/wp\/v2\/product"}],"about":[{"href":"https:\/\/uj.adatbank.ro\/lexikon\/wp-json\/wp\/v2\/types\/product"}],"replies":[{"embeddable":true,"href":"https:\/\/uj.adatbank.ro\/lexikon\/wp-json\/wp\/v2\/comments?post=21429"}],"wp:attachment":[{"href":"https:\/\/uj.adatbank.ro\/lexikon\/wp-json\/wp\/v2\/media?parent=21429"}],"wp:term":[{"taxonomy":"product_brand","embeddable":true,"href":"https:\/\/uj.adatbank.ro\/lexikon\/wp-json\/wp\/v2\/product_brand?post=21429"},{"taxonomy":"product_cat","embeddable":true,"href":"https:\/\/uj.adatbank.ro\/lexikon\/wp-json\/wp\/v2\/product_cat?post=21429"},{"taxonomy":"product_tag","embeddable":true,"href":"https:\/\/uj.adatbank.ro\/lexikon\/wp-json\/wp\/v2\/product_tag?post=21429"}],"curies":[{"name":"wp","href":"https:\/\/api.w.org\/{rel}","templated":true}]}}