{"id":2143,"date":"2025-06-28T12:05:05","date_gmt":"2025-06-28T10:05:05","guid":{"rendered":"https:\/\/uj.adatbank.ro\/lexikon\/termek\/bandy-arpad-laszlo-bandi-arpad-laszlo\/"},"modified":"2025-06-28T12:05:05","modified_gmt":"2025-06-28T10:05:05","slug":"bandy-arpad-laszlo-bandi-arpad-laszlo","status":"publish","type":"product","link":"https:\/\/uj.adatbank.ro\/lexikon\/termek\/bandy-arpad-laszlo-bandi-arpad-laszlo\/","title":{"rendered":"B\u00c1NDY \u00c1rp\u00e1d L\u00e1szl\u00f3, B\u00e1ndi \u00c1rp\u00e1d L\u00e1szl\u00f3"},"content":{"rendered":"<p>Brass\u00f3, 1915. aug. 3., \u2020 Brass\u00f3, 1999. nov. 14.: r. k. pap. \u2013 Papp\u00e1 szentelt\u00e9k (1939. j\u00fan. 29.). K\u00e1pl\u00e1n Cs\u00edkszentdomokoson, Mv.-en (1941\u2013), Kv.-on (1943\u2013), majd Cs\u00edkszentdomokoson, K\u00e9zdiv\u00e1s\u00e1rhelyen, Marosilly\u00e9n, Brass\u00f3ban szolg\u00e1lt. Pl\u00e9b\u00e1nos Dics\u0151szentm\u00e1rtonban (1960\u201378), Szecselev\u00e1rosba helyezt\u00e9k (1978. aug. \u2013) majd T\u00fcrk\u00f6s\u00f6n volt nyugd\u00edjaz\u00e1s\u00e1ig (1978\u201383). <br \/><strong>Irod.:<\/strong> Ferenczi S\u00e1ndor 2009; Maros-k\u00fck\u00fcll\u0151i f\u0151esp.<\/br><\/p>\n","protected":false},"excerpt":{"rendered":"<p>Brass\u00f3, 1915. aug. 3., \u2020 Brass\u00f3, 1999. nov. 14.: r. k. pap. \u2013 Papp\u00e1 szentelt\u00e9k (1939. j\u00fan. 29.). K\u00e1pl\u00e1n Cs\u00edkszentdomokoson, Mv.-en (1941\u2013), Kv.-on (1943\u2013), majd Cs\u00edkszentdomokoson, K\u00e9zdiv\u00e1s\u00e1rhelyen, Marosilly\u00e9n, Brass\u00f3ban szolg\u00e1lt. Pl\u00e9b\u00e1nos Dics\u0151szentm\u00e1rtonban (1960\u201378), Szecselev\u00e1rosba helyezt\u00e9k (1978. aug. \u2013) majd T\u00fcrk\u00f6s\u00f6n volt nyugd\u00edjaz\u00e1s\u00e1ig (1978\u201383). Irod.: Ferenczi S\u00e1ndor 2009; Maros-k\u00fck\u00fcll\u0151i f\u0151esp.<\/p>\n","protected":false},"featured_media":0,"comment_status":"open","ping_status":"closed","template":"","meta":[],"product_brand":[],"product_cat":[137],"product_tag":[],"class_list":{"0":"post-2143","1":"product","2":"type-product","3":"status-publish","5":"product_cat-maros-megyei-eletrajzi-lexikon","7":"first","8":"instock","9":"shipping-taxable","10":"product-type-simple"},"_links":{"self":[{"href":"https:\/\/uj.adatbank.ro\/lexikon\/wp-json\/wp\/v2\/product\/2143","targetHints":{"allow":["GET"]}}],"collection":[{"href":"https:\/\/uj.adatbank.ro\/lexikon\/wp-json\/wp\/v2\/product"}],"about":[{"href":"https:\/\/uj.adatbank.ro\/lexikon\/wp-json\/wp\/v2\/types\/product"}],"replies":[{"embeddable":true,"href":"https:\/\/uj.adatbank.ro\/lexikon\/wp-json\/wp\/v2\/comments?post=2143"}],"wp:attachment":[{"href":"https:\/\/uj.adatbank.ro\/lexikon\/wp-json\/wp\/v2\/media?parent=2143"}],"wp:term":[{"taxonomy":"product_brand","embeddable":true,"href":"https:\/\/uj.adatbank.ro\/lexikon\/wp-json\/wp\/v2\/product_brand?post=2143"},{"taxonomy":"product_cat","embeddable":true,"href":"https:\/\/uj.adatbank.ro\/lexikon\/wp-json\/wp\/v2\/product_cat?post=2143"},{"taxonomy":"product_tag","embeddable":true,"href":"https:\/\/uj.adatbank.ro\/lexikon\/wp-json\/wp\/v2\/product_tag?post=2143"}],"curies":[{"name":"wp","href":"https:\/\/api.w.org\/{rel}","templated":true}]}}

BÁNDY Árpád László, Bándi Árpád László

<p>Brassó, 1915. aug. 3., † Brassó, 1999. nov. 14.: r. k. pap. – Pappá szentelték (1939. jún. 29.). Káplán Csíkszentdomokoson, Mv.-en (1941–), Kv.-on (1943–), majd Csíkszentdomokoson, Kézdivásárhelyen, Marosillyén, Brassóban szolgált. Plébános Dicsőszentmártonban (1960–78), Szecselevárosba helyezték (1978. aug. –) majd Türkösön volt nyugdíjazásáig (1978–83). <br /><strong>Irod.:</strong> Ferenczi Sándor 2009; Maros-küküllői főesp.</br></p>

<p>Brassó, 1915. aug. 3., † Brassó, 1999. nov. 14.: r. k. pap. – Pappá szentelték (1939. jún. 29.). Káplán Csíkszentdomokoson, Mv.-en (1941–), Kv.-on (1943–), majd Csíkszentdomokoson, Kézdivásárhelyen, Marosillyén, Brassóban szolgált. Plébános Dicsőszentmártonban (1960–78), Szecselevárosba helyezték (1978. aug. –) majd Türkösön volt nyugdíjazásáig (1978–83). Irod.: Ferenczi Sándor 2009; Maros-küküllői főesp.</p>
