{"id":2144,"date":"2025-06-28T12:05:06","date_gmt":"2025-06-28T10:05:06","guid":{"rendered":"https:\/\/uj.adatbank.ro\/lexikon\/termek\/bandy-miklos-iroi-neve-nicolas-banday-nicolas-baudy-iroi-alneve-randolph-robban\/"},"modified":"2025-06-28T12:05:06","modified_gmt":"2025-06-28T10:05:06","slug":"bandy-miklos-iroi-neve-nicolas-banday-nicolas-baudy-iroi-alneve-randolph-robban","status":"publish","type":"product","link":"https:\/\/uj.adatbank.ro\/lexikon\/termek\/bandy-miklos-iroi-neve-nicolas-banday-nicolas-baudy-iroi-alneve-randolph-robban\/","title":{"rendered":"B\u00c1NDY Mikl\u00f3s, \u00edr\u00f3i neve: Nicolas Banday; Nicolas Baudy; \u00edr\u00f3i \u00e1lneve: Randolph Robban"},"content":{"rendered":"<p>Mv., 1904., \u2020 P\u00e1rizs, 1971. szept. 26.: \u00edr\u00f3, \u00fajs\u00e1g\u00edr\u00f3. \u2013 B\u00e9csben \u00e9s Berlinben v\u00e9gezte tanulm\u00e1nyait. \u00dajs\u00e1g\u00edr\u00f3 lett. Berlinben, majd P\u00e1rizsban \u00e9lt, dolgozott (1922\u201329). A n\u00e9met KP tagjak\u00e9nt Villi M\u00fcnzenbergnek, a p\u00e1rt egyik vezet\u0151j\u00e9nek munkat\u00e1rsa Berlinben (1930\u201333), az H. Barbusse \u00e9s R. Rolland alap\u00edtotta Anti\u00adfasiszta Bizotts\u00e1g tagja (1934\u2013), Moszkv\u00e1ban t\u00f6bb baloldali francia lap \u00e9s a bp.-i Pester Lloyd tud\u00f3s\u00edt\u00f3ja (1934\u201336), valamint az Izvesztyi\u00adja c. lap bels\u0151 munkat\u00e1rsa. A szt\u00e1lini terror hat\u00e1s\u00e1ra szak\u00edtott a kommunista mozgalommal \u00e9s P\u00e1rizsba k\u00f6lt\u00f6z\u00f6tt (1937\u2013), a Franciao. elleni n\u00e9met t\u00e1mad\u00e1s ut\u00e1n \u00f6n\u00adk\u00e9ntesk\u00e9nt a francia hadseregben harcolt (1940\u2013); a n\u00e9met megsz\u00e1ll\u00e1s idej\u00e9n (1940\u201344) r\u00e9szt vett az ellen\u00e1ll\u00e1si mozgalomban. P\u00e1rizsban az \u00e1ltala alap\u00edtott Evidence c. zsid\u00f3 foly\u00f3irat f\u0151szerk. (1949\u20136l). F\u0151k\u00e9nt a marxizmus, a kommunista mozgalom, valamint a zsid\u00f3s\u00e1g t\u00f6rt\u00e9net\u00e9vel foglalkozott. Magyarul az Irodalmi \u00dajs\u00e1gban jelentek meg cikkei. \u2013 <strong>F. m.:<\/strong> Le piano d\u2019arlequin (reg.; Paris, 1946); Les moissuns du desert. La premiere ann\u00e9e d\u2019Israel (Paris, 1949); Si l\u2019Allemagne avait vaincu (tan. Paris 1950, n\u00e9met\u00fcl, spanyolul, jap\u00e1nul is.); L\u2019innocent cavalier (reg.; Paris, 1956); Jounesse d\u2019Octobre. T\u00e9moins et combattants de la R\u00e9volution Hongroise. Szerk. (Paris, 1957); Magyar versek, 1953\u20141956. Szerk. (antol\u00f3gia. P\u00e1rizs, 1959); L\u00e9s Cr\u00e9naux de Weimar (reg.; Paris, 1961); Les grandes questions juives (Paris, 1965; 1968); Le Marxisme: Le centennaire du \u201eCapital\u201d (Paris, 1967); Le Marxisme hier et aujourd\u2019hui (Paris, 1974). <br \/><strong>Irod.:<\/strong> Borb\u00e1ndi; mek. oszk. hu\/04000\/04038\/html\/a. htm; M\u00c9L; Nagy; \u00daM\u00c9L<\/br><\/p>\n","protected":false},"excerpt":{"rendered":"<p>Mv., 1904., \u2020 P\u00e1rizs, 1971. szept. 26.: \u00edr\u00f3, \u00fajs\u00e1g\u00edr\u00f3. \u2013 B\u00e9csben \u00e9s Berlinben v\u00e9gezte tanulm\u00e1nyait. \u00dajs\u00e1g\u00edr\u00f3 lett. Berlinben, majd P\u00e1rizsban \u00e9lt, dolgozott (1922\u201329). A n\u00e9met KP tagjak\u00e9nt Villi M\u00fcnzenbergnek, a p\u00e1rt egyik vezet\u0151j\u00e9nek munkat\u00e1rsa Berlinben (1930\u201333), az H. Barbusse \u00e9s R. Rolland alap\u00edtotta Anti\u00adfasiszta Bizotts\u00e1g tagja (1934\u2013), Moszkv\u00e1ban t\u00f6bb baloldali francia lap \u00e9s a bp.-i [&hellip;]<\/p>\n","protected":false},"featured_media":0,"comment_status":"open","ping_status":"closed","template":"","meta":[],"product_brand":[],"product_cat":[137],"product_tag":[],"class_list":{"0":"post-2144","1":"product","2":"type-product","3":"status-publish","5":"product_cat-maros-megyei-eletrajzi-lexikon","7":"first","8":"instock","9":"shipping-taxable","10":"product-type-simple"},"_links":{"self":[{"href":"https:\/\/uj.adatbank.ro\/lexikon\/wp-json\/wp\/v2\/product\/2144","targetHints":{"allow":["GET"]}}],"collection":[{"href":"https:\/\/uj.adatbank.ro\/lexikon\/wp-json\/wp\/v2\/product"}],"about":[{"href":"https:\/\/uj.adatbank.ro\/lexikon\/wp-json\/wp\/v2\/types\/product"}],"replies":[{"embeddable":true,"href":"https:\/\/uj.adatbank.ro\/lexikon\/wp-json\/wp\/v2\/comments?post=2144"}],"wp:attachment":[{"href":"https:\/\/uj.adatbank.ro\/lexikon\/wp-json\/wp\/v2\/media?parent=2144"}],"wp:term":[{"taxonomy":"product_brand","embeddable":true,"href":"https:\/\/uj.adatbank.ro\/lexikon\/wp-json\/wp\/v2\/product_brand?post=2144"},{"taxonomy":"product_cat","embeddable":true,"href":"https:\/\/uj.adatbank.ro\/lexikon\/wp-json\/wp\/v2\/product_cat?post=2144"},{"taxonomy":"product_tag","embeddable":true,"href":"https:\/\/uj.adatbank.ro\/lexikon\/wp-json\/wp\/v2\/product_tag?post=2144"}],"curies":[{"name":"wp","href":"https:\/\/api.w.org\/{rel}","templated":true}]}}

BÁNDY Miklós, írói neve: Nicolas Banday; Nicolas Baudy; írói álneve: Randolph Robban

<p>Mv., 1904., † Párizs, 1971. szept. 26.: író, újságíró. – Bécsben és Berlinben végezte tanulmányait. Újságíró lett. Berlinben, majd Párizsban élt, dolgozott (1922–29). A német KP tagjaként Villi Münzenbergnek, a párt egyik vezetőjének munkatársa Berlinben (1930–33), az H. Barbusse és R. Rolland alapította Anti­fasiszta Bizottság tagja (1934–), Moszkvában több baloldali francia lap és a bp.-i Pester Lloyd tudósítója (1934–36), valamint az Izvesztyi­ja c. lap belső munkatársa. A sztálini terror hatására szakított a kommunista mozgalommal és Párizsba költözött (1937–), a Franciao. elleni német támadás után ön­kéntesként a francia hadseregben harcolt (1940–); a német megszállás idején (1940–44) részt vett az ellenállási mozgalomban. Párizsban az általa alapított Evidence c. zsidó folyóirat főszerk. (1949–6l). Főként a marxizmus, a kommunista mozgalom, valamint a zsidóság történetével foglalkozott. Magyarul az Irodalmi Újságban jelentek meg cikkei. – <strong>F. m.:</strong> Le piano d’arlequin (reg.; Paris, 1946); Les moissuns du desert. La premiere année d’Israel (Paris, 1949); Si l’Allemagne avait vaincu (tan. Paris 1950, németül, spanyolul, japánul is.); L’innocent cavalier (reg.; Paris, 1956); Jounesse d’Octobre. Témoins et combattants de la Révolution Hongroise. Szerk. (Paris, 1957); Magyar versek, 1953—1956. Szerk. (antológia. Párizs, 1959); Lés Crénaux de Weimar (reg.; Paris, 1961); Les grandes questions juives (Paris, 1965; 1968); Le Marxisme: Le centennaire du „Capital” (Paris, 1967); Le Marxisme hier et aujourd’hui (Paris, 1974). <br /><strong>Irod.:</strong> Borbándi; mek. oszk. hu/04000/04038/html/a. htm; MÉL; Nagy; ÚMÉL</br></p>

<p>Mv., 1904., † Párizs, 1971. szept. 26.: író, újságíró. – Bécsben és Berlinben végezte tanulmányait. Újságíró lett. Berlinben, majd Párizsban élt, dolgozott (1922–29). A német KP tagjaként Villi Münzenbergnek, a párt egyik vezetőjének munkatársa Berlinben (1930–33), az H. Barbusse és R. Rolland alapította Anti­fasiszta Bizottság tagja (1934–), Moszkvában több baloldali francia lap és a bp.-i [&hellip;]</p>
