{"id":21442,"date":"2025-07-22T19:25:04","date_gmt":"2025-07-22T17:25:04","guid":{"rendered":"https:\/\/uj.adatbank.ro\/lexikon\/termek\/szanto-istvan-%c2%a7\/"},"modified":"2025-07-22T19:25:04","modified_gmt":"2025-07-22T17:25:04","slug":"szanto-istvan-%c2%a7","status":"publish","type":"product","link":"https:\/\/uj.adatbank.ro\/lexikon\/termek\/szanto-istvan-%c2%a7\/","title":{"rendered":"SZ\u00c1NT\u00d3 Istv\u00e1n, \u00a7"},"content":{"rendered":"<p>Csekefalva, 1908. m\u00e1rc. 29.,\u00a0\u2020\u00a0Mv., 2008. j\u00fal. 4.: igazgat\u00f3-tan\u00edt\u00f3. \u2013 Tanulm\u00e1nyait Nagyenyeden v\u00e9gezte (1931), tan\u00edt\u00f3i diplom\u00e1t szerzett. Sz\u0151kefalv\u00e1n egy \u00e9vet, Sz\u00e9kelyvaj\u00e1ban 3 \u00e9vet tan\u00edtott, majd a katonai k\u00f6telezetts\u00e9g\u00e9nek eleget t\u00e9ve a maross\u00e1rpataki ref. iskol\u00e1n\u00e1l kapott \u00e1ll\u00e1st (1935. szept. 1 \u201368), igazgat\u00f3 lett (1938). Leventeparancsnok volt (1941). A II. vh.-ban tart. z\u00e1szl\u00f3si rangban vett r\u00e9szt (1944\u201345). A MP tagja, a kult\u00faregyes\u00fcletek m\u0171k\u00f6d\u00e9s\u00e9ben is vezet\u00e9s\u00e9ben r\u00e9szt vett. Iskol\u00e1n k\u00edv\u00fcli tev\u00e9kenys\u00e9gekben is jeleskedett. Sz\u00ednj\u00e1tsz\u00f3 csoportot, t\u00e1nccsoportot, vegyeskart m\u0171k\u00f6dtetett. \u0150 alap\u00edtotta az els\u0151 t\u00e1nccsoportot (1945). A sz\u00ednj\u00e1tsz\u00f3 csoport vend\u00e9gszerepelt a szomsz\u00e9dos falvakban. A felekezeti iskol\u00e1kat \u00e1llamos\u00edtott\u00e1k (1948), tov\u00e1bb tan\u00edtott az \u00e1llami iskol\u00e1ban. Oktat\u00f3-nevel\u0151 munk\u00e1ss\u00e1g\u00e1\u00e9rt, kultur\u00e1lis t\u00e9ren kifejtett tev\u00e9kenys\u00e9g\u00e9\u00e9rt d\u00edszpolg\u00e1ri oklevelet kapott (2001). <br \/><strong>Irod.:<\/strong> Berekm\u00e9ri; Berekm\u00e9ri\u2013G\u00e1lfi; Berekm\u00e9ri Edmond: Egy tartal\u00e9kos z\u00e1szl\u00f3s h\u00e1bor\u00fas viszontags\u00e1gai (V\u00e1s\u00e1rhelyi H\u00edrlap, 2009. \u00e1pr. 17.); [Nekrol\u00f3g] (N\u00fa., 2008. j\u00fal. 5.); Sz\u00e9kelyf\u00f6ld \u00ed. k.<\/br><\/p>\n","protected":false},"excerpt":{"rendered":"<p>Csekefalva, 1908. m\u00e1rc. 29.,\u00a0\u2020\u00a0Mv., 2008. j\u00fal. 4.: igazgat\u00f3-tan\u00edt\u00f3. \u2013 Tanulm\u00e1nyait Nagyenyeden v\u00e9gezte (1931), tan\u00edt\u00f3i diplom\u00e1t szerzett. Sz\u0151kefalv\u00e1n egy \u00e9vet, Sz\u00e9kelyvaj\u00e1ban 3 \u00e9vet tan\u00edtott, majd a katonai k\u00f6telezetts\u00e9g\u00e9nek eleget t\u00e9ve a maross\u00e1rpataki ref. iskol\u00e1n\u00e1l kapott \u00e1ll\u00e1st (1935. szept. 1 \u201368), igazgat\u00f3 lett (1938). Leventeparancsnok volt (1941). A II. vh.-ban tart. z\u00e1szl\u00f3si rangban vett r\u00e9szt (1944\u201345). A [&hellip;]<\/p>\n","protected":false},"featured_media":0,"comment_status":"open","ping_status":"closed","template":"","meta":[],"product_brand":[],"product_cat":[137],"product_tag":[],"class_list":{"0":"post-21442","1":"product","2":"type-product","3":"status-publish","5":"product_cat-maros-megyei-eletrajzi-lexikon","7":"first","8":"instock","9":"shipping-taxable","10":"product-type-simple"},"_links":{"self":[{"href":"https:\/\/uj.adatbank.ro\/lexikon\/wp-json\/wp\/v2\/product\/21442","targetHints":{"allow":["GET"]}}],"collection":[{"href":"https:\/\/uj.adatbank.ro\/lexikon\/wp-json\/wp\/v2\/product"}],"about":[{"href":"https:\/\/uj.adatbank.ro\/lexikon\/wp-json\/wp\/v2\/types\/product"}],"replies":[{"embeddable":true,"href":"https:\/\/uj.adatbank.ro\/lexikon\/wp-json\/wp\/v2\/comments?post=21442"}],"wp:attachment":[{"href":"https:\/\/uj.adatbank.ro\/lexikon\/wp-json\/wp\/v2\/media?parent=21442"}],"wp:term":[{"taxonomy":"product_brand","embeddable":true,"href":"https:\/\/uj.adatbank.ro\/lexikon\/wp-json\/wp\/v2\/product_brand?post=21442"},{"taxonomy":"product_cat","embeddable":true,"href":"https:\/\/uj.adatbank.ro\/lexikon\/wp-json\/wp\/v2\/product_cat?post=21442"},{"taxonomy":"product_tag","embeddable":true,"href":"https:\/\/uj.adatbank.ro\/lexikon\/wp-json\/wp\/v2\/product_tag?post=21442"}],"curies":[{"name":"wp","href":"https:\/\/api.w.org\/{rel}","templated":true}]}}

SZÁNTÓ István, §

<p>Csekefalva, 1908. márc. 29., † Mv., 2008. júl. 4.: igazgató-tanító. – Tanulmányait Nagyenyeden végezte (1931), tanítói diplomát szerzett. Szőkefalván egy évet, Székelyvajában 3 évet tanított, majd a katonai kötelezettségének eleget téve a marossárpataki ref. iskolánál kapott állást (1935. szept. 1 –68), igazgató lett (1938). Leventeparancsnok volt (1941). A II. vh.-ban tart. zászlósi rangban vett részt (1944–45). A MP tagja, a kultúregyesületek működésében is vezetésében részt vett. Iskolán kívüli tevékenységekben is jeleskedett. Színjátszó csoportot, tánccsoportot, vegyeskart működtetett. Ő alapította az első tánccsoportot (1945). A színjátszó csoport vendégszerepelt a szomszédos falvakban. A felekezeti iskolákat államosították (1948), tovább tanított az állami iskolában. Oktató-nevelő munkásságáért, kulturális téren kifejtett tevékenységéért díszpolgári oklevelet kapott (2001). <br /><strong>Irod.:</strong> Berekméri; Berekméri–Gálfi; Berekméri Edmond: Egy tartalékos zászlós háborús viszontagságai (Vásárhelyi Hírlap, 2009. ápr. 17.); [Nekrológ] (Nú., 2008. júl. 5.); Székelyföld í. k.</br></p>

<p>Csekefalva, 1908. márc. 29., † Mv., 2008. júl. 4.: igazgató-tanító. – Tanulmányait Nagyenyeden végezte (1931), tanítói diplomát szerzett. Szőkefalván egy évet, Székelyvajában 3 évet tanított, majd a katonai kötelezettségének eleget téve a marossárpataki ref. iskolánál kapott állást (1935. szept. 1 –68), igazgató lett (1938). Leventeparancsnok volt (1941). A II. vh.-ban tart. zászlósi rangban vett részt (1944–45). A [&hellip;]</p>
