{"id":21444,"date":"2025-07-22T19:25:07","date_gmt":"2025-07-22T17:25:07","guid":{"rendered":"https:\/\/uj.adatbank.ro\/lexikon\/termek\/szanto-jakab\/"},"modified":"2025-07-22T19:25:07","modified_gmt":"2025-07-22T17:25:07","slug":"szanto-jakab","status":"publish","type":"product","link":"https:\/\/uj.adatbank.ro\/lexikon\/termek\/szanto-jakab\/","title":{"rendered":"SZ\u00c1NT\u00d3 Jakab"},"content":{"rendered":"<p>1882., \u2020?: s\u00fct\u00f6de tulajdonos. \u2013 Kereskedelmi akad\u00e9mi\u00e1t v\u00e9gzett. A malom szakm\u00e1ban helyezkedett el, ahol r\u00f6videsen igazgat\u00f3 lett, majd Mv.-en keny\u00e9rgy\u00e1rat alap\u00edtott (1938). Mv.-r\u0151l a feles\u00e9g\u00e9vel (1882) egy\u00fctt deport\u00e1lt\u00e1k (1944. m\u00e1j. 29.). <br \/><strong>Irod.:<\/strong> Mv. zsid\u00f3s\u00e1ga; Visnai.<\/br><\/p>\n","protected":false},"excerpt":{"rendered":"<p>1882., \u2020?: s\u00fct\u00f6de tulajdonos. \u2013 Kereskedelmi akad\u00e9mi\u00e1t v\u00e9gzett. A malom szakm\u00e1ban helyezkedett el, ahol r\u00f6videsen igazgat\u00f3 lett, majd Mv.-en keny\u00e9rgy\u00e1rat alap\u00edtott (1938). Mv.-r\u0151l a feles\u00e9g\u00e9vel (1882) egy\u00fctt deport\u00e1lt\u00e1k (1944. m\u00e1j. 29.). Irod.: Mv. zsid\u00f3s\u00e1ga; Visnai.<\/p>\n","protected":false},"featured_media":0,"comment_status":"open","ping_status":"closed","template":"","meta":[],"product_brand":[],"product_cat":[137],"product_tag":[],"class_list":{"0":"post-21444","1":"product","2":"type-product","3":"status-publish","5":"product_cat-maros-megyei-eletrajzi-lexikon","7":"first","8":"instock","9":"shipping-taxable","10":"product-type-simple"},"_links":{"self":[{"href":"https:\/\/uj.adatbank.ro\/lexikon\/wp-json\/wp\/v2\/product\/21444","targetHints":{"allow":["GET"]}}],"collection":[{"href":"https:\/\/uj.adatbank.ro\/lexikon\/wp-json\/wp\/v2\/product"}],"about":[{"href":"https:\/\/uj.adatbank.ro\/lexikon\/wp-json\/wp\/v2\/types\/product"}],"replies":[{"embeddable":true,"href":"https:\/\/uj.adatbank.ro\/lexikon\/wp-json\/wp\/v2\/comments?post=21444"}],"wp:attachment":[{"href":"https:\/\/uj.adatbank.ro\/lexikon\/wp-json\/wp\/v2\/media?parent=21444"}],"wp:term":[{"taxonomy":"product_brand","embeddable":true,"href":"https:\/\/uj.adatbank.ro\/lexikon\/wp-json\/wp\/v2\/product_brand?post=21444"},{"taxonomy":"product_cat","embeddable":true,"href":"https:\/\/uj.adatbank.ro\/lexikon\/wp-json\/wp\/v2\/product_cat?post=21444"},{"taxonomy":"product_tag","embeddable":true,"href":"https:\/\/uj.adatbank.ro\/lexikon\/wp-json\/wp\/v2\/product_tag?post=21444"}],"curies":[{"name":"wp","href":"https:\/\/api.w.org\/{rel}","templated":true}]}}