{"id":21445,"date":"2025-07-22T19:25:13","date_gmt":"2025-07-22T17:25:13","guid":{"rendered":"https:\/\/uj.adatbank.ro\/lexikon\/termek\/szanto-janos\/"},"modified":"2025-07-22T19:25:13","modified_gmt":"2025-07-22T17:25:13","slug":"szanto-janos","status":"publish","type":"product","link":"https:\/\/uj.adatbank.ro\/lexikon\/termek\/szanto-janos\/","title":{"rendered":"SZ\u00c1NT\u00d3 J\u00e1nos"},"content":{"rendered":"<p>? \u2020?: dull\u00f3biztos. \u2013 K\u00e1li j\u00e1r\u00e1si dull\u00f3biztos volt, akinek a kebelei falusb\u00edr\u00f3, Czeg\u0151 Elek \u00e9s Ol\u00e1hdell\u0151 k\u00f6zs\u00e9g el\u00f6lj\u00e1r\u00f3s\u00e1ga jelentette a falujuk helyneveit, amit tov\u00e1bb\u00edtott a Pesty Frigyes eg\u00e9sz Mo.-ra \u00e9s Erd\u00e9lyre kiterjedt helyn\u00e9vgy\u0171jt\u00e9se sz\u00e1m\u00e1ra (1864\u201365). <br \/><strong>Irod.:<\/strong> Pesty 2014.<\/br><\/p>\n","protected":false},"excerpt":{"rendered":"<p>? \u2020?: dull\u00f3biztos. \u2013 K\u00e1li j\u00e1r\u00e1si dull\u00f3biztos volt, akinek a kebelei falusb\u00edr\u00f3, Czeg\u0151 Elek \u00e9s Ol\u00e1hdell\u0151 k\u00f6zs\u00e9g el\u00f6lj\u00e1r\u00f3s\u00e1ga jelentette a falujuk helyneveit, amit tov\u00e1bb\u00edtott a Pesty Frigyes eg\u00e9sz Mo.-ra \u00e9s Erd\u00e9lyre kiterjedt helyn\u00e9vgy\u0171jt\u00e9se sz\u00e1m\u00e1ra (1864\u201365). Irod.: Pesty 2014.<\/p>\n","protected":false},"featured_media":0,"comment_status":"open","ping_status":"closed","template":"","meta":[],"product_brand":[],"product_cat":[137],"product_tag":[],"class_list":{"0":"post-21445","1":"product","2":"type-product","3":"status-publish","5":"product_cat-maros-megyei-eletrajzi-lexikon","7":"first","8":"instock","9":"shipping-taxable","10":"product-type-simple"},"_links":{"self":[{"href":"https:\/\/uj.adatbank.ro\/lexikon\/wp-json\/wp\/v2\/product\/21445","targetHints":{"allow":["GET"]}}],"collection":[{"href":"https:\/\/uj.adatbank.ro\/lexikon\/wp-json\/wp\/v2\/product"}],"about":[{"href":"https:\/\/uj.adatbank.ro\/lexikon\/wp-json\/wp\/v2\/types\/product"}],"replies":[{"embeddable":true,"href":"https:\/\/uj.adatbank.ro\/lexikon\/wp-json\/wp\/v2\/comments?post=21445"}],"wp:attachment":[{"href":"https:\/\/uj.adatbank.ro\/lexikon\/wp-json\/wp\/v2\/media?parent=21445"}],"wp:term":[{"taxonomy":"product_brand","embeddable":true,"href":"https:\/\/uj.adatbank.ro\/lexikon\/wp-json\/wp\/v2\/product_brand?post=21445"},{"taxonomy":"product_cat","embeddable":true,"href":"https:\/\/uj.adatbank.ro\/lexikon\/wp-json\/wp\/v2\/product_cat?post=21445"},{"taxonomy":"product_tag","embeddable":true,"href":"https:\/\/uj.adatbank.ro\/lexikon\/wp-json\/wp\/v2\/product_tag?post=21445"}],"curies":[{"name":"wp","href":"https:\/\/api.w.org\/{rel}","templated":true}]}}