{"id":21446,"date":"2025-07-22T19:25:15","date_gmt":"2025-07-22T17:25:15","guid":{"rendered":"https:\/\/uj.adatbank.ro\/lexikon\/termek\/szanto-janos-2\/"},"modified":"2025-07-22T19:25:15","modified_gmt":"2025-07-22T17:25:15","slug":"szanto-janos-2","status":"publish","type":"product","link":"https:\/\/uj.adatbank.ro\/lexikon\/termek\/szanto-janos-2\/","title":{"rendered":"SZ\u00c1NT\u00d3 J\u00e1nos"},"content":{"rendered":"<p>S\u00e1lyi, 1894.,\u00a0\u2020 Bp., 1945.: tisztvisel\u0151, f\u0151titk\u00e1r Mv.-en. \u2013 Feles\u00e9ge Erd\u00e9lyi Iduna. \u2013 A H\u00e1ztulajdonosok Sz\u00f6vets\u00e9g\u00e9nek a vezet\u0151je volt a 30-as \u00e9vek k\u00f6zep\u00e9t\u0151l, majd bankigazgat\u00f3 lett. R\u00e9szt vett az els\u0151 vh.-ban (1914\u201318) az orosz fronton megsebes\u00fclt. Fel\u00e9p\u00fcl\u00e9se ut\u00e1n a debreceni tisztiiskola el\u0151ad\u00f3ja volt, majd az olasz fronton a piavei \u00fctk\u00f6zetben fogs\u00e1gba esett, Angli\u00e1ban volt fogs\u00e1gban. F\u0151hadnagyi rangban kit\u00fcntet\u00e9sekkel szerelt le. A II. vh. v\u00e9g\u00e9n Bp.-en aknaszil\u00e1nk \u00fct\u00f6tte sebben v\u00e9rzett el. Feles\u00e9ge hadi\u00f6zvegyi nyugd\u00edjat kapott \u00e9s ez\u00e9rt nem \u00e1llamos\u00edtott\u00e1k h\u00e1zukat Mv.-en. <br \/><strong>Irod.:<\/strong> Erd\u00e9lyi ezredek; Sipos.<\/br><\/p>\n","protected":false},"excerpt":{"rendered":"<p>S\u00e1lyi, 1894.,\u00a0\u2020 Bp., 1945.: tisztvisel\u0151, f\u0151titk\u00e1r Mv.-en. \u2013 Feles\u00e9ge Erd\u00e9lyi Iduna. \u2013 A H\u00e1ztulajdonosok Sz\u00f6vets\u00e9g\u00e9nek a vezet\u0151je volt a 30-as \u00e9vek k\u00f6zep\u00e9t\u0151l, majd bankigazgat\u00f3 lett. R\u00e9szt vett az els\u0151 vh.-ban (1914\u201318) az orosz fronton megsebes\u00fclt. Fel\u00e9p\u00fcl\u00e9se ut\u00e1n a debreceni tisztiiskola el\u0151ad\u00f3ja volt, majd az olasz fronton a piavei \u00fctk\u00f6zetben fogs\u00e1gba esett, Angli\u00e1ban volt fogs\u00e1gban. F\u0151hadnagyi [&hellip;]<\/p>\n","protected":false},"featured_media":0,"comment_status":"open","ping_status":"closed","template":"","meta":[],"product_brand":[],"product_cat":[137],"product_tag":[],"class_list":{"0":"post-21446","1":"product","2":"type-product","3":"status-publish","5":"product_cat-maros-megyei-eletrajzi-lexikon","7":"first","8":"instock","9":"shipping-taxable","10":"product-type-simple"},"_links":{"self":[{"href":"https:\/\/uj.adatbank.ro\/lexikon\/wp-json\/wp\/v2\/product\/21446","targetHints":{"allow":["GET"]}}],"collection":[{"href":"https:\/\/uj.adatbank.ro\/lexikon\/wp-json\/wp\/v2\/product"}],"about":[{"href":"https:\/\/uj.adatbank.ro\/lexikon\/wp-json\/wp\/v2\/types\/product"}],"replies":[{"embeddable":true,"href":"https:\/\/uj.adatbank.ro\/lexikon\/wp-json\/wp\/v2\/comments?post=21446"}],"wp:attachment":[{"href":"https:\/\/uj.adatbank.ro\/lexikon\/wp-json\/wp\/v2\/media?parent=21446"}],"wp:term":[{"taxonomy":"product_brand","embeddable":true,"href":"https:\/\/uj.adatbank.ro\/lexikon\/wp-json\/wp\/v2\/product_brand?post=21446"},{"taxonomy":"product_cat","embeddable":true,"href":"https:\/\/uj.adatbank.ro\/lexikon\/wp-json\/wp\/v2\/product_cat?post=21446"},{"taxonomy":"product_tag","embeddable":true,"href":"https:\/\/uj.adatbank.ro\/lexikon\/wp-json\/wp\/v2\/product_tag?post=21446"}],"curies":[{"name":"wp","href":"https:\/\/api.w.org\/{rel}","templated":true}]}}

SZÁNTÓ János

<p>Sályi, 1894., † Bp., 1945.: tisztviselő, főtitkár Mv.-en. – Felesége Erdélyi Iduna. – A Háztulajdonosok Szövetségének a vezetője volt a 30-as évek közepétől, majd bankigazgató lett. Részt vett az első vh.-ban (1914–18) az orosz fronton megsebesült. Felépülése után a debreceni tisztiiskola előadója volt, majd az olasz fronton a piavei ütközetben fogságba esett, Angliában volt fogságban. Főhadnagyi rangban kitüntetésekkel szerelt le. A II. vh. végén Bp.-en aknaszilánk ütötte sebben vérzett el. Felesége hadiözvegyi nyugdíjat kapott és ezért nem államosították házukat Mv.-en. <br /><strong>Irod.:</strong> Erdélyi ezredek; Sipos.</br></p>

<p>Sályi, 1894., † Bp., 1945.: tisztviselő, főtitkár Mv.-en. – Felesége Erdélyi Iduna. – A Háztulajdonosok Szövetségének a vezetője volt a 30-as évek közepétől, majd bankigazgató lett. Részt vett az első vh.-ban (1914–18) az orosz fronton megsebesült. Felépülése után a debreceni tisztiiskola előadója volt, majd az olasz fronton a piavei ütközetben fogságba esett, Angliában volt fogságban. Főhadnagyi [&hellip;]</p>
