{"id":21447,"date":"2025-07-22T19:25:17","date_gmt":"2025-07-22T17:25:17","guid":{"rendered":"https:\/\/uj.adatbank.ro\/lexikon\/termek\/szanto-janos-3\/"},"modified":"2025-07-22T19:25:17","modified_gmt":"2025-07-22T17:25:17","slug":"szanto-janos-3","status":"publish","type":"product","link":"https:\/\/uj.adatbank.ro\/lexikon\/termek\/szanto-janos-3\/","title":{"rendered":"SZ\u00c1NT\u00d3 J\u00e1nos"},"content":{"rendered":"<p>Sz\u00e1szcs\u00e1v\u00e1s (Maros), 1925. \u2020?: k\u00f6nyvel\u0151. Letart\u00f3ztat\u00e1sakor (1957. jan. 19.) a kv.-i Hadtestparancsnoks\u00e1g k\u00f6tel\u00e9k\u00e9ben az \u00e9p\u00edtkez\u00e9si r\u00e9szleg f\u0151k\u00f6nyvel\u0151je. A magyar forradalom melletti ny\u00edlt \u00e1ll\u00e1sfoglal\u00e1sa miatt a kv.-i Katonai B\u00edr\u00f3s\u00e1g 5 \u00e9vre \u00edt\u00e9lte. Szabadul\u00e1sa (1962. jan. 17.) ut\u00e1n Vajdahunyadon, Dics\u0151szentm\u00e1rtonban, majd sz\u00fcl\u0151faluja kollekt\u00edv gazdas\u00e1g\u00e1ban dolgozott. K\u00e9s\u0151bb bek\u00f6lt\u00f6zhetett Mv-re. K\u00f6nyvel\u0151k\u00e9nt ment nyugd\u00edjba (1986). <br \/><strong>Irod.:<\/strong> 1956 Erd\u00e9lyben.<\/br><\/p>\n","protected":false},"excerpt":{"rendered":"<p>Sz\u00e1szcs\u00e1v\u00e1s (Maros), 1925. \u2020?: k\u00f6nyvel\u0151. Letart\u00f3ztat\u00e1sakor (1957. jan. 19.) a kv.-i Hadtestparancsnoks\u00e1g k\u00f6tel\u00e9k\u00e9ben az \u00e9p\u00edtkez\u00e9si r\u00e9szleg f\u0151k\u00f6nyvel\u0151je. A magyar forradalom melletti ny\u00edlt \u00e1ll\u00e1sfoglal\u00e1sa miatt a kv.-i Katonai B\u00edr\u00f3s\u00e1g 5 \u00e9vre \u00edt\u00e9lte. Szabadul\u00e1sa (1962. jan. 17.) ut\u00e1n Vajdahunyadon, Dics\u0151szentm\u00e1rtonban, majd sz\u00fcl\u0151faluja kollekt\u00edv gazdas\u00e1g\u00e1ban dolgozott. K\u00e9s\u0151bb bek\u00f6lt\u00f6zhetett Mv-re. K\u00f6nyvel\u0151k\u00e9nt ment nyugd\u00edjba (1986). Irod.: 1956 Erd\u00e9lyben.<\/p>\n","protected":false},"featured_media":0,"comment_status":"open","ping_status":"closed","template":"","meta":[],"product_brand":[],"product_cat":[137],"product_tag":[],"class_list":{"0":"post-21447","1":"product","2":"type-product","3":"status-publish","5":"product_cat-maros-megyei-eletrajzi-lexikon","7":"first","8":"instock","9":"shipping-taxable","10":"product-type-simple"},"_links":{"self":[{"href":"https:\/\/uj.adatbank.ro\/lexikon\/wp-json\/wp\/v2\/product\/21447","targetHints":{"allow":["GET"]}}],"collection":[{"href":"https:\/\/uj.adatbank.ro\/lexikon\/wp-json\/wp\/v2\/product"}],"about":[{"href":"https:\/\/uj.adatbank.ro\/lexikon\/wp-json\/wp\/v2\/types\/product"}],"replies":[{"embeddable":true,"href":"https:\/\/uj.adatbank.ro\/lexikon\/wp-json\/wp\/v2\/comments?post=21447"}],"wp:attachment":[{"href":"https:\/\/uj.adatbank.ro\/lexikon\/wp-json\/wp\/v2\/media?parent=21447"}],"wp:term":[{"taxonomy":"product_brand","embeddable":true,"href":"https:\/\/uj.adatbank.ro\/lexikon\/wp-json\/wp\/v2\/product_brand?post=21447"},{"taxonomy":"product_cat","embeddable":true,"href":"https:\/\/uj.adatbank.ro\/lexikon\/wp-json\/wp\/v2\/product_cat?post=21447"},{"taxonomy":"product_tag","embeddable":true,"href":"https:\/\/uj.adatbank.ro\/lexikon\/wp-json\/wp\/v2\/product_tag?post=21447"}],"curies":[{"name":"wp","href":"https:\/\/api.w.org\/{rel}","templated":true}]}}

SZÁNTÓ János

<p>Szászcsávás (Maros), 1925. †?: könyvelő. Letartóztatásakor (1957. jan. 19.) a kv.-i Hadtestparancsnokság kötelékében az építkezési részleg főkönyvelője. A magyar forradalom melletti nyílt állásfoglalása miatt a kv.-i Katonai Bíróság 5 évre ítélte. Szabadulása (1962. jan. 17.) után Vajdahunyadon, Dicsőszentmártonban, majd szülőfaluja kollektív gazdaságában dolgozott. Később beköltözhetett Mv-re. Könyvelőként ment nyugdíjba (1986). <br /><strong>Irod.:</strong> 1956 Erdélyben.</br></p>

<p>Szászcsávás (Maros), 1925. †?: könyvelő. Letartóztatásakor (1957. jan. 19.) a kv.-i Hadtestparancsnokság kötelékében az építkezési részleg főkönyvelője. A magyar forradalom melletti nyílt állásfoglalása miatt a kv.-i Katonai Bíróság 5 évre ítélte. Szabadulása (1962. jan. 17.) után Vajdahunyadon, Dicsőszentmártonban, majd szülőfaluja kollektív gazdaságában dolgozott. Később beköltözhetett Mv-re. Könyvelőként ment nyugdíjba (1986). Irod.: 1956 Erdélyben.</p>
