{"id":2145,"date":"2025-06-28T12:05:07","date_gmt":"2025-06-28T10:05:07","guid":{"rendered":"https:\/\/uj.adatbank.ro\/lexikon\/termek\/bandy-pal\/"},"modified":"2025-06-28T12:05:07","modified_gmt":"2025-06-28T10:05:07","slug":"bandy-pal","status":"publish","type":"product","link":"https:\/\/uj.adatbank.ro\/lexikon\/termek\/bandy-pal\/","title":{"rendered":"B\u00c1NDY P\u00e1l"},"content":{"rendered":"<p>Bal\u00e1zsfalva, 1911. nov. 27., \u2020\u00a0? : sz\u00e1zados. \u2013 A sepsiszentgy\u00f6rgyi 27\/I. z\u00e1szl\u00f3alj k\u00f6tel\u00e9k\u00e9ben teljes\u00edtett szolg\u00e1latot, mint sz\u00e1zadparancsnok f\u0151hadnagyi, majd sz\u00e1zadosi rendfokozatban (1940. dec. 1. \u2013). A keleti hadsz\u00ednt\u00e9rre vonult az 57\/I. z\u00e1szl\u00f3alj parancsnokak\u00e9nt (1944. m\u00e1r. 23. \u2013). R\u00e9szt vett a gal\u00edciai, erd\u00e9lyi \u00e9s magyaro.-i hadm\u0171veletekben. Z\u00e1szl\u00f3aljparancsnok a 27\/ II. (1944. dec. 1. \u2013), Ausztri\u00e1ba visszavonult alakulat\u00e1t elhagyta (1945. m\u00e1rc. 27.) \u00e9s a szovjet csapatok el\u0151l bujk\u00e1lva t\u00e9rt haza. <br \/><strong>Irod.:<\/strong> Berekm\u00e9ri: mv.-i 27. hadoszt\u00e1ly<\/br><\/p>\n","protected":false},"excerpt":{"rendered":"<p>Bal\u00e1zsfalva, 1911. nov. 27., \u2020\u00a0? : sz\u00e1zados. \u2013 A sepsiszentgy\u00f6rgyi 27\/I. z\u00e1szl\u00f3alj k\u00f6tel\u00e9k\u00e9ben teljes\u00edtett szolg\u00e1latot, mint sz\u00e1zadparancsnok f\u0151hadnagyi, majd sz\u00e1zadosi rendfokozatban (1940. dec. 1. \u2013). A keleti hadsz\u00ednt\u00e9rre vonult az 57\/I. z\u00e1szl\u00f3alj parancsnokak\u00e9nt (1944. m\u00e1r. 23. \u2013). R\u00e9szt vett a gal\u00edciai, erd\u00e9lyi \u00e9s magyaro.-i hadm\u0171veletekben. Z\u00e1szl\u00f3aljparancsnok a 27\/ II. (1944. dec. 1. \u2013), Ausztri\u00e1ba visszavonult [&hellip;]<\/p>\n","protected":false},"featured_media":0,"comment_status":"open","ping_status":"closed","template":"","meta":[],"product_brand":[],"product_cat":[137],"product_tag":[],"class_list":{"0":"post-2145","1":"product","2":"type-product","3":"status-publish","5":"product_cat-maros-megyei-eletrajzi-lexikon","7":"first","8":"instock","9":"shipping-taxable","10":"product-type-simple"},"_links":{"self":[{"href":"https:\/\/uj.adatbank.ro\/lexikon\/wp-json\/wp\/v2\/product\/2145","targetHints":{"allow":["GET"]}}],"collection":[{"href":"https:\/\/uj.adatbank.ro\/lexikon\/wp-json\/wp\/v2\/product"}],"about":[{"href":"https:\/\/uj.adatbank.ro\/lexikon\/wp-json\/wp\/v2\/types\/product"}],"replies":[{"embeddable":true,"href":"https:\/\/uj.adatbank.ro\/lexikon\/wp-json\/wp\/v2\/comments?post=2145"}],"wp:attachment":[{"href":"https:\/\/uj.adatbank.ro\/lexikon\/wp-json\/wp\/v2\/media?parent=2145"}],"wp:term":[{"taxonomy":"product_brand","embeddable":true,"href":"https:\/\/uj.adatbank.ro\/lexikon\/wp-json\/wp\/v2\/product_brand?post=2145"},{"taxonomy":"product_cat","embeddable":true,"href":"https:\/\/uj.adatbank.ro\/lexikon\/wp-json\/wp\/v2\/product_cat?post=2145"},{"taxonomy":"product_tag","embeddable":true,"href":"https:\/\/uj.adatbank.ro\/lexikon\/wp-json\/wp\/v2\/product_tag?post=2145"}],"curies":[{"name":"wp","href":"https:\/\/api.w.org\/{rel}","templated":true}]}}

BÁNDY Pál

<p>Balázsfalva, 1911. nov. 27., † ? : százados. – A sepsiszentgyörgyi 27/I. zászlóalj kötelékében teljesített szolgálatot, mint századparancsnok főhadnagyi, majd századosi rendfokozatban (1940. dec. 1. –). A keleti hadszíntérre vonult az 57/I. zászlóalj parancsnokaként (1944. már. 23. –). Részt vett a galíciai, erdélyi és magyaro.-i hadműveletekben. Zászlóaljparancsnok a 27/ II. (1944. dec. 1. –), Ausztriába visszavonult alakulatát elhagyta (1945. márc. 27.) és a szovjet csapatok elől bujkálva tért haza. <br /><strong>Irod.:</strong> Berekméri: mv.-i 27. hadosztály</br></p>

<p>Balázsfalva, 1911. nov. 27., † ? : százados. – A sepsiszentgyörgyi 27/I. zászlóalj kötelékében teljesített szolgálatot, mint századparancsnok főhadnagyi, majd századosi rendfokozatban (1940. dec. 1. –). A keleti hadszíntérre vonult az 57/I. zászlóalj parancsnokaként (1944. már. 23. –). Részt vett a galíciai, erdélyi és magyaro.-i hadműveletekben. Zászlóaljparancsnok a 27/ II. (1944. dec. 1. –), Ausztriába visszavonult [&hellip;]</p>
