{"id":21452,"date":"2025-07-22T19:25:25","date_gmt":"2025-07-22T17:25:25","guid":{"rendered":"https:\/\/uj.adatbank.ro\/lexikon\/termek\/szapolyai-janos-erdelyi-vajda-i-janos-magyar-kiraly\/"},"modified":"2025-07-22T19:25:25","modified_gmt":"2025-07-22T17:25:25","slug":"szapolyai-janos-erdelyi-vajda-i-janos-magyar-kiraly","status":"publish","type":"product","link":"https:\/\/uj.adatbank.ro\/lexikon\/termek\/szapolyai-janos-erdelyi-vajda-i-janos-magyar-kiraly\/","title":{"rendered":"SZAPOLYAI J\u00e1nos, erd\u00e9lyi vajda, I. J\u00e1nos magyar kir\u00e1ly"},"content":{"rendered":"<p>1490\u201391 k., \u2020\u00a01540.: erd\u00e9lyi vajda, magyar kir. \u2013 Sz. Istv\u00e1n (\u2020 1499) \u00e9s Hedvig tescheni hercegn\u0151 (\u2020 1521) fia. Feles\u00e9ge: Izabella. Fia: II. J\u00e1nos, J\u00e1nos Zsigmond. \u2013 Mv. vend\u00e9ge (1514, 1519 \u2013 h\u00e1rom alkalommal \u00e9s t\u00f6rv\u00e9nysz\u00e9ket tartott; 1532,). Szentgy\u00f6rgyi T\u00f3t J\u00e1nosnak kiv\u00e1lts\u00e1glevelet adott Kisfalud birtok\u00e1ra, amelyet a h\u0171tlens\u00e9gbe esett L\u00e1z\u00e1r ut\u00f3dokt\u00f3l koboztak el. Meger\u0151s\u00edtette azokat a hat\u00e1rozatokat, amelyeket a sz\u00e9kely nemzetgy\u0171l\u00e9s hozott (1507) a v\u00e1ros t\u00f6rv\u00e9nykez\u00e9si jog\u00e1ra vonatkoz\u00f3an, azaz hogy V\u00e1s\u00e1rhely polg\u00e1rainak \u00f6r\u00f6k\u00f6s\u00f6d\u00e9ssel kapcsolatos pereiben kiz\u00e1r\u00f3lag a v\u00e1rosi b\u00edr\u00f3s\u00e1g illet\u00e9kes d\u00f6nteni (1519, 1531). Majl\u00e1t Istv\u00e1n \u00e9s Balassa Imre V\u00e1s\u00e1rhelyre ogy.-t hirdettek ellene, de a sz\u00e9kelyek nem t\u00e1mogatt\u00e1k a felkel\u00e9s terv\u00e9t, lefogatta a hozz\u00e1 k\u00fcld\u00f6tt k\u00f6veteket (1540). <br \/><strong>Irod.:<\/strong> Id\u0151t\u00e1r 1; Nagy Bod\u00f3 Tibor. \u00c9p\u00edtett \u00f6r\u00f6ks\u00e9g\u00fcnk A romos erd\u00e9lyi v\u00e9gv\u00e1r (N\u00fa., 2022. dec. 9.); Neumann Tibor: D\u00f3zsa legy\u0151z\u0151je: Sz. J. erd\u00e9lyi vajdas\u00e1ga, 1510. nov. 8.\u20131526. nov. 10. (Sz\u00e9kelyf\u00f6ld, 11. sz., 2014); P\u00e1l-Antal 2002; A sz\u00e9kely isp\u00e1nok \u00e9s alisp\u00e1nok 1526-ig.= Sz\u00e9kelyf\u00f6ld t\u00f6rt. 1.<\/br><\/p>\n","protected":false},"excerpt":{"rendered":"<p>1490\u201391 k., \u2020\u00a01540.: erd\u00e9lyi vajda, magyar kir. \u2013 Sz. Istv\u00e1n (\u2020 1499) \u00e9s Hedvig tescheni hercegn\u0151 (\u2020 1521) fia. Feles\u00e9ge: Izabella. Fia: II. J\u00e1nos, J\u00e1nos Zsigmond. \u2013 Mv. vend\u00e9ge (1514, 1519 \u2013 h\u00e1rom alkalommal \u00e9s t\u00f6rv\u00e9nysz\u00e9ket tartott; 1532,). Szentgy\u00f6rgyi T\u00f3t J\u00e1nosnak kiv\u00e1lts\u00e1glevelet adott Kisfalud birtok\u00e1ra, amelyet a h\u0171tlens\u00e9gbe esett L\u00e1z\u00e1r ut\u00f3dokt\u00f3l koboztak el. Meger\u0151s\u00edtette azokat [&hellip;]<\/p>\n","protected":false},"featured_media":0,"comment_status":"open","ping_status":"closed","template":"","meta":[],"product_brand":[],"product_cat":[137],"product_tag":[],"class_list":{"0":"post-21452","1":"product","2":"type-product","3":"status-publish","5":"product_cat-maros-megyei-eletrajzi-lexikon","7":"first","8":"instock","9":"shipping-taxable","10":"product-type-simple"},"_links":{"self":[{"href":"https:\/\/uj.adatbank.ro\/lexikon\/wp-json\/wp\/v2\/product\/21452","targetHints":{"allow":["GET"]}}],"collection":[{"href":"https:\/\/uj.adatbank.ro\/lexikon\/wp-json\/wp\/v2\/product"}],"about":[{"href":"https:\/\/uj.adatbank.ro\/lexikon\/wp-json\/wp\/v2\/types\/product"}],"replies":[{"embeddable":true,"href":"https:\/\/uj.adatbank.ro\/lexikon\/wp-json\/wp\/v2\/comments?post=21452"}],"wp:attachment":[{"href":"https:\/\/uj.adatbank.ro\/lexikon\/wp-json\/wp\/v2\/media?parent=21452"}],"wp:term":[{"taxonomy":"product_brand","embeddable":true,"href":"https:\/\/uj.adatbank.ro\/lexikon\/wp-json\/wp\/v2\/product_brand?post=21452"},{"taxonomy":"product_cat","embeddable":true,"href":"https:\/\/uj.adatbank.ro\/lexikon\/wp-json\/wp\/v2\/product_cat?post=21452"},{"taxonomy":"product_tag","embeddable":true,"href":"https:\/\/uj.adatbank.ro\/lexikon\/wp-json\/wp\/v2\/product_tag?post=21452"}],"curies":[{"name":"wp","href":"https:\/\/api.w.org\/{rel}","templated":true}]}}

SZAPOLYAI János, erdélyi vajda, I. János magyar király

<p>1490–91 k., † 1540.: erdélyi vajda, magyar kir. – Sz. István († 1499) és Hedvig tescheni hercegnő († 1521) fia. Felesége: Izabella. Fia: II. János, János Zsigmond. – Mv. vendége (1514, 1519 – három alkalommal és törvényszéket tartott; 1532,). Szentgyörgyi Tót Jánosnak kiváltságlevelet adott Kisfalud birtokára, amelyet a hűtlenségbe esett Lázár utódoktól koboztak el. Megerősítette azokat a határozatokat, amelyeket a székely nemzetgyűlés hozott (1507) a város törvénykezési jogára vonatkozóan, azaz hogy Vásárhely polgárainak örökösödéssel kapcsolatos pereiben kizárólag a városi bíróság illetékes dönteni (1519, 1531). Majlát István és Balassa Imre Vásárhelyre ogy.-t hirdettek ellene, de a székelyek nem támogatták a felkelés tervét, lefogatta a hozzá küldött követeket (1540). <br /><strong>Irod.:</strong> Időtár 1; Nagy Bodó Tibor. Épített örökségünk A romos erdélyi végvár (Nú., 2022. dec. 9.); Neumann Tibor: Dózsa legyőzője: Sz. J. erdélyi vajdasága, 1510. nov. 8.–1526. nov. 10. (Székelyföld, 11. sz., 2014); Pál-Antal 2002; A székely ispánok és alispánok 1526-ig.= Székelyföld tört. 1.</br></p>

<p>1490–91 k., † 1540.: erdélyi vajda, magyar kir. – Sz. István († 1499) és Hedvig tescheni hercegnő († 1521) fia. Felesége: Izabella. Fia: II. János, János Zsigmond. – Mv. vendége (1514, 1519 – három alkalommal és törvényszéket tartott; 1532,). Szentgyörgyi Tót Jánosnak kiváltságlevelet adott Kisfalud birtokára, amelyet a hűtlenségbe esett Lázár utódoktól koboztak el. Megerősítette azokat [&hellip;]</p>
