{"id":21459,"date":"2025-07-22T19:25:39","date_gmt":"2025-07-22T17:25:39","guid":{"rendered":"https:\/\/uj.adatbank.ro\/lexikon\/termek\/szarvady-gyula-%c2%a7\/"},"modified":"2025-07-22T19:25:39","modified_gmt":"2025-07-22T17:25:39","slug":"szarvady-gyula-%c2%a7","status":"publish","type":"product","link":"https:\/\/uj.adatbank.ro\/lexikon\/termek\/szarvady-gyula-%c2%a7\/","title":{"rendered":"SZARVADY Gyula, \u00a7"},"content":{"rendered":"<p>Arad, 1929. szept. 6., \u2020 Kv., 2001. \u00e1pr. 29.: zeneszerz\u0151, karmester. \u2013 Egyetemi tanulm\u00e1nyait a kv.-i Gh. Dima Zeneakad\u00e9mi\u00e1n v\u00e9gezte (1953). A kv.-i \u00c1llami M. Oper\u00e1ban korrepetitor, karigazgat\u00f3 (1953\u201362). Mv.-en az \u00c1llami Dal- \u00e9s T\u00e1ncegy\u00fcttes \/ \u00c1llami N\u00e9pi Egy\u00fcttes vezet\u0151 karmestere (1962\u201372), a M\u0171v\u00e9szeti L\u00edc. zenekar\u00e1nak vezet\u0151je (1962\u201372) \u00e9s a Filharm\u00f3nia kollabor\u00e1nsa. Konstanc\u00e1n karmester, a Dalsz\u00ednh\u00e1z igazgat\u00f3ja (1972\u201374); a kv.-i \u00c1llami M. Opera karmestere nyugd\u00edjaz\u00e1s\u00e1ig (1974\u201389). A Sv\u00e1b t\u00e1ncok c. zenem\u0171v\u00e9nek \u0151sbemutat\u00f3ja Mv.-en volt (1967). Oper\u00e1ja, az Isztrosz kir\u00e1ly \u0151sbemutat\u00f3ja 1976 \u00e1prilis\u00e1ban volt Konstanc\u00e1n. Magyarul 1979. m\u00e1jus 19-\u00e9n mutatt\u00e1k be Kolozsv\u00e1ron, a Meg\u00e9nekl\u00fcnk, Rom\u00e1nia Fesztiv\u00e1lon els\u0151 d\u00edjat nyert. 1986. november 1-j\u00e9n betegs\u00e9ge miatt nyugd\u00edjaztatta mag\u00e1t, de \u00e9rdekl\u0151d\u00e9s\u00e9vel tov\u00e1bbra is az opera szolg\u00e1lat\u00e1ban maradt. Hangk\u00e9pz\u00e9ssel \u00e9s reperto\u00e1r betan\u00edt\u00e1s\u00e1val foglalkozott, \u00e9s tov\u00e1bbra is figyelemmel k\u00eds\u00e9rte a s\u00e9tat\u00e9ri opera h\u00e9tk\u00f6znapjait. \u2013 <strong>F. m.<\/strong>: Isztrosz kir\u00e1ly (3 felvon\u00e1sos opera; \u0151sbemutat\u00f3 Konstanc\u00e1n, 1976); Segesv\u00e1r k\u00f6rny\u00e9ki sz\u00e1sz t\u00e1ncok (n\u00e9pzenei feldolgoz\u00e1s); Acteon (A. Alessandrescu szvitj\u00e9nek librett\u00f3ja, 1982). <br \/><strong>Irod.:<\/strong> A H\u00e9t \u00e9vk\u00f6nyve (1982); Hubesz Valter: Besz\u00e9lget\u00e9s Sz. Gy.-val (V. Z., 1967. aug. 12.); M\u00e1ty\u00e1s Zolt\u00e1nn\u00e9 Kozma M\u00e1rta: Egy \u00fcnnep marg\u00f3j\u00e1ra (N\u00fa., 2007. nov. 7.); N\u00fa (2001. j\u00fan 8); RMIL; RMKK; Sz\u00e9kely D\u00e9nes 2005.<\/br><\/p>\n","protected":false},"excerpt":{"rendered":"<p>Arad, 1929. szept. 6., \u2020 Kv., 2001. \u00e1pr. 29.: zeneszerz\u0151, karmester. \u2013 Egyetemi tanulm\u00e1nyait a kv.-i Gh. Dima Zeneakad\u00e9mi\u00e1n v\u00e9gezte (1953). A kv.-i \u00c1llami M. Oper\u00e1ban korrepetitor, karigazgat\u00f3 (1953\u201362). Mv.-en az \u00c1llami Dal- \u00e9s T\u00e1ncegy\u00fcttes \/ \u00c1llami N\u00e9pi Egy\u00fcttes vezet\u0151 karmestere (1962\u201372), a M\u0171v\u00e9szeti L\u00edc. zenekar\u00e1nak vezet\u0151je (1962\u201372) \u00e9s a Filharm\u00f3nia kollabor\u00e1nsa. Konstanc\u00e1n karmester, a [&hellip;]<\/p>\n","protected":false},"featured_media":0,"comment_status":"open","ping_status":"closed","template":"","meta":[],"product_brand":[],"product_cat":[137],"product_tag":[],"class_list":{"0":"post-21459","1":"product","2":"type-product","3":"status-publish","5":"product_cat-maros-megyei-eletrajzi-lexikon","7":"first","8":"instock","9":"shipping-taxable","10":"product-type-simple"},"_links":{"self":[{"href":"https:\/\/uj.adatbank.ro\/lexikon\/wp-json\/wp\/v2\/product\/21459","targetHints":{"allow":["GET"]}}],"collection":[{"href":"https:\/\/uj.adatbank.ro\/lexikon\/wp-json\/wp\/v2\/product"}],"about":[{"href":"https:\/\/uj.adatbank.ro\/lexikon\/wp-json\/wp\/v2\/types\/product"}],"replies":[{"embeddable":true,"href":"https:\/\/uj.adatbank.ro\/lexikon\/wp-json\/wp\/v2\/comments?post=21459"}],"wp:attachment":[{"href":"https:\/\/uj.adatbank.ro\/lexikon\/wp-json\/wp\/v2\/media?parent=21459"}],"wp:term":[{"taxonomy":"product_brand","embeddable":true,"href":"https:\/\/uj.adatbank.ro\/lexikon\/wp-json\/wp\/v2\/product_brand?post=21459"},{"taxonomy":"product_cat","embeddable":true,"href":"https:\/\/uj.adatbank.ro\/lexikon\/wp-json\/wp\/v2\/product_cat?post=21459"},{"taxonomy":"product_tag","embeddable":true,"href":"https:\/\/uj.adatbank.ro\/lexikon\/wp-json\/wp\/v2\/product_tag?post=21459"}],"curies":[{"name":"wp","href":"https:\/\/api.w.org\/{rel}","templated":true}]}}

<p>Arad, 1929. szept. 6., † Kv., 2001. ápr. 29.: zeneszerző, karmester. – Egyetemi tanulmányait a kv.-i Gh. Dima Zeneakadémián végezte (1953). A kv.-i Állami M. Operában korrepetitor, karigazgató (1953–62). Mv.-en az Állami Dal- és Táncegyüttes / Állami Népi Együttes vezető karmestere (1962–72), a Művészeti Líc. zenekarának vezetője (1962–72) és a Filharmónia kollaboránsa. Konstancán karmester, a Dalszínház igazgatója (1972–74); a kv.-i Állami M. Opera karmestere nyugdíjazásáig (1974–89). A Sváb táncok c. zeneművének ősbemutatója Mv.-en volt (1967). Operája, az Isztrosz király ősbemutatója 1976 áprilisában volt Konstancán. Magyarul 1979. május 19-én mutatták be Kolozsváron, a Megéneklünk, Románia Fesztiválon első díjat nyert. 1986. november 1-jén betegsége miatt nyugdíjaztatta magát, de érdeklődésével továbbra is az opera szolgálatában maradt. Hangképzéssel és repertoár betanításával foglalkozott, és továbbra is figyelemmel kísérte a sétatéri opera hétköznapjait. – <strong>F. m.</strong>: Isztrosz király (3 felvonásos opera; ősbemutató Konstancán, 1976); Segesvár környéki szász táncok (népzenei feldolgozás); Acteon (A. Alessandrescu szvitjének librettója, 1982). <br /><strong>Irod.:</strong> A Hét évkönyve (1982); Hubesz Valter: Beszélgetés Sz. Gy.-val (V. Z., 1967. aug. 12.); Mátyás Zoltánné Kozma Márta: Egy ünnep margójára (Nú., 2007. nov. 7.); Nú (2001. jún 8); RMIL; RMKK; Székely Dénes 2005.</br></p>

<p>Arad, 1929. szept. 6., † Kv., 2001. ápr. 29.: zeneszerző, karmester. – Egyetemi tanulmányait a kv.-i Gh. Dima Zeneakadémián végezte (1953). A kv.-i Állami M. Operában korrepetitor, karigazgató (1953–62). Mv.-en az Állami Dal- és Táncegyüttes / Állami Népi Együttes vezető karmestere (1962–72), a Művészeti Líc. zenekarának vezetője (1962–72) és a Filharmónia kollaboránsa. Konstancán karmester, a [&hellip;]</p>
