{"id":21460,"date":"2025-07-22T19:25:41","date_gmt":"2025-07-22T17:25:41","guid":{"rendered":"https:\/\/uj.adatbank.ro\/lexikon\/termek\/szarvady-lajos-bothazi-es-tasnad-szarvadi\/"},"modified":"2025-07-22T19:25:41","modified_gmt":"2025-07-22T17:25:41","slug":"szarvady-lajos-bothazi-es-tasnad-szarvadi","status":"publish","type":"product","link":"https:\/\/uj.adatbank.ro\/lexikon\/termek\/szarvady-lajos-bothazi-es-tasnad-szarvadi\/","title":{"rendered":"SZARVADY Lajos, both\u00e1zi \u00e9s Tasn\u00e1d-szarvadi"},"content":{"rendered":"<p>1818? \u2020 Mv., 1901. jan. 14.: sz\u00e1zados. \u2013 Feles\u00e9ge: lengyelfalvi Orb\u00e1n Anna (1821? \u2013 Mv., 1891. \u00e1pr. 5.). Fi\u00fak: Sz. Lajos, feles\u00e9ge nagyercsei Ercsey Krisztina. \u2013 1848\u201349. honv\u00e9dsz\u00e1zados, m. kir. nyilv\u00e1ntart\u00e1si biztos, m. kir. honv\u00e9d sz\u00e1zados. <br \/><strong>Irod.:<\/strong> Gy\u00e1szjelent\u0151.<\/br><\/p>\n","protected":false},"excerpt":{"rendered":"<p>1818? \u2020 Mv., 1901. jan. 14.: sz\u00e1zados. \u2013 Feles\u00e9ge: lengyelfalvi Orb\u00e1n Anna (1821? \u2013 Mv., 1891. \u00e1pr. 5.). Fi\u00fak: Sz. Lajos, feles\u00e9ge nagyercsei Ercsey Krisztina. \u2013 1848\u201349. honv\u00e9dsz\u00e1zados, m. kir. nyilv\u00e1ntart\u00e1si biztos, m. kir. honv\u00e9d sz\u00e1zados. Irod.: Gy\u00e1szjelent\u0151.<\/p>\n","protected":false},"featured_media":0,"comment_status":"open","ping_status":"closed","template":"","meta":[],"product_brand":[],"product_cat":[137],"product_tag":[],"class_list":{"0":"post-21460","1":"product","2":"type-product","3":"status-publish","5":"product_cat-maros-megyei-eletrajzi-lexikon","7":"first","8":"instock","9":"shipping-taxable","10":"product-type-simple"},"_links":{"self":[{"href":"https:\/\/uj.adatbank.ro\/lexikon\/wp-json\/wp\/v2\/product\/21460","targetHints":{"allow":["GET"]}}],"collection":[{"href":"https:\/\/uj.adatbank.ro\/lexikon\/wp-json\/wp\/v2\/product"}],"about":[{"href":"https:\/\/uj.adatbank.ro\/lexikon\/wp-json\/wp\/v2\/types\/product"}],"replies":[{"embeddable":true,"href":"https:\/\/uj.adatbank.ro\/lexikon\/wp-json\/wp\/v2\/comments?post=21460"}],"wp:attachment":[{"href":"https:\/\/uj.adatbank.ro\/lexikon\/wp-json\/wp\/v2\/media?parent=21460"}],"wp:term":[{"taxonomy":"product_brand","embeddable":true,"href":"https:\/\/uj.adatbank.ro\/lexikon\/wp-json\/wp\/v2\/product_brand?post=21460"},{"taxonomy":"product_cat","embeddable":true,"href":"https:\/\/uj.adatbank.ro\/lexikon\/wp-json\/wp\/v2\/product_cat?post=21460"},{"taxonomy":"product_tag","embeddable":true,"href":"https:\/\/uj.adatbank.ro\/lexikon\/wp-json\/wp\/v2\/product_tag?post=21460"}],"curies":[{"name":"wp","href":"https:\/\/api.w.org\/{rel}","templated":true}]}}