{"id":21462,"date":"2025-07-22T19:25:46","date_gmt":"2025-07-22T17:25:46","guid":{"rendered":"https:\/\/uj.adatbank.ro\/lexikon\/termek\/szarvas-janos\/"},"modified":"2025-07-22T19:25:46","modified_gmt":"2025-07-22T17:25:46","slug":"szarvas-janos","status":"publish","type":"product","link":"https:\/\/uj.adatbank.ro\/lexikon\/termek\/szarvas-janos\/","title":{"rendered":"SZARVAS J\u00e1nos"},"content":{"rendered":"<p>S\u00e1romberke (Maros), 1874.?, \u2020?: agr\u00e1rm\u00e9rn\u00f6k. \u2013 Kv.-on tanult a R. k. F\u0151gimn.-ban, majd a Kir. Mez\u0151gazdas\u00e1gi Akad.-\u00e1n (1893\u201395). <br \/><strong>Irod.:<\/strong> Sigmirean.<\/br><\/p>\n","protected":false},"excerpt":{"rendered":"<p>S\u00e1romberke (Maros), 1874.?, \u2020?: agr\u00e1rm\u00e9rn\u00f6k. \u2013 Kv.-on tanult a R. k. F\u0151gimn.-ban, majd a Kir. Mez\u0151gazdas\u00e1gi Akad.-\u00e1n (1893\u201395). Irod.: Sigmirean.<\/p>\n","protected":false},"featured_media":0,"comment_status":"open","ping_status":"closed","template":"","meta":[],"product_brand":[],"product_cat":[137],"product_tag":[],"class_list":{"0":"post-21462","1":"product","2":"type-product","3":"status-publish","5":"product_cat-maros-megyei-eletrajzi-lexikon","7":"first","8":"instock","9":"shipping-taxable","10":"product-type-simple"},"_links":{"self":[{"href":"https:\/\/uj.adatbank.ro\/lexikon\/wp-json\/wp\/v2\/product\/21462","targetHints":{"allow":["GET"]}}],"collection":[{"href":"https:\/\/uj.adatbank.ro\/lexikon\/wp-json\/wp\/v2\/product"}],"about":[{"href":"https:\/\/uj.adatbank.ro\/lexikon\/wp-json\/wp\/v2\/types\/product"}],"replies":[{"embeddable":true,"href":"https:\/\/uj.adatbank.ro\/lexikon\/wp-json\/wp\/v2\/comments?post=21462"}],"wp:attachment":[{"href":"https:\/\/uj.adatbank.ro\/lexikon\/wp-json\/wp\/v2\/media?parent=21462"}],"wp:term":[{"taxonomy":"product_brand","embeddable":true,"href":"https:\/\/uj.adatbank.ro\/lexikon\/wp-json\/wp\/v2\/product_brand?post=21462"},{"taxonomy":"product_cat","embeddable":true,"href":"https:\/\/uj.adatbank.ro\/lexikon\/wp-json\/wp\/v2\/product_cat?post=21462"},{"taxonomy":"product_tag","embeddable":true,"href":"https:\/\/uj.adatbank.ro\/lexikon\/wp-json\/wp\/v2\/product_tag?post=21462"}],"curies":[{"name":"wp","href":"https:\/\/api.w.org\/{rel}","templated":true}]}}